{"id":9076,"date":"2024-10-29T15:22:25","date_gmt":"2024-10-29T14:22:25","guid":{"rendered":"https:\/\/catholiques17.fr\/tonnaycharente\/?page_id=9076"},"modified":"2025-07-28T15:41:23","modified_gmt":"2025-07-28T13:41:23","slug":"equipe-fleurs","status":"publish","type":"page","link":"https:\/\/catholiques17.fr\/tonnaycharente\/services\/equipe-fleurs\/","title":{"rendered":"Equipe fleurs"},"content":{"rendered":"<p>[et_pb_section fb_built=\u00a0\u00bb1&Prime; admin_label=\u00a0\u00bbsection\u00a0\u00bb _builder_version=\u00a0\u00bb4.16&Prime; custom_padding=\u00a0\u00bb16px|||||\u00a0\u00bb global_colors_info=\u00a0\u00bb{}\u00a0\u00bb theme_builder_area=\u00a0\u00bbpost_content\u00a0\u00bb][et_pb_row _builder_version=\u00a0\u00bb4.27.4&Prime; _module_preset=\u00a0\u00bbdefault\u00a0\u00bb theme_builder_area=\u00a0\u00bbpost_content\u00a0\u00bb custom_padding=\u00a0\u00bb3px|||||\u00a0\u00bb][et_pb_column _builder_version=\u00a0\u00bb4.27.4&Prime; _module_preset=\u00a0\u00bbdefault\u00a0\u00bb type=\u00a0\u00bb4_4&Prime; theme_builder_area=\u00a0\u00bbpost_content\u00a0\u00bb][et_pb_image src=\u00a0\u00bbhttps:\/\/catholiques17.fr\/tonnaycharente\/wp-content\/uploads\/sites\/47\/2025\/07\/sixteen-miles-out-LqwRzhasPnk-unsplash_1.jpg\u00a0\u00bb _builder_version=\u00a0\u00bb4.27.4&Prime; _module_preset=\u00a0\u00bbdefault\u00a0\u00bb theme_builder_area=\u00a0\u00bbpost_content\u00a0\u00bb title_text=\u00a0\u00bbsixteen-miles-out-LqwRzhasPnk-unsplash_1&Prime; align=\u00a0\u00bbcenter\u00a0\u00bb hover_enabled=\u00a0\u00bb0&Prime; sticky_enabled=\u00a0\u00bb0&Prime;][\/et_pb_image][\/et_pb_column][\/et_pb_row][et_pb_row _builder_version=\u00a0\u00bb4.21.0&Prime; _module_preset=\u00a0\u00bbdefault\u00a0\u00bb global_colors_info=\u00a0\u00bb{}\u00a0\u00bb theme_builder_area=\u00a0\u00bbpost_content\u00a0\u00bb][et_pb_column type=\u00a0\u00bb4_4&Prime; _builder_version=\u00a0\u00bb4.21.0&Prime; _module_preset=\u00a0\u00bbdefault\u00a0\u00bb global_colors_info=\u00a0\u00bb{}\u00a0\u00bb theme_builder_area=\u00a0\u00bbpost_content\u00a0\u00bb][et_pb_text _builder_version=\u00a0\u00bb4.27.4&Prime; _module_preset=\u00a0\u00bbdefault\u00a0\u00bb hover_enabled=\u00a0\u00bb0&Prime; global_colors_info=\u00a0\u00bb{}\u00a0\u00bb theme_builder_area=\u00a0\u00bbpost_content\u00a0\u00bb sticky_enabled=\u00a0\u00bb0&Prime;]<\/p>\n<p style=\"text-align: center;\"><strong>Les bouquets manifestent la pr\u00e9sence de Dieu et doivent nous aider \u00e0 mieux c\u00e9l\u00e9brer l\u2019 Eucharistie.<\/strong><\/p>\n<p>C\u2019 est pourquoi les fleurs et leur arrangement nous invitent \u00e0 conduire\u00a0 notre regard vers Dieu que nous venons rencontrer.<\/p>\n<p>En cons\u00e9quence, ils doivent \u00eatre en lien direct avec l\u2019ambon de la Parole, avec la table du repas du Seigneur et avec le Tabernacle. Ils sont l\u00e0 pour nous aider \u00e0 reconna\u00eetre le don de Dieu et nous faire entrer dans le mouvement de la vie de l\u2019Esprit. Ils contribuent \u00e0 la pri\u00e8re de ceux qui, en semaine, viennent prier dans une \u00e9glise, ainsi que pour les c\u00e9l\u00e9brations dominicales.<\/p>\n<p>[\/et_pb_text][\/et_pb_column][\/et_pb_row][et_pb_row _builder_version=\u00a0\u00bb4.21.0&Prime; _module_preset=\u00a0\u00bbdefault\u00a0\u00bb global_colors_info=\u00a0\u00bb{}\u00a0\u00bb theme_builder_area=\u00a0\u00bbpost_content\u00a0\u00bb][et_pb_column type=\u00a0\u00bb4_4&Prime; _builder_version=\u00a0\u00bb4.21.0&Prime; _module_preset=\u00a0\u00bbdefault\u00a0\u00bb global_colors_info=\u00a0\u00bb{}\u00a0\u00bb theme_builder_area=\u00a0\u00bbpost_content\u00a0\u00bb][et_pb_divider _builder_version=\u00a0\u00bb4.21.0&Prime; _module_preset=\u00a0\u00bbdefault\u00a0\u00bb global_colors_info=\u00a0\u00bb{}\u00a0\u00bb theme_builder_area=\u00a0\u00bbpost_content\u00a0\u00bb][\/et_pb_divider][\/et_pb_column][\/et_pb_row][et_pb_row _builder_version=\u00a0\u00bb4.27.4&Prime; _module_preset=\u00a0\u00bbdefault\u00a0\u00bb background_color=\u00a0\u00bb#E8473F\u00a0\u00bb hover_enabled=\u00a0\u00bb0&Prime; border_radii=\u00a0\u00bboff||20px||20px\u00a0\u00bb global_colors_info=\u00a0\u00bb{}\u00a0\u00bb theme_builder_area=\u00a0\u00bbpost_content\u00a0\u00bb sticky_enabled=\u00a0\u00bb0&Prime;][et_pb_column type=\u00a0\u00bb4_4&Prime; _builder_version=\u00a0\u00bb4.21.0&Prime; _module_preset=\u00a0\u00bbdefault\u00a0\u00bb global_colors_info=\u00a0\u00bb{}\u00a0\u00bb theme_builder_area=\u00a0\u00bbpost_content\u00a0\u00bb][et_pb_text _builder_version=\u00a0\u00bb4.27.4&Prime; _module_preset=\u00a0\u00bbdefault\u00a0\u00bb hover_enabled=\u00a0\u00bb0&Prime; global_colors_info=\u00a0\u00bb{}\u00a0\u00bb theme_builder_area=\u00a0\u00bbpost_content\u00a0\u00bb sticky_enabled=\u00a0\u00bb0&Prime;]<\/p>\n<div class=\"et_pb_row et_pb_row_3\">\n<div class=\"et_pb_column et_pb_column_4_4 et_pb_column_3  et_pb_css_mix_blend_mode_passthrough et-last-child\">\n<div class=\"et_pb_module et_pb_text et_pb_text_1  et_pb_text_align_left et_pb_bg_layout_light\">\n<div class=\"et_pb_text_inner\">\n<p style=\"text-align: center;\">\n<h4 style=\"text-align: center;\"><span style=\"color: #ffffff;\">Vous souhaitez rejoindre l&rsquo;\u00e9quipe de fleurissement des \u00e9glises\u00a0 ?\u00a0<\/span><\/h4>\n<p><span style=\"color: #ffffff;\"><\/span><\/p>\n<h4 style=\"text-align: center;\"><span style=\"color: #ffffff;\">Contactez- nous :<\/span><\/h4>\n<p>&nbsp;<\/p>\n<h4 style=\"text-align: center;\"><a href=\"mailto:%20paroisse17430@orange.fr\" target=\"_blank\" rel=\"noopener\"><span style=\"color: #333333;\"><strong><span style=\"color: #ffffff;\">paroisse<\/span><\/strong><\/span><\/a><strong><span style=\"color: #ffffff;\"><a href=\"mailto:17430@orange.fr\" style=\"color: #ffffff;\">17430@orange.fr<\/a><\/span><\/strong><span style=\"color: #ffffff;\"> &#8211; 05 46 88 71 35<\/span><\/h4>\n<\/div>\n<\/div>\n<\/div>\n<\/div>\n<p>[\/et_pb_text][\/et_pb_column][\/et_pb_row][\/et_pb_section]<\/p>\n","protected":false},"excerpt":{"rendered":"<p>Les bouquets manifestent la pr\u00e9sence de Dieu et doivent nous aider \u00e0 mieux c\u00e9l\u00e9brer l\u2019 Eucharistie. C\u2019 est pourquoi les fleurs et leur arrangement nous invitent \u00e0 conduire\u00a0 notre regard [&hellip;]<\/p>\n","protected":false},"author":4,"featured_media":0,"parent":5247,"menu_order":0,"comment_status":"closed","ping_status":"closed","template":"","meta":{"_et_pb_use_builder":"on","_et_pb_old_content":"<!-- wp:divi\/placeholder \/-->","_et_gb_content_width":"","footnotes":""},"class_list":["post-9076","page","type-page","status-publish","hentry"],"_links":{"self":[{"href":"https:\/\/catholiques17.fr\/tonnaycharente\/wp-json\/wp\/v2\/pages\/9076","targetHints":{"allow":["GET"]}}],"collection":[{"href":"https:\/\/catholiques17.fr\/tonnaycharente\/wp-json\/wp\/v2\/pages"}],"about":[{"href":"https:\/\/catholiques17.fr\/tonnaycharente\/wp-json\/wp\/v2\/types\/page"}],"author":[{"embeddable":true,"href":"https:\/\/catholiques17.fr\/tonnaycharente\/wp-json\/wp\/v2\/users\/4"}],"replies":[{"embeddable":true,"href":"https:\/\/catholiques17.fr\/tonnaycharente\/wp-json\/wp\/v2\/comments?post=9076"}],"version-history":[{"count":6,"href":"https:\/\/catholiques17.fr\/tonnaycharente\/wp-json\/wp\/v2\/pages\/9076\/revisions"}],"predecessor-version":[{"id":9686,"href":"https:\/\/catholiques17.fr\/tonnaycharente\/wp-json\/wp\/v2\/pages\/9076\/revisions\/9686"}],"up":[{"embeddable":true,"href":"https:\/\/catholiques17.fr\/tonnaycharente\/wp-json\/wp\/v2\/pages\/5247"}],"wp:attachment":[{"href":"https:\/\/catholiques17.fr\/tonnaycharente\/wp-json\/wp\/v2\/media?parent=9076"}],"curies":[{"name":"wp","href":"https:\/\/api.w.org\/{rel}","templated":true}]}}

<p>[et_pb_section fb_built= »1&Prime; admin_label= »section » _builder_version= »4.16&Prime; custom_padding= »16px||||| » global_colors_info= »{} » theme_builder_area= »post_content »][et_pb_row _builder_version= »4.27.4&Prime; _module_preset= »default » theme_builder_area= »post_content » custom_padding= »3px||||| »][et_pb_column _builder_version= »4.27.4&Prime; _module_preset= »default » type= »4_4&Prime; theme_builder_area= »post_content »][et_pb_image src= »https://catholiques17.fr/tonnaycharente/wp-content/uploads/sites/47/2025/07/sixteen-miles-out-LqwRzhasPnk-unsplash_1.jpg » _builder_version= »4.27.4&Prime; _module_preset= »default » theme_builder_area= »post_content » title_text= »sixteen-miles-out-LqwRzhasPnk-unsplash_1&Prime; align= »center » hover_enabled= »0&Prime; sticky_enabled= »0&Prime;][/et_pb_image][/et_pb_column][/et_pb_row][et_pb_row _builder_version= »4.21.0&Prime; _module_preset= »default » global_colors_info= »{} » theme_builder_area= »post_content »][et_pb_column type= »4_4&Prime; _builder_version= »4.21.0&Prime; _module_preset= »default » global_colors_info= »{} » theme_builder_area= »post_content »][et_pb_text _builder_version= »4.27.4&Prime; _module_preset= »default » hover_enabled= »0&Prime; global_colors_info= »{} » theme_builder_area= »post_content » sticky_enabled= »0&Prime;]</p>
<p style="text-align: center;"><strong>Les bouquets manifestent la présence de Dieu et doivent nous aider à mieux célébrer l’ Eucharistie.</strong></p>
<p>C’ est pourquoi les fleurs et leur arrangement nous invitent à conduire  notre regard vers Dieu que nous venons rencontrer.</p>
<p>En conséquence, ils doivent être en lien direct avec l’ambon de la Parole, avec la table du repas du Seigneur et avec le Tabernacle. Ils sont là pour nous aider à reconnaître le don de Dieu et nous faire entrer dans le mouvement de la vie de l’Esprit. Ils contribuent à la prière de ceux qui, en semaine, viennent prier dans une église, ainsi que pour les célébrations dominicales.</p>
<p>[/et_pb_text][/et_pb_column][/et_pb_row][et_pb_row _builder_version= »4.21.0&Prime; _module_preset= »default » global_colors_info= »{} » theme_builder_area= »post_content »][et_pb_column type= »4_4&Prime; _builder_version= »4.21.0&Prime; _module_preset= »default » global_colors_info= »{} » theme_builder_area= »post_content »][et_pb_divider _builder_version= »4.21.0&Prime; _module_preset= »default » global_colors_info= »{} » theme_builder_area= »post_content »][/et_pb_divider][/et_pb_column][/et_pb_row][et_pb_row _builder_version= »4.27.4&Prime; _module_preset= »default » background_color= »#E8473F » hover_enabled= »0&Prime; border_radii= »off||20px||20px » global_colors_info= »{} » theme_builder_area= »post_content » sticky_enabled= »0&Prime;][et_pb_column type= »4_4&Prime; _builder_version= »4.21.0&Prime; _module_preset= »default » global_colors_info= »{} » theme_builder_area= »post_content »][et_pb_text _builder_version= »4.27.4&Prime; _module_preset= »default » hover_enabled= »0&Prime; global_colors_info= »{} » theme_builder_area= »post_content » sticky_enabled= »0&Prime;]</p>
<div class="et_pb_row et_pb_row_3">
<div class="et_pb_column et_pb_column_4_4 et_pb_column_3  et_pb_css_mix_blend_mode_passthrough et-last-child">
<div class="et_pb_module et_pb_text et_pb_text_1  et_pb_text_align_left et_pb_bg_layout_light">
<div class="et_pb_text_inner">
<p style="text-align: center;">
<h4 style="text-align: center;"><span style="color: #ffffff;">Vous souhaitez rejoindre l&rsquo;équipe de fleurissement des églises  ? </span></h4>
<p><span style="color: #ffffff;"></span></p>
<h4 style="text-align: center;"><span style="color: #ffffff;">Contactez- nous :</span></h4>
<p>&nbsp;</p>
<h4 style="text-align: center;"><a href="mailto:%20paroisse17430@orange.fr" target="_blank" rel="noopener"><span style="color: #333333;"><strong><span style="color: #ffffff;">paroisse</span></strong></span></a><strong><span style="color: #ffffff;"><a href="mailto:17430@orange.fr" style="color: #ffffff;">17430@orange.fr</a></span></strong><span style="color: #ffffff;"> &#8211; 05 46 88 71 35</span></h4>
</div>
</div>
</div>
</div>
<p>[/et_pb_text][/et_pb_column][/et_pb_row][/et_pb_section]</p>

<p>Les bouquets manifestent la présence de Dieu et doivent nous aider à mieux célébrer l’ Eucharistie. C’ est pourquoi les fleurs et leur arrangement nous invitent à conduire  notre regard [&hellip;]</p>
