{"id":6016,"date":"2024-11-20T14:01:20","date_gmt":"2024-11-20T13:01:20","guid":{"rendered":"https:\/\/catholiques17.fr\/spm\/?page_id=6016"},"modified":"2024-11-20T16:54:56","modified_gmt":"2024-11-20T15:54:56","slug":"les-religieuses","status":"publish","type":"page","link":"https:\/\/catholiques17.fr\/spm\/les-paroisses\/les-religieuses\/","title":{"rendered":"Les religieuses"},"content":{"rendered":"<p>[et_pb_section fb_built=\u00a0\u00bb1&Prime; _builder_version=\u00a0\u00bb4.21.0&Prime; _module_preset=\u00a0\u00bbdefault\u00a0\u00bb custom_padding=\u00a0\u00bb3px|||||\u00a0\u00bb global_colors_info=\u00a0\u00bb{}\u00a0\u00bb theme_builder_area=\u00a0\u00bbpost_content\u00a0\u00bb][et_pb_row _builder_version=\u00a0\u00bb4.21.0&Prime; _module_preset=\u00a0\u00bbdefault\u00a0\u00bb custom_padding=\u00a0\u00bb13px|||||\u00a0\u00bb global_colors_info=\u00a0\u00bb{}\u00a0\u00bb theme_builder_area=\u00a0\u00bbpost_content\u00a0\u00bb][et_pb_column type=\u00a0\u00bb4_4&Prime; _builder_version=\u00a0\u00bb4.21.0&Prime; _module_preset=\u00a0\u00bbdefault\u00a0\u00bb global_colors_info=\u00a0\u00bb{}\u00a0\u00bb theme_builder_area=\u00a0\u00bbpost_content\u00a0\u00bb][et_pb_text _builder_version=\u00a0\u00bb4.21.0&Prime; _module_preset=\u00a0\u00bbdefault\u00a0\u00bb hover_enabled=\u00a0\u00bb0&Prime; global_colors_info=\u00a0\u00bb{}\u00a0\u00bb theme_builder_area=\u00a0\u00bbpost_content\u00a0\u00bb sticky_enabled=\u00a0\u00bb0&Prime;]<\/p>\n<p style=\"text-align: center;\"><span style=\"color: #0c71c3;\"><strong>La cong\u00e9gation des soeurs de Saint-Joseph de Cluny est implant\u00e9e \u00e0 St Pierre et \u00e9galement \u00e0 Miquelon.<\/strong><\/span><\/p>\n<p><strong><\/strong><\/p>\n<p><strong><\/strong><\/p>\n<p><strong><\/strong><\/p>\n<p><span style=\"color: #0c71c3;\"><strong>A St Pierre :<\/strong><\/span><\/p>\n<p>&#8211; <span class=\"cs_darkorange\">S\u0153ur Marie-Lucie<\/span> est aide-soignante \u00e0 temps complet \u00e0 la maison de retraite. Elle accompagne les personnes en fin de vie.<\/p>\n<p>&#8211; <span class=\"cs_darkorange\">S\u0153ur \u00c9milienne<\/span> travaille \u00e0 l\u2019\u00e9cole primaire Sainte-Odile depuis septembre en assurant la garderie et la surveillance des enfants et des bo\u00eetes \u00e0 lunch pour les d\u00e9jeuners des enfants.<\/p>\n<p>&#8211; <span class=\"cs_darkorange\">S\u0153ur Agn\u00e8s<\/span> s\u2019investit dans la Paroisse avec l\u2019animation de la c\u00e9l\u00e9bration eucharistique du samedi soir, la c\u00e9l\u00e9bration des fun\u00e9railles et l\u2019accompagnement des familles en deuil. Elle assure l\u2019entretien du linge d\u2019autel, des aubes&#8230;<\/p>\n<p>&#8211; <span class=\"cs_darkorange\">S\u0153ur Jeanne Fran\u00e7oise<\/span> a la responsabilit\u00e9 de l\u2019\u00e9conomat de la communaut\u00e9 et, avec <span class=\"cs_darkorange\"> s\u0153ur Emilienne<\/span>, elles animent le chapelet \u00e0 l\u2019h\u00f4pital, assurent les visites aux malades et portent la communion \u00e0 ceux qui la demandent.<\/p>\n<p><em>Communaut\u00e9 de Saint Pierre, 1 rue du Dr Dunan, BP 4246, 97500 Saint Pierre &#8211; (0508)41 05 70 &#8211; <\/em><a href=\"mailto:agnesautin@hotmail.fr\" target=\"_blank\" rel=\"noopener\"><em>agnesautin@hotmail.fr<\/em><\/a><\/p>\n<p>&nbsp;<\/p>\n<p><span style=\"color: #0c71c3;\"><strong>A Miquelon :<\/strong><\/span><\/p>\n<p>S\u0153ur Marie-Bernard et S\u0153ur Marie-Jeanne s&rsquo;investissent aupr\u00e8s des enfants dans le cadre de l&rsquo;\u00e9veil \u00e0 la foi et la cat\u00e9ch\u00e8se, mais accompagnent \u00e9galement les personnes \u00e2g\u00e9es en les visitant \u00e0 domicile. Elles animent les c\u00e9l\u00e9brations du week-end, ainsi que les c\u00e9l\u00e9brations d&rsquo;obs\u00e8ques. Par ailleurs, elles consacrent leur temps de d\u00e9tente au potager, source d&rsquo;alimentation essentielle pour elles, avec une grande vari\u00e9t\u00e9 de l\u00e9gumes dont la pomme de terre qui reste l&rsquo;aliment de base sur l&rsquo;\u00eele.<\/p>\n<p><em>Communaut\u00e9 de Miquelon, 2 place des Ardilliers, BP 8419, 97500 Miquelon &#8211; (0508)41 65 23 &#8211; <\/em><a href=\"mailto:mariebernard.moinla@cheznoo.net\" target=\"_blank\" rel=\"noopener\"><em>mariebernard.moinla@cheznoo.net<\/em><\/a><\/p>\n<p>[\/et_pb_text][\/et_pb_column][\/et_pb_row][et_pb_row _builder_version=\u00a0\u00bb4.21.0&Prime; _module_preset=\u00a0\u00bbdefault\u00a0\u00bb global_colors_info=\u00a0\u00bb{}\u00a0\u00bb theme_builder_area=\u00a0\u00bbpost_content\u00a0\u00bb][et_pb_column type=\u00a0\u00bb4_4&Prime; _builder_version=\u00a0\u00bb4.21.0&Prime; _module_preset=\u00a0\u00bbdefault\u00a0\u00bb global_colors_info=\u00a0\u00bb{}\u00a0\u00bb theme_builder_area=\u00a0\u00bbpost_content\u00a0\u00bb][et_pb_code _builder_version=\u00a0\u00bb4.21.0&Prime; _module_preset=\u00a0\u00bbdefault\u00a0\u00bb text_orientation=\u00a0\u00bbcenter\u00a0\u00bb global_colors_info=\u00a0\u00bb{}\u00a0\u00bb theme_builder_area=\u00a0\u00bbpost_content\u00a0\u00bb]<iframe loading=\"lazy\" width=\"560\" height=\"315\" src=\"\/\/embed.francetv.fr\/d8cfb3a9c144e99002adb87dc01b7f93\" frameborder=\"0\" scrolling=\"no\" allowfullscreen><\/iframe>[\/et_pb_code][et_pb_text _builder_version=\u00a0\u00bb4.21.0&Prime; _module_preset=\u00a0\u00bbdefault\u00a0\u00bb global_colors_info=\u00a0\u00bb{}\u00a0\u00bb theme_builder_area=\u00a0\u00bbpost_content\u00a0\u00bb]<\/p>\n<p style=\"text-align: center;\"><em>Une journ\u00e9e avec les religieuse de Miquelon &#8211; la1ere.francetvinfo.fr<\/em><\/p>\n<p>[\/et_pb_text][\/et_pb_column][\/et_pb_row][\/et_pb_section]<\/p>\n","protected":false},"excerpt":{"rendered":"<p>La cong\u00e9gation des soeurs de Saint-Joseph de Cluny est implant\u00e9e \u00e0 St Pierre et \u00e9galement \u00e0 Miquelon. A St Pierre : &#8211; S\u0153ur Marie-Lucie est aide-soignante \u00e0 temps complet \u00e0 [&hellip;]<\/p>\n","protected":false},"author":4,"featured_media":0,"parent":6011,"menu_order":0,"comment_status":"closed","ping_status":"closed","template":"","meta":{"_et_pb_use_builder":"on","_et_pb_old_content":"<!-- wp:divi\/placeholder \/-->","_et_gb_content_width":"","footnotes":""},"class_list":["post-6016","page","type-page","status-publish","hentry"],"_links":{"self":[{"href":"https:\/\/catholiques17.fr\/spm\/wp-json\/wp\/v2\/pages\/6016","targetHints":{"allow":["GET"]}}],"collection":[{"href":"https:\/\/catholiques17.fr\/spm\/wp-json\/wp\/v2\/pages"}],"about":[{"href":"https:\/\/catholiques17.fr\/spm\/wp-json\/wp\/v2\/types\/page"}],"author":[{"embeddable":true,"href":"https:\/\/catholiques17.fr\/spm\/wp-json\/wp\/v2\/users\/4"}],"replies":[{"embeddable":true,"href":"https:\/\/catholiques17.fr\/spm\/wp-json\/wp\/v2\/comments?post=6016"}],"version-history":[{"count":6,"href":"https:\/\/catholiques17.fr\/spm\/wp-json\/wp\/v2\/pages\/6016\/revisions"}],"predecessor-version":[{"id":6128,"href":"https:\/\/catholiques17.fr\/spm\/wp-json\/wp\/v2\/pages\/6016\/revisions\/6128"}],"up":[{"embeddable":true,"href":"https:\/\/catholiques17.fr\/spm\/wp-json\/wp\/v2\/pages\/6011"}],"wp:attachment":[{"href":"https:\/\/catholiques17.fr\/spm\/wp-json\/wp\/v2\/media?parent=6016"}],"curies":[{"name":"wp","href":"https:\/\/api.w.org\/{rel}","templated":true}]}}

<p>[et_pb_section fb_built= »1&Prime; _builder_version= »4.21.0&Prime; _module_preset= »default » custom_padding= »3px||||| » global_colors_info= »{} » theme_builder_area= »post_content »][et_pb_row _builder_version= »4.21.0&Prime; _module_preset= »default » custom_padding= »13px||||| » global_colors_info= »{} » theme_builder_area= »post_content »][et_pb_column type= »4_4&Prime; _builder_version= »4.21.0&Prime; _module_preset= »default » global_colors_info= »{} » theme_builder_area= »post_content »][et_pb_text _builder_version= »4.21.0&Prime; _module_preset= »default » hover_enabled= »0&Prime; global_colors_info= »{} » theme_builder_area= »post_content » sticky_enabled= »0&Prime;]</p>
<p style="text-align: center;"><span style="color: #0c71c3;"><strong>La congégation des soeurs de Saint-Joseph de Cluny est implantée à St Pierre et également à Miquelon.</strong></span></p>
<p><strong></strong></p>
<p><strong></strong></p>
<p><strong></strong></p>
<p><span style="color: #0c71c3;"><strong>A St Pierre :</strong></span></p>
<p>&#8211; <span class="cs_darkorange">Sœur Marie-Lucie</span> est aide-soignante à temps complet à la maison de retraite. Elle accompagne les personnes en fin de vie.</p>
<p>&#8211; <span class="cs_darkorange">Sœur Émilienne</span> travaille à l’école primaire Sainte-Odile depuis septembre en assurant la garderie et la surveillance des enfants et des boîtes à lunch pour les déjeuners des enfants.</p>
<p>&#8211; <span class="cs_darkorange">Sœur Agnès</span> s’investit dans la Paroisse avec l’animation de la célébration eucharistique du samedi soir, la célébration des funérailles et l’accompagnement des familles en deuil. Elle assure l’entretien du linge d’autel, des aubes&#8230;</p>
<p>&#8211; <span class="cs_darkorange">Sœur Jeanne Françoise</span> a la responsabilité de l’économat de la communauté et, avec <span class="cs_darkorange"> sœur Emilienne</span>, elles animent le chapelet à l’hôpital, assurent les visites aux malades et portent la communion à ceux qui la demandent.</p>
<p><em>Communauté de Saint Pierre, 1 rue du Dr Dunan, BP 4246, 97500 Saint Pierre &#8211; (0508)41 05 70 &#8211; </em><a href="mailto:agnesautin@hotmail.fr" target="_blank" rel="noopener"><em>agnesautin@hotmail.fr</em></a></p>
<p>&nbsp;</p>
<p><span style="color: #0c71c3;"><strong>A Miquelon :</strong></span></p>
<p>Sœur Marie-Bernard et Sœur Marie-Jeanne s&rsquo;investissent auprès des enfants dans le cadre de l&rsquo;éveil à la foi et la catéchèse, mais accompagnent également les personnes âgées en les visitant à domicile. Elles animent les célébrations du week-end, ainsi que les célébrations d&rsquo;obsèques. Par ailleurs, elles consacrent leur temps de détente au potager, source d&rsquo;alimentation essentielle pour elles, avec une grande variété de légumes dont la pomme de terre qui reste l&rsquo;aliment de base sur l&rsquo;île.</p>
<p><em>Communauté de Miquelon, 2 place des Ardilliers, BP 8419, 97500 Miquelon &#8211; (0508)41 65 23 &#8211; </em><a href="mailto:mariebernard.moinla@cheznoo.net" target="_blank" rel="noopener"><em>mariebernard.moinla@cheznoo.net</em></a></p>
<p>[/et_pb_text][/et_pb_column][/et_pb_row][et_pb_row _builder_version= »4.21.0&Prime; _module_preset= »default » global_colors_info= »{} » theme_builder_area= »post_content »][et_pb_column type= »4_4&Prime; _builder_version= »4.21.0&Prime; _module_preset= »default » global_colors_info= »{} » theme_builder_area= »post_content »][et_pb_code _builder_version= »4.21.0&Prime; _module_preset= »default » text_orientation= »center » global_colors_info= »{} » theme_builder_area= »post_content »]<iframe loading="lazy" width="560" height="315" src="//embed.francetv.fr/d8cfb3a9c144e99002adb87dc01b7f93" frameborder="0" scrolling="no" allowfullscreen></iframe>[/et_pb_code][et_pb_text _builder_version= »4.21.0&Prime; _module_preset= »default » global_colors_info= »{} » theme_builder_area= »post_content »]</p>
<p style="text-align: center;"><em>Une journée avec les religieuse de Miquelon &#8211; la1ere.francetvinfo.fr</em></p>
<p>[/et_pb_text][/et_pb_column][/et_pb_row][/et_pb_section]</p>

<p>La congégation des soeurs de Saint-Joseph de Cluny est implantée à St Pierre et également à Miquelon. A St Pierre : &#8211; Sœur Marie-Lucie est aide-soignante à temps complet à [&hellip;]</p>
