{"id":4683,"date":"2021-03-25T22:12:53","date_gmt":"2021-03-25T21:12:53","guid":{"rendered":"https:\/\/catholiques17.fr\/spm\/?page_id=4683"},"modified":"2024-11-22T14:36:09","modified_gmt":"2024-11-22T13:36:09","slug":"enseignement-catholique","status":"publish","type":"page","link":"https:\/\/catholiques17.fr\/spm\/grandir-dans-la-foi\/enseignement-catholique\/","title":{"rendered":"Enseignement catholique"},"content":{"rendered":"<p>[et_pb_section fb_built=\u00a0\u00bb1&Prime; _builder_version=\u00a0\u00bb4.16&Prime; global_colors_info=\u00a0\u00bb{}\u00a0\u00bb theme_builder_area=\u00a0\u00bbpost_content\u00a0\u00bb custom_padding=\u00a0\u00bb4px|||||\u00a0\u00bb][et_pb_row _builder_version=\u00a0\u00bb4.21.0&Prime; _module_preset=\u00a0\u00bbdefault\u00a0\u00bb theme_builder_area=\u00a0\u00bbpost_content\u00a0\u00bb custom_padding=\u00a0\u00bb7px|||||\u00a0\u00bb][et_pb_column _builder_version=\u00a0\u00bb4.21.0&Prime; _module_preset=\u00a0\u00bbdefault\u00a0\u00bb type=\u00a0\u00bb4_4&Prime; theme_builder_area=\u00a0\u00bbpost_content\u00a0\u00bb][et_pb_image src=\u00a0\u00bbhttps:\/\/catholiques17.fr\/spm\/wp-content\/uploads\/sites\/25\/2024\/11\/Enseignement-catholique.jpg\u00a0\u00bb _builder_version=\u00a0\u00bb4.21.0&Prime; _module_preset=\u00a0\u00bbdefault\u00a0\u00bb theme_builder_area=\u00a0\u00bbpost_content\u00a0\u00bb hover_enabled=\u00a0\u00bb0&Prime; sticky_enabled=\u00a0\u00bb0&Prime; title_text=\u00a0\u00bbEnseignement catholique\u00a0\u00bb][\/et_pb_image][\/et_pb_column][\/et_pb_row][et_pb_row _builder_version=\u00a0\u00bb4.16&Prime; background_size=\u00a0\u00bbinitial\u00a0\u00bb background_position=\u00a0\u00bbtop_left\u00a0\u00bb background_repeat=\u00a0\u00bbrepeat\u00a0\u00bb global_colors_info=\u00a0\u00bb{}\u00a0\u00bb theme_builder_area=\u00a0\u00bbpost_content\u00a0\u00bb][et_pb_column type=\u00a0\u00bb4_4&Prime; _builder_version=\u00a0\u00bb4.16&Prime; custom_padding=\u00a0\u00bb|||\u00a0\u00bb global_colors_info=\u00a0\u00bb{}\u00a0\u00bb custom_padding__hover=\u00a0\u00bb|||\u00a0\u00bb theme_builder_area=\u00a0\u00bbpost_content\u00a0\u00bb][et_pb_text _builder_version=\u00a0\u00bb4.16&Prime; background_size=\u00a0\u00bbinitial\u00a0\u00bb background_position=\u00a0\u00bbtop_left\u00a0\u00bb background_repeat=\u00a0\u00bbrepeat\u00a0\u00bb global_colors_info=\u00a0\u00bb{}\u00a0\u00bb theme_builder_area=\u00a0\u00bbpost_content\u00a0\u00bb]<!-- divi:paragraph --><\/p>\n<p><em>Etablissements catholiques d\u2019enseignement, en contrat avec l\u2019\u00e9tat et sous tutelle dioc\u00e9saine<\/em><\/p>\n<p><!-- \/divi:paragraph --><\/p>\n<p><!-- divi:heading {\"level\":3} --><\/p>\n<h3><strong>Sur Saint Pierre<\/strong><\/h3>\n<p><!-- \/divi:heading --><\/p>\n<p><!-- divi:paragraph --><\/p>\n<p>Ecole maternelle Saint Louis de Gonzague<\/p>\n<p><!-- \/divi:paragraph --><\/p>\n<p><!-- divi:paragraph --><\/p>\n<p>Ecole primaire Sainte Odile<\/p>\n<p><!-- \/divi:paragraph --><\/p>\n<p><!-- divi:paragraph --><\/p>\n<p>Ecole \u00e9l\u00e9mentaire Sainte Croisine<\/p>\n<p><!-- \/divi:paragraph --><\/p>\n<p><!-- divi:paragraph --><\/p>\n<p><a href=\"http:\/\/www.saint-christophe.org\/\">Coll\u00e8ge Saint Christophe<\/a><\/p>\n<p><!-- \/divi:paragraph --><\/p>\n<p><!-- divi:heading {\"level\":3} --><\/p>\n<h3><strong>Sur Miquelon<\/strong><\/h3>\n<p><!-- \/divi:heading --><\/p>\n<p><!-- divi:paragraph --><\/p>\n<p>Ecole maternelle du Socle<\/p>\n<p><!-- \/divi:paragraph -->[\/et_pb_text][\/et_pb_column][\/et_pb_row][\/et_pb_section]<\/p>\n","protected":false},"excerpt":{"rendered":"<p>Etablissements catholiques d\u2019enseignement, en contrat avec l\u2019\u00e9tat et sous tutelle dioc\u00e9saine Sur Saint Pierre Ecole maternelle Saint Louis de Gonzague Ecole primaire Sainte Odile Ecole \u00e9l\u00e9mentaire Sainte Croisine Coll\u00e8ge Saint [&hellip;]<\/p>\n","protected":false},"author":5,"featured_media":0,"parent":6036,"menu_order":0,"comment_status":"closed","ping_status":"closed","template":"","meta":{"_et_pb_use_builder":"on","_et_pb_old_content":"<!-- wp:paragraph -->\n<p><em>Etablissements catholiques d\u2019enseignement, en contrat avec l\u2019\u00e9tat et sous tutelle dioc\u00e9saine<\/em><\/p>\n<!-- \/wp:paragraph -->\n\n<!-- wp:heading {\"level\":3} -->\n<h3><strong>Sur Saint Pierre<\/strong><\/h3>\n<!-- \/wp:heading -->\n\n<!-- wp:paragraph -->\n<p>Ecole maternelle Saint Louis de Gonzague<\/p>\n<!-- \/wp:paragraph -->\n\n<!-- wp:paragraph -->\n<p>Ecole primaire Sainte Odile<\/p>\n<!-- \/wp:paragraph -->\n\n<!-- wp:paragraph -->\n<p>Ecole \u00e9l\u00e9mentaire Sainte Croisine<\/p>\n<!-- \/wp:paragraph -->\n\n<!-- wp:paragraph -->\n<p><a href=\"http:\/\/www.saint-christophe.org\/\">Coll\u00e8ge Saint Christophe<\/a><\/p>\n<!-- \/wp:paragraph -->\n\n<!-- wp:heading {\"level\":3} -->\n<h3><strong>Sur Miquelon<\/strong><\/h3>\n<!-- \/wp:heading -->\n\n<!-- wp:paragraph -->\n<p>Ecole maternelle du Socle<\/p>\n<!-- \/wp:paragraph -->","_et_gb_content_width":"","footnotes":""},"class_list":["post-4683","page","type-page","status-publish","hentry"],"_links":{"self":[{"href":"https:\/\/catholiques17.fr\/spm\/wp-json\/wp\/v2\/pages\/4683","targetHints":{"allow":["GET"]}}],"collection":[{"href":"https:\/\/catholiques17.fr\/spm\/wp-json\/wp\/v2\/pages"}],"about":[{"href":"https:\/\/catholiques17.fr\/spm\/wp-json\/wp\/v2\/types\/page"}],"author":[{"embeddable":true,"href":"https:\/\/catholiques17.fr\/spm\/wp-json\/wp\/v2\/users\/5"}],"replies":[{"embeddable":true,"href":"https:\/\/catholiques17.fr\/spm\/wp-json\/wp\/v2\/comments?post=4683"}],"version-history":[{"count":3,"href":"https:\/\/catholiques17.fr\/spm\/wp-json\/wp\/v2\/pages\/4683\/revisions"}],"predecessor-version":[{"id":6176,"href":"https:\/\/catholiques17.fr\/spm\/wp-json\/wp\/v2\/pages\/4683\/revisions\/6176"}],"up":[{"embeddable":true,"href":"https:\/\/catholiques17.fr\/spm\/wp-json\/wp\/v2\/pages\/6036"}],"wp:attachment":[{"href":"https:\/\/catholiques17.fr\/spm\/wp-json\/wp\/v2\/media?parent=4683"}],"curies":[{"name":"wp","href":"https:\/\/api.w.org\/{rel}","templated":true}]}}

<p>[et_pb_section fb_built= »1&Prime; _builder_version= »4.16&Prime; global_colors_info= »{} » theme_builder_area= »post_content » custom_padding= »4px||||| »][et_pb_row _builder_version= »4.21.0&Prime; _module_preset= »default » theme_builder_area= »post_content » custom_padding= »7px||||| »][et_pb_column _builder_version= »4.21.0&Prime; _module_preset= »default » type= »4_4&Prime; theme_builder_area= »post_content »][et_pb_image src= »https://catholiques17.fr/spm/wp-content/uploads/sites/25/2024/11/Enseignement-catholique.jpg » _builder_version= »4.21.0&Prime; _module_preset= »default » theme_builder_area= »post_content » hover_enabled= »0&Prime; sticky_enabled= »0&Prime; title_text= »Enseignement catholique »][/et_pb_image][/et_pb_column][/et_pb_row][et_pb_row _builder_version= »4.16&Prime; background_size= »initial » background_position= »top_left » background_repeat= »repeat » global_colors_info= »{} » theme_builder_area= »post_content »][et_pb_column type= »4_4&Prime; _builder_version= »4.16&Prime; custom_padding= »||| » global_colors_info= »{} » custom_padding__hover= »||| » theme_builder_area= »post_content »][et_pb_text _builder_version= »4.16&Prime; background_size= »initial » background_position= »top_left » background_repeat= »repeat » global_colors_info= »{} » theme_builder_area= »post_content »]<!-- divi:paragraph --></p>
<p><em>Etablissements catholiques d’enseignement, en contrat avec l’état et sous tutelle diocésaine</em></p>
<p><!-- /divi:paragraph --></p>
<p><!-- divi:heading {"level":3} --></p>
<h3><strong>Sur Saint Pierre</strong></h3>
<p><!-- /divi:heading --></p>
<p><!-- divi:paragraph --></p>
<p>Ecole maternelle Saint Louis de Gonzague</p>
<p><!-- /divi:paragraph --></p>
<p><!-- divi:paragraph --></p>
<p>Ecole primaire Sainte Odile</p>
<p><!-- /divi:paragraph --></p>
<p><!-- divi:paragraph --></p>
<p>Ecole élémentaire Sainte Croisine</p>
<p><!-- /divi:paragraph --></p>
<p><!-- divi:paragraph --></p>
<p><a href="http://www.saint-christophe.org/">Collège Saint Christophe</a></p>
<p><!-- /divi:paragraph --></p>
<p><!-- divi:heading {"level":3} --></p>
<h3><strong>Sur Miquelon</strong></h3>
<p><!-- /divi:heading --></p>
<p><!-- divi:paragraph --></p>
<p>Ecole maternelle du Socle</p>
<p><!-- /divi:paragraph -->[/et_pb_text][/et_pb_column][/et_pb_row][/et_pb_section]</p>

<p>Etablissements catholiques d’enseignement, en contrat avec l’état et sous tutelle diocésaine Sur Saint Pierre Ecole maternelle Saint Louis de Gonzague Ecole primaire Sainte Odile Ecole élémentaire Sainte Croisine Collège Saint [&hellip;]</p>

<!-- wp:paragraph -->
<p><em>Etablissements catholiques d’enseignement, en contrat avec l’état et sous tutelle diocésaine</em></p>
<!-- /wp:paragraph -->

<!-- wp:heading {"level":3} -->
<h3><strong>Sur Saint Pierre</strong></h3>
<!-- /wp:heading -->

<!-- wp:paragraph -->
<p>Ecole maternelle Saint Louis de Gonzague</p>
<!-- /wp:paragraph -->

<!-- wp:paragraph -->
<p>Ecole primaire Sainte Odile</p>
<!-- /wp:paragraph -->

<!-- wp:paragraph -->
<p>Ecole élémentaire Sainte Croisine</p>
<!-- /wp:paragraph -->

<!-- wp:paragraph -->
<p><a href="http://www.saint-christophe.org/">Collège Saint Christophe</a></p>
<!-- /wp:paragraph -->

<!-- wp:heading {"level":3} -->
<h3><strong>Sur Miquelon</strong></h3>
<!-- /wp:heading -->

<!-- wp:paragraph -->
<p>Ecole maternelle du Socle</p>
<!-- /wp:paragraph -->
