{"id":4660,"date":"2021-03-25T22:04:20","date_gmt":"2021-03-25T21:04:20","guid":{"rendered":"https:\/\/catholiques17.fr\/spm\/?page_id=4660"},"modified":"2024-11-20T14:27:32","modified_gmt":"2024-11-20T13:27:32","slug":"ile-de-st-pierre","status":"publish","type":"page","link":"https:\/\/catholiques17.fr\/spm\/patrimoine\/ile-de-st-pierre\/","title":{"rendered":"\u00eele de St-Pierre"},"content":{"rendered":"\n<h2 class=\"wp-block-heading\">le Christ Roi<\/h2>\n\n\n\n<figure class=\"wp-block-image\"><img decoding=\"async\" src=\"https:\/\/catholiques17.fr\/spm\/wp-content\/uploads\/sites\/9\/2019\/10\/DSCN0067-2048x1536.jpg\" alt=\"\" class=\"wp-image-955\"\/><\/figure>\n\n\n\n<p>Dominant l\u2019archipel, une statue du Christ J\u00e9sus b\u00e9nissant la ville de St-Pierre et offerte par des aviateurs apr\u00e8s la seconde guerre mondiale.<\/p>\n\n\n\n<figure class=\"wp-block-image\"><img decoding=\"async\" src=\"https:\/\/catholiques17.fr\/spm\/wp-content\/uploads\/sites\/9\/2019\/10\/DSCN0070-1122x2048.jpg\" alt=\"\" class=\"wp-image-956\"\/><\/figure>\n\n\n\n<p>La couronne aux pieds de J\u00e9sus et le sceptre aujourd\u2019hui disparu soulignaient la majest\u00e9 du Christ.<\/p>\n\n\n\n<figure class=\"wp-block-image\"><img decoding=\"async\" src=\"https:\/\/catholiques17.fr\/spm\/wp-content\/uploads\/sites\/9\/2020\/01\/avec-copie-right-credit-Jean-BRIAND-1.jpg\" alt=\"\" class=\"wp-image-1121\"\/><\/figure>\n\n\n\n<p>Les p\u00e9cheurs de St-Pierre ont d\u00e9velopp\u00e9 un profond culte marial.<br>Les statues de la Vierge Marie \u00e9tant syst\u00e9matiquement tourn\u00e9es vers la mer.<\/p>\n\n\n\n<h2 class=\"wp-block-heading\">Sanctuaire Notre Dame de Lourdes<\/h2>\n\n\n\n<figure class=\"wp-block-image\"><img decoding=\"async\" src=\"https:\/\/catholiques17.fr\/spm\/wp-content\/uploads\/sites\/9\/2019\/09\/IMG_20190902_104603-2048x1536.jpg\" alt=\"\" class=\"wp-image-812\"\/><figcaption>sanctuaire au-dessus de la centrale \u00e9lectrique<\/figcaption><\/figure>\n\n\n\n<figure class=\"wp-block-image\"><img decoding=\"async\" src=\"https:\/\/catholiques17.fr\/spm\/wp-content\/uploads\/sites\/9\/2019\/09\/DSCN0063-2048x1322.jpg\" alt=\"\" class=\"wp-image-883\"\/><figcaption>Statue de ND de Lourdes en attente d\u2019\u00eatre restaur\u00e9e ou remplac\u00e9e\u2026<\/figcaption><\/figure>\n\n\n\n<h2 class=\"wp-block-heading\">Sanctuaire du Cap \u00e0 la Vierge<\/h2>\n\n\n\n<figure class=\"wp-block-image\"><img decoding=\"async\" src=\"https:\/\/catholiques17.fr\/spm\/wp-content\/uploads\/sites\/9\/2019\/09\/IMG_20190819_145543-1536x2048.jpg\" alt=\"\" class=\"wp-image-814\"\/><\/figure>\n\n\n\n<p>Vierge dite de l\u2019\u00e9tang de Savoyard<\/p>\n\n\n\n<h2 class=\"wp-block-heading\">Vierge \u201d du frigo\u201d<\/h2>\n\n\n\n<figure class=\"wp-block-image\"><img decoding=\"async\" src=\"https:\/\/catholiques17.fr\/spm\/wp-content\/uploads\/sites\/9\/2019\/09\/DSCN1018-1536x2048.jpg\" alt=\"\" class=\"wp-image-816\"\/><\/figure>\n\n\n\n<h2 class=\"wp-block-heading\">Vierge de l\u2019anse \u00e0 Henry<\/h2>\n\n\n\n<figure class=\"wp-block-image\"><img decoding=\"async\" src=\"https:\/\/catholiques17.fr\/spm\/wp-content\/uploads\/sites\/9\/2019\/09\/DSCN1038-2048x1536.jpg\" alt=\"\" class=\"wp-image-818\"\/><\/figure>\n\n\n\n<h2 class=\"wp-block-heading\">Notre-Dame de Galanterie<\/h2>\n\n\n\n<figure class=\"wp-block-image\"><img decoding=\"async\" src=\"https:\/\/catholiques17.fr\/spm\/wp-content\/uploads\/sites\/9\/2019\/09\/DSCN0931-1536x2048.jpg\" alt=\"\" class=\"wp-image-821\"\/><\/figure>\n\n\n\n<p>\u201c<strong>Une Vierge \u00e0 Galantry<\/strong>._ depuis longtemps les p\u00eacheurs de l\u2019Anse \u00e0 l\u2019Allumette et de la Pointe voulaient avoir leur Vierge protectrice, comme Savoyard. leurs efforts se sont concr\u00e9tis\u00e9s par l\u2019action d\u2019un de leurs anciens, M. Eug\u00e8ne Vigneau, qui se chargea de tout diriger, d\u00e9marches et travail. Et, avec la permission de l\u2019Administration, la Vierge des Marins de la dune de Langlade (au temps de la chapelle de Ste Philom\u00e8ne) fut plac\u00e9e sur l\u2019un des rochers qui dominent la pente Est de la colline de Galantry et orn\u00e9e avec amour de brousses et de fleurs pour l\u2019inauguration officielle de ce lieu de pri\u00e8res.<\/p>\n\n\n\n<p>Le dimanche 11 ao\u00fbt (1940) vit accourir une foule nombreuse qui assista \u00e0 la b\u00e9n\u00e9diction, chanta les V\u00eapres et r\u00e9pondit avec ferveur au chapelet.<\/p>\n\n\n\n<p>Que la Vierge Miraculeuse de Galantry oit pour nous tous la Vierge de la paix, la Vierge de la Garde et pour nos chers marins la Vierge de la protection et du succ\u00e8s.\u201d<\/p>\n\n\n\n<p>extraits de \u201cle Foyer Paroissial\u201d : ao\u00fbt 1940<\/p>\n\n\n\n<p>\u2014\u2014\u2014\u2014\u2014\u2014\u2014\u2014\u2014\u2014\u2013<\/p>\n\n\n\n<p>Aux angles de certaines rues de St-Pierre, en levant les yeux, on peut voir quelques statues de la Vierge indiquant l\u00e0 o\u00f9 s\u2019est arr\u00eat\u00e9 le feu lors d\u2019un grand incendie.<\/p>\n\n\n\n<figure class=\"wp-block-image\"><img decoding=\"async\" src=\"https:\/\/catholiques17.fr\/spm\/wp-content\/uploads\/sites\/9\/2019\/09\/IMG_20190917_151103-2.jpg\" alt=\"\" class=\"wp-image-885\"\/><\/figure>\n\n\n\n<h2 class=\"wp-block-heading\">Notre-Dame des pauvres: \u00e9cole Ste Croisine<\/h2>\n","protected":false},"excerpt":{"rendered":"<p>le Christ Roi Dominant l\u2019archipel, une statue du Christ J\u00e9sus b\u00e9nissant la ville de St-Pierre et offerte par des aviateurs apr\u00e8s la seconde guerre mondiale. La couronne aux pieds de [&hellip;]<\/p>\n","protected":false},"author":5,"featured_media":0,"parent":6040,"menu_order":0,"comment_status":"closed","ping_status":"closed","template":"","meta":{"_et_pb_use_builder":"off","_et_pb_old_content":"","_et_gb_content_width":"","footnotes":""},"class_list":["post-4660","page","type-page","status-publish","hentry"],"_links":{"self":[{"href":"https:\/\/catholiques17.fr\/spm\/wp-json\/wp\/v2\/pages\/4660","targetHints":{"allow":["GET"]}}],"collection":[{"href":"https:\/\/catholiques17.fr\/spm\/wp-json\/wp\/v2\/pages"}],"about":[{"href":"https:\/\/catholiques17.fr\/spm\/wp-json\/wp\/v2\/types\/page"}],"author":[{"embeddable":true,"href":"https:\/\/catholiques17.fr\/spm\/wp-json\/wp\/v2\/users\/5"}],"replies":[{"embeddable":true,"href":"https:\/\/catholiques17.fr\/spm\/wp-json\/wp\/v2\/comments?post=4660"}],"version-history":[{"count":1,"href":"https:\/\/catholiques17.fr\/spm\/wp-json\/wp\/v2\/pages\/4660\/revisions"}],"predecessor-version":[{"id":4661,"href":"https:\/\/catholiques17.fr\/spm\/wp-json\/wp\/v2\/pages\/4660\/revisions\/4661"}],"up":[{"embeddable":true,"href":"https:\/\/catholiques17.fr\/spm\/wp-json\/wp\/v2\/pages\/6040"}],"wp:attachment":[{"href":"https:\/\/catholiques17.fr\/spm\/wp-json\/wp\/v2\/media?parent=4660"}],"curies":[{"name":"wp","href":"https:\/\/api.w.org\/{rel}","templated":true}]}}

île de St-Pierre

<h2 class="wp-block-heading">le Christ Roi</h2>



<figure class="wp-block-image"><img decoding="async" src="https://catholiques17.fr/spm/wp-content/uploads/sites/9/2019/10/DSCN0067-2048x1536.jpg" alt="" class="wp-image-955"/></figure>



<p>Dominant l’archipel, une statue du Christ Jésus bénissant la ville de St-Pierre et offerte par des aviateurs après la seconde guerre mondiale.</p>



<figure class="wp-block-image"><img decoding="async" src="https://catholiques17.fr/spm/wp-content/uploads/sites/9/2019/10/DSCN0070-1122x2048.jpg" alt="" class="wp-image-956"/></figure>



<p>La couronne aux pieds de Jésus et le sceptre aujourd’hui disparu soulignaient la majesté du Christ.</p>



<figure class="wp-block-image"><img decoding="async" src="https://catholiques17.fr/spm/wp-content/uploads/sites/9/2020/01/avec-copie-right-credit-Jean-BRIAND-1.jpg" alt="" class="wp-image-1121"/></figure>



<p>Les pécheurs de St-Pierre ont développé un profond culte marial.<br>Les statues de la Vierge Marie étant systématiquement tournées vers la mer.</p>



<h2 class="wp-block-heading">Sanctuaire Notre Dame de Lourdes</h2>



<figure class="wp-block-image"><img decoding="async" src="https://catholiques17.fr/spm/wp-content/uploads/sites/9/2019/09/IMG_20190902_104603-2048x1536.jpg" alt="" class="wp-image-812"/><figcaption>sanctuaire au-dessus de la centrale électrique</figcaption></figure>



<figure class="wp-block-image"><img decoding="async" src="https://catholiques17.fr/spm/wp-content/uploads/sites/9/2019/09/DSCN0063-2048x1322.jpg" alt="" class="wp-image-883"/><figcaption>Statue de ND de Lourdes en attente d’être restaurée ou remplacée…</figcaption></figure>



<h2 class="wp-block-heading">Sanctuaire du Cap à la Vierge</h2>



<figure class="wp-block-image"><img decoding="async" src="https://catholiques17.fr/spm/wp-content/uploads/sites/9/2019/09/IMG_20190819_145543-1536x2048.jpg" alt="" class="wp-image-814"/></figure>



<p>Vierge dite de l’étang de Savoyard</p>



<h2 class="wp-block-heading">Vierge ” du frigo”</h2>



<figure class="wp-block-image"><img decoding="async" src="https://catholiques17.fr/spm/wp-content/uploads/sites/9/2019/09/DSCN1018-1536x2048.jpg" alt="" class="wp-image-816"/></figure>



<h2 class="wp-block-heading">Vierge de l’anse à Henry</h2>



<figure class="wp-block-image"><img decoding="async" src="https://catholiques17.fr/spm/wp-content/uploads/sites/9/2019/09/DSCN1038-2048x1536.jpg" alt="" class="wp-image-818"/></figure>



<h2 class="wp-block-heading">Notre-Dame de Galanterie</h2>



<figure class="wp-block-image"><img decoding="async" src="https://catholiques17.fr/spm/wp-content/uploads/sites/9/2019/09/DSCN0931-1536x2048.jpg" alt="" class="wp-image-821"/></figure>



<p>“<strong>Une Vierge à Galantry</strong>._ depuis longtemps les pêcheurs de l’Anse à l’Allumette et de la Pointe voulaient avoir leur Vierge protectrice, comme Savoyard. leurs efforts se sont concrétisés par l’action d’un de leurs anciens, M. Eugène Vigneau, qui se chargea de tout diriger, démarches et travail. Et, avec la permission de l’Administration, la Vierge des Marins de la dune de Langlade (au temps de la chapelle de Ste Philomène) fut placée sur l’un des rochers qui dominent la pente Est de la colline de Galantry et ornée avec amour de brousses et de fleurs pour l’inauguration officielle de ce lieu de prières.</p>



<p>Le dimanche 11 août (1940) vit accourir une foule nombreuse qui assista à la bénédiction, chanta les Vêpres et répondit avec ferveur au chapelet.</p>



<p>Que la Vierge Miraculeuse de Galantry oit pour nous tous la Vierge de la paix, la Vierge de la Garde et pour nos chers marins la Vierge de la protection et du succès.”</p>



<p>extraits de “le Foyer Paroissial” : août 1940</p>



<p>——————————–</p>



<p>Aux angles de certaines rues de St-Pierre, en levant les yeux, on peut voir quelques statues de la Vierge indiquant là où s’est arrêté le feu lors d’un grand incendie.</p>



<figure class="wp-block-image"><img decoding="async" src="https://catholiques17.fr/spm/wp-content/uploads/sites/9/2019/09/IMG_20190917_151103-2.jpg" alt="" class="wp-image-885"/></figure>



<h2 class="wp-block-heading">Notre-Dame des pauvres: école Ste Croisine</h2>

<p>le Christ Roi Dominant l’archipel, une statue du Christ Jésus bénissant la ville de St-Pierre et offerte par des aviateurs après la seconde guerre mondiale. La couronne aux pieds de [&hellip;]</p>
