{"id":4648,"date":"2021-03-25T21:58:37","date_gmt":"2021-03-25T20:58:37","guid":{"rendered":"https:\/\/catholiques17.fr\/spm\/?page_id=4648"},"modified":"2024-11-20T14:19:12","modified_gmt":"2024-11-20T13:19:12","slug":"chapelle-du-st-esprit","status":"publish","type":"page","link":"https:\/\/catholiques17.fr\/spm\/patrimoine\/chapelle-du-st-esprit\/","title":{"rendered":"Chapelle du St-Esprit"},"content":{"rendered":"\n<p><strong>La Chapelle du St-Esprit<\/strong><\/p>\n\n\n\n<figure class=\"wp-block-image\"><img decoding=\"async\" src=\"https:\/\/catholiques17.fr\/spm\/wp-content\/uploads\/sites\/9\/2019\/07\/DSCN0001-1.jpg\" alt=\"\" class=\"wp-image-316\" \/><\/figure>\n\n\n\n<figure class=\"wp-block-image\"><img decoding=\"async\" src=\"https:\/\/catholiques17.fr\/spm\/wp-content\/uploads\/sites\/9\/2019\/07\/DSCN0422-2048x1536.jpg\" alt=\"chapelle\" class=\"wp-image-256\" \/><figcaption>chapelle du St-Esprit<\/figcaption><\/figure>\n\n\n\n<p>La premi\u00e8re pierre de la chapelle du Saint-Esprit a \u00e9t\u00e9 pos\u00e9e le 27 ao\u00fbt 1967. Au cours de cette b\u00e9n\u00e9diction, un parchemin a \u00e9t\u00e9 ench\u00e2ss\u00e9 dans la pierre avec notamment les signatures du Pape Paul VI et de Monseigneur Maurer.<\/p>\n\n\n\n<p><strong>Les vitraux<\/strong><\/p>\n\n\n\n<p>3 grandes verri\u00e8res ornent la chapelle du St Esprit:<\/p>\n\n\n\n<p>\u2013 une verri\u00e8re ornement\u00e9e d\u2019une colombe, symbolisant l\u2019Esprit-Saint.<\/p>\n\n\n\n<p>\u2013 un vitrail aux motifs g\u00e9om\u00e9triques abstraits, symbolisant le P\u00e8re, ineffable.<\/p>\n\n\n\n<p>\u2013 un vitrail rappelant la mort du Fils, son le chemin de croix: certains \u00e9pisodes rappel\u00e9s sont bibliques et d\u2019autres plus l\u00e9gendaires\u2026<\/p>\n\n\n\n<p>Le chemin de croix est une pri\u00e8re populaire dans laquelle le fid\u00e8le m\u00e9dite et s\u2019associe \u00e0 la Passion de J\u00e9sus.<\/p>\n\n\n\n<p>\u2014\u2014\u2014\u2014\u2014\u2014\u2013<\/p>\n\n\n\n<p>Nous croyons en 1 seul Dieu: P\u00e8re et Fils et Saint-Esprit.<\/p>\n\n\n\n<p>Dieu dans sa divinit\u00e9 est par nature non-repr\u00e9sentable sinon de mani\u00e8re symbolique.<\/p>\n\n\n\n<p>L\u2019Esprit-Saint est souvent repr\u00e9sent\u00e9 par une flamme, de l\u2019eau qui coule,&nbsp;<strong>une colombe\u2026<\/strong><\/p>\n\n\n\n<figure class=\"wp-block-image\"><img decoding=\"async\" src=\"https:\/\/catholiques17.fr\/spm\/wp-content\/uploads\/sites\/9\/2019\/07\/DSCN0419-4-2048x888.jpg\" alt=\"\" class=\"wp-image-282\" \/><figcaption>vitrail du St Esprit<\/figcaption><\/figure>\n\n\n\n<figure class=\"wp-block-image\"><img decoding=\"async\" src=\"https:\/\/catholiques17.fr\/spm\/wp-content\/uploads\/sites\/9\/2019\/07\/DSCN0420-1-2048x1570.jpg\" alt=\"\" class=\"wp-image-283\" \/><\/figure>\n\n\n\n<p><em><strong>\u00ab&nbsp;Dieu, au-del\u00e0 de tout cr\u00e9\u00e9,&nbsp;<\/strong><\/em><strong><br><em>Nous ne pouvions que T\u2019appeler<\/em><br><em>L\u2019Inconnaissable&nbsp;!&nbsp;\u00bb<\/em><\/strong><em>&nbsp; D.Rimaud<\/em><\/p>\n\n\n\n<figure class=\"wp-block-image\"><img decoding=\"async\" src=\"https:\/\/catholiques17.fr\/spm\/wp-content\/uploads\/sites\/9\/2019\/07\/DSCN0418-1-2048x675.jpg\" alt=\"\" class=\"wp-image-284\" \/><figcaption>Vitrail abstrait au P\u00e8re inconnaissable<\/figcaption><\/figure>\n\n\n\n<p><strong>Le chemin de croix<\/strong><\/p>\n\n\n\n<figure class=\"wp-block-image\"><img decoding=\"async\" src=\"https:\/\/catholiques17.fr\/spm\/wp-content\/uploads\/sites\/9\/2019\/07\/DSCN0403-1-2048x522.jpg\" alt=\"\" class=\"wp-image-285\" \/><figcaption>Vitrail christique<\/figcaption><\/figure>\n\n\n\n<p>1\u00e8re station&nbsp;: J\u00e9sus est condamn\u00e9 \u00e0 mort:&nbsp;<strong>Pilate s\u2019en lave les mains.<\/strong><\/p>\n\n\n\n<p><em>Mt 27,24&nbsp;Pilate prit de l\u2019eau et se lava les mains en pr\u00e9sence de la foule, en disant : \u201d Je suis innocent de ce sang. C\u2019est votre affaire !<\/em><\/p>\n\n\n\n<figure class=\"wp-block-image\"><img decoding=\"async\" src=\"https:\/\/catholiques17.fr\/spm\/wp-content\/uploads\/sites\/9\/2019\/07\/DSCN0404-1.jpg\" alt=\"\" class=\"wp-image-286\" \/><\/figure>\n\n\n\n<p>2\u00e8me station&nbsp;:<strong>&nbsp;J\u00e9sus est charg\u00e9 de sa croix.<\/strong><\/p>\n\n\n\n<p><em>Jn 19,17 Portant lui-m\u00eame sa croix, J\u00e9sus sortit<\/em><\/p>\n\n\n\n<figure class=\"wp-block-image\"><img decoding=\"async\" src=\"https:\/\/catholiques17.fr\/spm\/wp-content\/uploads\/sites\/9\/2019\/07\/DSCN0405-1.jpg\" alt=\"\" class=\"wp-image-287\" \/><\/figure>\n\n\n\n<p>3\u00e8me station<strong>: J\u00e9sus tombe pour le 1\u00e8re fois<\/strong><\/p>\n\n\n\n<figure class=\"wp-block-image\"><img decoding=\"async\" src=\"https:\/\/catholiques17.fr\/spm\/wp-content\/uploads\/sites\/9\/2019\/07\/DSCN0406-1-2048x1994.jpg\" alt=\"\" class=\"wp-image-288\" \/><\/figure>\n\n\n\n<p>4\u00e8me station<strong>: J\u00e9sus rencontre sa m\u00e8re.<\/strong><\/p>\n\n\n\n<figure class=\"wp-block-image\"><img decoding=\"async\" src=\"https:\/\/catholiques17.fr\/spm\/wp-content\/uploads\/sites\/9\/2019\/07\/DSCN0407-1-2048x1832.jpg\" alt=\"\" class=\"wp-image-289\" \/><\/figure>\n\n\n\n<p>5\u00e8me station<strong>: Simon de Cyr\u00e8ne aide J\u00e9sus \u00e0 porter sa croix.<\/strong><\/p>\n\n\n\n<p><em>Mc 15,21&nbsp;Ils r\u00e9quisitionnent pour porter sa croix un passant, qui venait de la campagne. Simon de Cyr\u00e8ne, le p\u00e8re d\u2019Alexandre et de Rufus<\/em><\/p>\n\n\n\n<figure class=\"wp-block-image\"><img decoding=\"async\" src=\"https:\/\/catholiques17.fr\/spm\/wp-content\/uploads\/sites\/9\/2019\/07\/DSCN0408-1-2048x2008.jpg\" alt=\"\" class=\"wp-image-290\" \/><\/figure>\n\n\n\n<p><em>.&nbsp;<\/em><\/p>\n\n\n\n<p>6\u00e8me station<strong>: V\u00e9ronique essuie&nbsp;le visage de J\u00e9sus<\/strong>; la face de J\u00e9sus reste comme imprim\u00e9 sur le tissus.<\/p>\n\n\n\n<figure class=\"wp-block-image\"><img decoding=\"async\" src=\"https:\/\/catholiques17.fr\/spm\/wp-content\/uploads\/sites\/9\/2019\/07\/DSCN0409-1.jpg\" alt=\"\" class=\"wp-image-291\" \/><\/figure>\n\n\n\n<p>7\u00e8me station<strong>: J\u00e9sus tombe pour la 2\u00e8me fois.<\/strong><\/p>\n\n\n\n<figure class=\"wp-block-image\"><img decoding=\"async\" src=\"https:\/\/catholiques17.fr\/spm\/wp-content\/uploads\/sites\/9\/2019\/07\/DSCN0410-1-2048x1892.jpg\" alt=\"\" class=\"wp-image-292\" \/><\/figure>\n\n\n\n<p>8\u00e8me station<strong>: J\u00e9sus rencontre des femmes de J\u00e9rusalem.<\/strong><\/p>\n\n\n\n<p><em>Lc 23,28&nbsp;&nbsp;\u201d Filles de J\u00e9rusalem, ne pleurez pas sur moi, mais pleurez sur vous-m\u00eames et sur vos enfants.<\/em><\/p>\n\n\n\n<figure class=\"wp-block-image\"><img decoding=\"async\" src=\"https:\/\/catholiques17.fr\/spm\/wp-content\/uploads\/sites\/9\/2019\/07\/DSCN0411-1-2048x1920.jpg\" alt=\"\" class=\"wp-image-293\" \/><\/figure>\n\n\n\n<p>9\u00e8me station<strong>: J\u00e9sus tombe pour la 3\u00e8me fois.&nbsp;<\/strong>Allusion possible au triple reniement de Pierre.<\/p>\n\n\n\n<p><em>Lc 22,61&nbsp;Le Seigneur, se retournant, posa son regard sur Pierre ; et Pierre se rappela la parole du Seigneur qui lui avait dit : \u201d Avant que le coq chante aujourd\u2019hui, tu m\u2019auras reni\u00e9 trois fois. \u201c<\/em><\/p>\n\n\n\n<figure class=\"wp-block-image\"><img decoding=\"async\" src=\"https:\/\/catholiques17.fr\/spm\/wp-content\/uploads\/sites\/9\/2019\/07\/DSCN0412-1.jpg\" alt=\"\" class=\"wp-image-294\" \/><\/figure>\n\n\n\n<p>10\u00e8me station<strong>: J\u00e9sus est d\u00e9pouill\u00e9 de son v\u00eatement.<\/strong><\/p>\n\n\n\n<p><em>Jn 19,23-24&nbsp;Lorsque les soldats eurent achev\u00e9 de crucifier J\u00e9sus, ils prirent ses v\u00eatements et en firent quatre parts, une pour chacun. Restait la tunique : elle \u00e9tait sans couture, tiss\u00e9e d\u2019une seule pi\u00e8ce depuis le haut.&nbsp;<\/em><em><br>Les soldats se dirent entre eux : \u201d Ne la d\u00e9chirons pas, tirons plut\u00f4t au sort \u00e0 qui elle ira \u201d , en sorte que soit accomplie l\u2019\u00c9criture : Ils se sont partag\u00e9 mes v\u00eatements, et ma tunique, ils l\u2019ont tir\u00e9e au sort. Voil\u00e0 donc ce que firent les soldats.&nbsp;<\/em><\/p>\n\n\n\n<figure class=\"wp-block-image\"><img decoding=\"async\" src=\"https:\/\/catholiques17.fr\/spm\/wp-content\/uploads\/sites\/9\/2019\/07\/DSCN0413-1-2048x1834.jpg\" alt=\"\" class=\"wp-image-295\" \/><\/figure>\n\n\n\n<p>11\u00e8me station<strong>: J\u00e9sus est clou\u00e9 sur la croix.<\/strong><\/p>\n\n\n\n<p><em>Col 2,13-14&nbsp;&nbsp;Dieu vous a donn\u00e9 la vie avec lui : il nous a pardonn\u00e9 toutes nos fautes,&nbsp;<\/em><em><br>il a annul\u00e9 le document accusateur que les commandements retournaient contre nous, il l\u2019a fait dispara\u00eetre, il l\u2019a clou\u00e9 \u00e0 la croix,<\/em><\/p>\n\n\n\n<figure class=\"wp-block-image\"><img decoding=\"async\" src=\"https:\/\/catholiques17.fr\/spm\/wp-content\/uploads\/sites\/9\/2019\/07\/DSCN0414-1-2048x1890.jpg\" alt=\"\" class=\"wp-image-296\" \/><\/figure>\n\n\n\n<p>12\u00e8me station<strong>: J\u00e9sus meurt sur la croix.<\/strong><\/p>\n\n\n\n<p><em>Jn 19,30&nbsp;J\u00e9sus dit : \u201d Tout est achev\u00e9 \u201d et, inclinant la t\u00eate, il remit l\u2019esprit.&nbsp;<\/em><\/p>\n\n\n\n<figure class=\"wp-block-image\"><img decoding=\"async\" src=\"https:\/\/catholiques17.fr\/spm\/wp-content\/uploads\/sites\/9\/2019\/07\/DSCN0415-1-1994x2048.jpg\" alt=\"\" class=\"wp-image-297\" \/><\/figure>\n\n\n\n<p>13\u00e8me station<strong>: Le cadavre de J\u00e9sus est descendu de la croix.<\/strong><\/p>\n\n\n\n<p><em>Mc 15,45-46&nbsp;&nbsp;(Pilate) permit \u00e0 Joseph (d\u2019Arimath\u00e9e) de prendre le cadavre.&nbsp;[46] Apr\u00e8s avoir achet\u00e9 un linceul, Joseph descendit J\u00e9sus de la croix et l\u2019enroula dans le linceul.<\/em><\/p>\n\n\n\n<figure class=\"wp-block-image\"><img decoding=\"async\" src=\"https:\/\/catholiques17.fr\/spm\/wp-content\/uploads\/sites\/9\/2019\/07\/DSCN0416-1-2036x2048.jpg\" alt=\"\" class=\"wp-image-298\" \/><\/figure>\n\n\n\n<p>14\u00e8me station<strong>: Le corps de J\u00e9sus est mis au tombeau.<\/strong><\/p>\n\n\n\n<p><em>Mc 15 [46] Apr\u00e8s avoir achet\u00e9 un linceul, Joseph descendit J\u00e9sus de la croix et l\u2019enroula dans le linceul. Il le d\u00e9posa dans une tombe qui \u00e9tait creus\u00e9e dans le rocher et il roula une pierre \u00e0 l\u2019entr\u00e9e du tombeau.&nbsp;<\/em><\/p>\n\n\n\n<figure class=\"wp-block-image\"><img decoding=\"async\" src=\"https:\/\/catholiques17.fr\/spm\/wp-content\/uploads\/sites\/9\/2019\/07\/DSCN0417-1-2048x1859.jpg\" alt=\"\" class=\"wp-image-299\" \/><\/figure>\n\n\n\n<p><strong>Verri\u00e8res des sacristies<\/strong><\/p>\n\n\n\n<figure class=\"wp-block-image\"><img decoding=\"async\" src=\"https:\/\/catholiques17.fr\/spm\/wp-content\/uploads\/sites\/9\/2019\/07\/DSCN1056-2048x1053.jpg\" alt=\"\" class=\"wp-image-301\" \/><\/figure>\n\n\n\n<p>Les verri\u00e8res des sacristies offrent \u00e0 la vue ( de ceux qui y ont acc\u00e8s) plusieurs motifs christiques.<\/p>\n\n\n\n<p><strong>Un monogramme singulier: le chrisme<\/strong><\/p>\n\n\n\n<p>Le&nbsp;<strong>chrisme<\/strong>&nbsp;est un symbole chr\u00e9tien form\u00e9&nbsp;des deux lettres grecques&nbsp;<strong>\u03a7<\/strong>&nbsp;(chi) et&nbsp;<strong>\u03a1&nbsp;<\/strong>(rho)&nbsp;\u2013 des deux premi\u00e8res lettres du mot&nbsp; \u03a7\u03c1\u03b9\u03c3\u03c4\u03cc\u03c2&nbsp;(\u00ab&nbsp;Christ&nbsp;\u00bb) -..<\/p>\n\n\n\n<figure class=\"wp-block-image\"><img decoding=\"async\" src=\"https:\/\/catholiques17.fr\/spm\/wp-content\/uploads\/sites\/9\/2019\/07\/DSCN1057-1536x2048.jpg\" alt=\"\" class=\"wp-image-302\" \/><\/figure>\n\n\n\n<p>Le poisson&nbsp; ou&nbsp;&nbsp;<strong>ICTUS:&nbsp;<\/strong><\/p>\n\n\n\n<p>L\u2019<strong><em>ichthus<\/em><\/strong>&nbsp;(du&nbsp;grec ancien&nbsp;\u1f30\u03c7\u03b8\u03cd\u03c2&nbsp;\/&nbsp;<em>ikhth\u00fas<\/em>, \u00ab&nbsp;poisson&nbsp;\u00bb) est un symbole qu\u2019utilisaient les premiers chr\u00e9tiens en signe de reconnaissance.&nbsp;<\/p>\n\n\n\n<p>C\u2019est aussi l\u2019acronyme de :<\/p>\n\n\n\n<ul class=\"wp-block-list\"><li><strong>I<\/strong>&nbsp;(<em>I<\/em>, Iota)&nbsp;:&nbsp;\u1f38\u03b7\u03c3\u03bf\u1fe6\u03c2&nbsp;\/&nbsp;<em>I\u00easo\u00fbs<\/em>&nbsp;(\u00ab&nbsp;J\u00e9sus&nbsp;\u00bb)<\/li><li><strong>\u03a7<\/strong>&nbsp;(<em>KH<\/em>, Khi)&nbsp;:&nbsp;\u03a7\u03c1\u03b9\u03c3\u03c4\u1f78\u03c2&nbsp;\/&nbsp;<em>Khrist\u00f2s<\/em>&nbsp;(\u00ab&nbsp;Christ&nbsp;\u00bb)<\/li><li><strong>\u0398<\/strong>&nbsp;(<em>TH<\/em>, Th\u00eata)&nbsp;:&nbsp;\u0398\u03b5\u03bf\u1fe6&nbsp;\/&nbsp;<em>Theo\u00fb<\/em>&nbsp;(\u00ab&nbsp;de Dieu&nbsp;\u00bb)<\/li><li><strong>\u03a5<\/strong>&nbsp;(<em>U<\/em>, Upsilon)&nbsp;:&nbsp;\u03a5\u1f31\u1f78\u03c2&nbsp;\/&nbsp;<em>Hui\u00f2s<\/em>&nbsp;(\u00ab&nbsp;fils&nbsp;\u00bb)<\/li><li><strong>\u03a3<\/strong>&nbsp;(<em>S<\/em>, Sigma)&nbsp;:&nbsp;\u03a3\u03c9\u03c4\u03ae\u03c1&nbsp;\/&nbsp;<em>S\u00f4t\u1ebfr<\/em>&nbsp;(\u00ab&nbsp;sauveur&nbsp;\u00bb)<\/li><\/ul>\n\n\n\n<p>Ce qui est traduisible par \u00ab&nbsp;J\u00e9sus-Christ&nbsp;fils de Dieu, sauveur&nbsp;\u00bb.<\/p>\n\n\n\n<p>\u00ab&nbsp;Ajoutez \u00e0 cela que, si l\u2019on joint ensemble les premi\u00e8res lettres de ces cinq mots grecs que nous avons dit signifier J\u00e9sus-Christ, Fils de Dieu, Sauveur, on trouvera Ichthus, qui veut dire en grec poisson, nom mystique du Sauveur, parce que lui seul a pu demeurer vivant, c\u2019est-\u00e0-dire exempt de p\u00e9ch\u00e9, au milieu des ab\u00eemes de notre mortalit\u00e9, semblables aux profondeurs de la mer.&nbsp;\u00bb<\/p>\n\n\n\n<p>\u2014&nbsp;Saint Augustin,&nbsp;<em>La Cit\u00e9 de Dieu<\/em>, XVIII, 23<\/p>\n\n\n\n<figure class=\"wp-block-image\"><img decoding=\"async\" src=\"https:\/\/catholiques17.fr\/spm\/wp-content\/uploads\/sites\/9\/2019\/07\/DSCN1058-2048x1536.jpg\" alt=\"\" class=\"wp-image-303\" \/><\/figure>\n\n\n\n<p><strong>IHS<\/strong><\/p>\n\n\n\n<p>Le&nbsp;monogramme&nbsp;<strong>IHS<\/strong>&nbsp;(parfois JHS) est une abr\u00e9viation et une&nbsp;translitt\u00e9ration&nbsp;imparfaite du nom de \u00ab&nbsp;J\u00e9sus&nbsp;\u00bb en grec&nbsp;: \u0399 = J, \u0397 = E et \u03a3 = S&nbsp;(JES. = Jesus\/\u1f38\u03b7\u03c3\u03bf\u1fe6\u03c2, IH\u03a3OY\u03a3 = nom complet en grec).<\/p>\n\n\n\n<ul class=\"wp-block-list\"><li>pour certains c\u2019est&nbsp;IESUS, HOMINUM SALVATOR&nbsp;(\u00ab&nbsp;J\u00e9sus, Sauveur des hommes&nbsp;\u00bb),&nbsp;IESUM HABEMUS SOCIUM&nbsp;(\u00ab&nbsp;Nous avons J\u00e9sus pour compagnon&nbsp;\u00bb) ou encore&nbsp;IESUS, HOMO, SALVATOR&nbsp;(\u00ab&nbsp;J\u00e9sus, Homme, Sauveur&nbsp;\u00bb) rencontr\u00e9 souvent dans des textes latins.<\/li><li>mais surmont\u00e9 d\u2019une croix, comme c\u2019est ici le cas, c\u2019est plut\u00f4t l\u2019\u00e9quivalent du IHSV, le \u00ab&nbsp;IN HOC SIGNO VINCES&nbsp;\u00bb de l\u2019empereur&nbsp;Constantin&nbsp;(\u00ab&nbsp;Par ce signe tu vaincras&nbsp;\u00bb, mots que Constantin affirme avoir entendus avant la&nbsp;bataille du pont Milvius, en&nbsp;312): le signe en question \u00e9tant une croix.&nbsp;<\/li><\/ul>\n\n\n\n<figure class=\"wp-block-image\"><img decoding=\"async\" src=\"https:\/\/catholiques17.fr\/spm\/wp-content\/uploads\/sites\/9\/2019\/07\/DSCN1059-1.jpg\" alt=\"\" class=\"wp-image-304\" \/><\/figure>\n\n\n\n<p><strong>La main de Dieu<\/strong><\/p>\n\n\n\n<p>\u2013 dirig\u00e9e vers le bas car le salut vient du ciel<\/p>\n\n\n\n<p>\u2013 les 3&nbsp;doigts dress\u00e9s figurent la Trinit\u00e9.<\/p>\n\n\n\n<figure class=\"wp-block-image\"><img decoding=\"async\" src=\"https:\/\/catholiques17.fr\/spm\/wp-content\/uploads\/sites\/9\/2019\/07\/DSCN1060-1322x2048.jpg\" alt=\"\" class=\"wp-image-305\" \/><\/figure>\n\n\n\n<p><strong>Le sanctuaire<\/strong><\/p>\n\n\n\n<figure class=\"wp-block-image\"><img decoding=\"async\" src=\"https:\/\/catholiques17.fr\/spm\/wp-content\/uploads\/sites\/9\/2019\/07\/DSCN0421-1-2048x1536.jpg\" alt=\"\" class=\"wp-image-306\" \/><\/figure>\n\n\n\n<p><strong>La Table de la Parole et la Table de l\u2019Eucharistie<\/strong><\/p>\n\n\n\n<p>La liturgie est \u00e0 la fois une action du Peuple de Dieu,&nbsp;la louange &amp; une oeuvre de Dieu,&nbsp;<em>opus dei.<\/em><\/p>\n\n\n\n<p>L\u2019eucharistie est doublement centr\u00e9e autour de la Parole de Dieu et de l\u2019autel; dans sa Parole, la Bible proclam\u00e9e et comment\u00e9e, Dieu se fait conna\u00eetre et dans le sacrifice de l\u2019autel, sous l\u2019apparence du pain et du vin, J\u00e9sus offre sa vie et se donne lui-m\u00eame en nourriture pour notre salut.<\/p>\n\n\n\n<figure class=\"wp-block-image\"><img decoding=\"async\" src=\"https:\/\/catholiques17.fr\/spm\/wp-content\/uploads\/sites\/9\/2019\/07\/DSCN0426-1-2048x1295.jpg\" alt=\"\" class=\"wp-image-307\" \/><\/figure>\n\n\n\n<figure class=\"wp-block-image\"><img decoding=\"async\" src=\"https:\/\/catholiques17.fr\/spm\/wp-content\/uploads\/sites\/9\/2019\/07\/DSCN0425-1-989x2048.jpg\" alt=\"\" class=\"wp-image-308\" \/><\/figure>\n\n\n\n<p><strong>Le crucifix<\/strong><\/p>\n\n\n\n<p>La croix lieu de mort est devenue le symbole de la victoire sur la mort.<\/p>\n\n\n\n<p><em>1Co 15,54&nbsp;La mort a \u00e9t\u00e9 engloutie dans la victoire.<\/em><\/p>\n\n\n\n<p><em>Ga 6,14&nbsp;Pour moi, que jamais je ne me glorifie sinon dans la croix de notre Seigneur J\u00e9sus Christ, qui a fait du monde un crucifi\u00e9 pour moi et de moi un crucifi\u00e9 pour le monde.<\/em><\/p>\n\n\n\n<figure class=\"wp-block-image\"><img decoding=\"async\" src=\"https:\/\/catholiques17.fr\/spm\/wp-content\/uploads\/sites\/9\/2019\/07\/DSCN0399-1-1536x2048.jpg\" alt=\"\" class=\"wp-image-309\" \/><\/figure>\n\n\n\n<p><strong>Le tabernacle.&nbsp;<\/strong><\/p>\n\n\n\n<p>Le&nbsp;<em>Tabernacle<\/em>&nbsp;originel est la tente qui abritait l\u2019Arche d\u2019alliance \u00e0 l\u2019\u00e9poque de Mo\u00efse, signe de la pr\u00e9sence agissante de Dieu au milieu de son peuple.<\/p>\n\n\n\n<p>Signal\u00e9 dans nos \u00e9glises par une lumi\u00e8re rouge, aujourd\u2019hui, le tabernacle sert \u00e0 conserver les hosties consacr\u00e9es, le pain devenu Corps du Christ, pr\u00e9sence mat\u00e9rielle de Dieu pour ses fid\u00e8les.&nbsp;<\/p>\n\n\n\n<p>La tabernacle actuel est commun \u00e0 la chapelle du St-Esprit et \u00e0 la cath\u00e9drale: il s\u2019ouvre des deux cot\u00e9s. C\u00f4t\u00e9 chapelle, un \u00e9mail repr\u00e9sente une grappe de raisin et quelques pains : le pain et le vin devant Corps et Sang du Christ.<\/p>\n\n\n\n<figure class=\"wp-block-image\"><img decoding=\"async\" src=\"https:\/\/catholiques17.fr\/spm\/wp-content\/uploads\/sites\/9\/2019\/07\/DSCN0002-1-1341x2048.jpg\" alt=\"\" class=\"wp-image-314\" \/><\/figure>\n\n\n\n<p><strong>Marie<\/strong><\/p>\n\n\n\n<p>Dieu pour se faire homme a voulu en passer par la m\u00e9diation d\u2019une femme, la vierge Marie.&nbsp;<\/p>\n\n\n\n<figure class=\"wp-block-image\"><img decoding=\"async\" src=\"https:\/\/catholiques17.fr\/spm\/wp-content\/uploads\/sites\/9\/2019\/07\/DSCN0401-1-607x2048.jpg\" alt=\"\" class=\"wp-image-310\" \/><\/figure>\n\n\n\n<p>M\u00e8re de J\u00e9sus, m\u00e8re de Dieu, Marie est la premi\u00e8re intercesseuse&nbsp;dans la communion des saints: du ciel, elle prie pour nous.<\/p>\n\n\n\n<p><em>Je vous salue, Marie pleine de gr\u00e2ce ;<br>Le Seigneur est avec vous.<br>Vous \u00eates b\u00e9nie entre toutes les femmes<br>Et J\u00e9sus, le fruit de vos entrailles, est b\u00e9ni.<br>Sainte Marie, M\u00e8re de Dieu,<br>Priez pour nous pauvres p\u00e9cheurs,<br>Maintenant et \u00e0 l\u2019heure de notre mort.<\/em><\/p>\n\n\n\n<p><em>Amen<\/em><\/p>\n\n\n\n<p><strong>Les confessionnaux<\/strong><\/p>\n\n\n\n<p>Le Christ a donn\u00e9 sa vie pour notre salut par le pardon de nos p\u00e9ch\u00e9s.<\/p>\n\n\n\n<p><em>Mt 26,28&nbsp;ceci est mon sang, le sang de l\u2019Alliance, vers\u00e9 pour la multitude, pour le pardon des p\u00e9ch\u00e9s.&nbsp;<\/em><\/p>\n\n\n\n<p>Ce pardon donn\u00e9, l\u2019\u00c9glise nous propose un sacrement particulier pour le recevoir: la confession.<\/p>\n\n\n\n<p>Par l\u2019interm\u00e9diaire d\u2019un pr\u00eatre, le fid\u00e8le confesse l\u2019amour de Dieu par-del\u00e0 son p\u00e9ch\u00e9 qu\u2019il reconna\u00eet et avoue; alors le pr\u00eatre l\u2019invite \u00e0 la conversion et lui manifeste le pardon de Dieu.<\/p>\n\n\n\n<p><em>Jn 20,22-23&nbsp;(J\u00e9sus)&nbsp;souffla sur eux et leur dit : \u201d Recevez l<strong>\u2018Esprit Saint&nbsp;<\/strong>;&nbsp;ceux \u00e0 qui vous remettrez les p\u00e9ch\u00e9s, ils leur seront remis<\/em>.<\/p>\n\n\n\n<figure class=\"wp-block-image\"><img decoding=\"async\" src=\"https:\/\/catholiques17.fr\/spm\/wp-content\/uploads\/sites\/9\/2019\/07\/DSCN0423-1-2048x1536.jpg\" alt=\"\" class=\"wp-image-311\" \/><\/figure>\n\n\n\n<figure class=\"wp-block-image\"><img decoding=\"async\" src=\"https:\/\/catholiques17.fr\/spm\/wp-content\/uploads\/sites\/9\/2019\/07\/DSCN0424-1-1536x2048.jpg\" alt=\"\" class=\"wp-image-312\" \/><\/figure>\n\n\n\n<p>Mosa\u00efque invoquant l\u2019Esprit Saint<\/p>\n\n\n\n<figure class=\"wp-block-image\"><img decoding=\"async\" src=\"https:\/\/catholiques17.fr\/spm\/wp-content\/uploads\/sites\/9\/2019\/07\/DSCN0004-1-2048x1368.jpg\" alt=\"\" class=\"wp-image-315\" \/><figcaption>mosa\u00efque sign\u00e9 CBrand 1974<\/figcaption><\/figure>\n","protected":false},"excerpt":{"rendered":"<p>La Chapelle du St-Esprit La premi\u00e8re pierre de la chapelle du Saint-Esprit a \u00e9t\u00e9 pos\u00e9e le 27 ao\u00fbt 1967. Au cours de cette b\u00e9n\u00e9diction, un parchemin a \u00e9t\u00e9 ench\u00e2ss\u00e9 dans [&hellip;]<\/p>\n","protected":false},"author":5,"featured_media":0,"parent":6040,"menu_order":0,"comment_status":"closed","ping_status":"closed","template":"","meta":{"_et_pb_use_builder":"off","_et_pb_old_content":"","_et_gb_content_width":"","footnotes":""},"class_list":["post-4648","page","type-page","status-publish","hentry"],"_links":{"self":[{"href":"https:\/\/catholiques17.fr\/spm\/wp-json\/wp\/v2\/pages\/4648","targetHints":{"allow":["GET"]}}],"collection":[{"href":"https:\/\/catholiques17.fr\/spm\/wp-json\/wp\/v2\/pages"}],"about":[{"href":"https:\/\/catholiques17.fr\/spm\/wp-json\/wp\/v2\/types\/page"}],"author":[{"embeddable":true,"href":"https:\/\/catholiques17.fr\/spm\/wp-json\/wp\/v2\/users\/5"}],"replies":[{"embeddable":true,"href":"https:\/\/catholiques17.fr\/spm\/wp-json\/wp\/v2\/comments?post=4648"}],"version-history":[{"count":2,"href":"https:\/\/catholiques17.fr\/spm\/wp-json\/wp\/v2\/pages\/4648\/revisions"}],"predecessor-version":[{"id":4751,"href":"https:\/\/catholiques17.fr\/spm\/wp-json\/wp\/v2\/pages\/4648\/revisions\/4751"}],"up":[{"embeddable":true,"href":"https:\/\/catholiques17.fr\/spm\/wp-json\/wp\/v2\/pages\/6040"}],"wp:attachment":[{"href":"https:\/\/catholiques17.fr\/spm\/wp-json\/wp\/v2\/media?parent=4648"}],"curies":[{"name":"wp","href":"https:\/\/api.w.org\/{rel}","templated":true}]}}