{"id":7391,"date":"2026-03-12T14:55:57","date_gmt":"2026-03-12T13:55:57","guid":{"rendered":"https:\/\/catholiques17.fr\/souzy\/?post_type=tribe_events&#038;p=7391"},"modified":"2026-03-12T14:55:57","modified_gmt":"2026-03-12T13:55:57","slug":"table-du-monde-7","status":"publish","type":"tribe_events","link":"https:\/\/catholiques17.fr\/souzy\/event\/table-du-monde-7\/","title":{"rendered":"Table du monde"},"content":{"rendered":"<p>N&rsquo;h\u00e9sitez pas \u00e0 venir partager un moment convivial et gourmand \u00e0 l&rsquo;occasion de la Table du monde, ce vendredi 20 mars<\/p>\n<p>R\u00e9servation aupr\u00e8s de Mich\u00e8le : 06 60 13 67 16<\/p>\n","protected":false},"excerpt":{"rendered":"<p>N&rsquo;h\u00e9sitez pas \u00e0 venir partager un moment convivial et gourmand \u00e0 l&rsquo;occasion de la Table du monde, ce vendredi 20 mars R\u00e9servation aupr\u00e8s de Mich\u00e8le : 06 60 13 67 [&hellip;]<\/p>\n","protected":false},"author":4,"featured_media":7389,"template":"","meta":{"_et_pb_use_builder":"","_et_pb_old_content":"","_et_gb_content_width":"","_tribe_events_status":"","_tribe_events_status_reason":"","footnotes":""},"tags":[],"tribe_events_cat":[],"class_list":["post-7391","tribe_events","type-tribe_events","status-publish","has-post-thumbnail","hentry"],"_links":{"self":[{"href":"https:\/\/catholiques17.fr\/souzy\/wp-json\/wp\/v2\/tribe_events\/7391","targetHints":{"allow":["GET"]}}],"collection":[{"href":"https:\/\/catholiques17.fr\/souzy\/wp-json\/wp\/v2\/tribe_events"}],"about":[{"href":"https:\/\/catholiques17.fr\/souzy\/wp-json\/wp\/v2\/types\/tribe_events"}],"author":[{"embeddable":true,"href":"https:\/\/catholiques17.fr\/souzy\/wp-json\/wp\/v2\/users\/4"}],"version-history":[{"count":1,"href":"https:\/\/catholiques17.fr\/souzy\/wp-json\/wp\/v2\/tribe_events\/7391\/revisions"}],"predecessor-version":[{"id":7392,"href":"https:\/\/catholiques17.fr\/souzy\/wp-json\/wp\/v2\/tribe_events\/7391\/revisions\/7392"}],"wp:featuredmedia":[{"embeddable":true,"href":"https:\/\/catholiques17.fr\/souzy\/wp-json\/wp\/v2\/media\/7389"}],"wp:attachment":[{"href":"https:\/\/catholiques17.fr\/souzy\/wp-json\/wp\/v2\/media?parent=7391"}],"wp:term":[{"taxonomy":"post_tag","embeddable":true,"href":"https:\/\/catholiques17.fr\/souzy\/wp-json\/wp\/v2\/tags?post=7391"},{"taxonomy":"tribe_events_cat","embeddable":true,"href":"https:\/\/catholiques17.fr\/souzy\/wp-json\/wp\/v2\/tribe_events_cat?post=7391"}],"curies":[{"name":"wp","href":"https:\/\/api.w.org\/{rel}","templated":true}]}}

<p>N&rsquo;hésitez pas à venir partager un moment convivial et gourmand à l&rsquo;occasion de la Table du monde, ce vendredi 20 mars</p>
<p>Réservation auprès de Michèle : 06 60 13 67 16</p>

<p>N&rsquo;hésitez pas à venir partager un moment convivial et gourmand à l&rsquo;occasion de la Table du monde, ce vendredi 20 mars Réservation auprès de Michèle : 06 60 13 67 [&hellip;]</p>
