{"id":7387,"date":"2026-03-05T16:32:33","date_gmt":"2026-03-05T15:32:33","guid":{"rendered":"https:\/\/catholiques17.fr\/souzy\/?post_type=tribe_events&#038;p=7387"},"modified":"2026-03-05T16:32:33","modified_gmt":"2026-03-05T15:32:33","slug":"film-la-theorie-du-boxeur","status":"publish","type":"tribe_events","link":"https:\/\/catholiques17.fr\/souzy\/event\/film-la-theorie-du-boxeur\/","title":{"rendered":"Film \u00ab\u00a0la th\u00e9orie du boxeur\u00a0\u00bb"},"content":{"rendered":"<div>\n<div>\n<div>\n<p>En partenariat avec Eco Chr\u00e9tiens 17 et le Secours catholique, diffusion de \u00ab\u00a0La th\u00e9orie du boxeur\u00a0\u00bb. Il s\u2019agit d\u2019un documentaire de Nathana\u00ebl Coste, explorant les adaptations des exploitations agricoles de la vall\u00e9e de la Dr\u00f4me face au d\u00e9r\u00e8glement climatique, tout en questionnant la r\u00e9silience alimentaire des territoires. Diffusion suivie d\u2019un \u00e9change.<\/p>\n<\/div>\n<\/div>\n<\/div>\n","protected":false},"excerpt":{"rendered":"<p>En partenariat avec Eco Chr\u00e9tiens 17 et le Secours catholique, diffusion de \u00ab\u00a0La th\u00e9orie du boxeur\u00a0\u00bb. Il s\u2019agit d\u2019un documentaire de Nathana\u00ebl Coste, explorant les adaptations des exploitations agricoles de [&hellip;]<\/p>\n","protected":false},"author":4,"featured_media":7375,"template":"","meta":{"_et_pb_use_builder":"","_et_pb_old_content":"","_et_gb_content_width":"","_tribe_events_status":"","_tribe_events_status_reason":"","footnotes":""},"tags":[],"tribe_events_cat":[],"class_list":["post-7387","tribe_events","type-tribe_events","status-publish","has-post-thumbnail","hentry"],"_links":{"self":[{"href":"https:\/\/catholiques17.fr\/souzy\/wp-json\/wp\/v2\/tribe_events\/7387","targetHints":{"allow":["GET"]}}],"collection":[{"href":"https:\/\/catholiques17.fr\/souzy\/wp-json\/wp\/v2\/tribe_events"}],"about":[{"href":"https:\/\/catholiques17.fr\/souzy\/wp-json\/wp\/v2\/types\/tribe_events"}],"author":[{"embeddable":true,"href":"https:\/\/catholiques17.fr\/souzy\/wp-json\/wp\/v2\/users\/4"}],"version-history":[{"count":1,"href":"https:\/\/catholiques17.fr\/souzy\/wp-json\/wp\/v2\/tribe_events\/7387\/revisions"}],"predecessor-version":[{"id":7388,"href":"https:\/\/catholiques17.fr\/souzy\/wp-json\/wp\/v2\/tribe_events\/7387\/revisions\/7388"}],"wp:featuredmedia":[{"embeddable":true,"href":"https:\/\/catholiques17.fr\/souzy\/wp-json\/wp\/v2\/media\/7375"}],"wp:attachment":[{"href":"https:\/\/catholiques17.fr\/souzy\/wp-json\/wp\/v2\/media?parent=7387"}],"wp:term":[{"taxonomy":"post_tag","embeddable":true,"href":"https:\/\/catholiques17.fr\/souzy\/wp-json\/wp\/v2\/tags?post=7387"},{"taxonomy":"tribe_events_cat","embeddable":true,"href":"https:\/\/catholiques17.fr\/souzy\/wp-json\/wp\/v2\/tribe_events_cat?post=7387"}],"curies":[{"name":"wp","href":"https:\/\/api.w.org\/{rel}","templated":true}]}}

Film « la théorie du boxeur »

<div>
<div>
<div>
<p>En partenariat avec Eco Chrétiens 17 et le Secours catholique, diffusion de « La théorie du boxeur ». Il s’agit d’un documentaire de Nathanaël Coste, explorant les adaptations des exploitations agricoles de la vallée de la Drôme face au dérèglement climatique, tout en questionnant la résilience alimentaire des territoires. Diffusion suivie d’un échange.</p>
</div>
</div>
</div>

<p>En partenariat avec Eco Chrétiens 17 et le Secours catholique, diffusion de « La théorie du boxeur ». Il s’agit d’un documentaire de Nathanaël Coste, explorant les adaptations des exploitations agricoles de [&hellip;]</p>
