{"id":7383,"date":"2026-03-05T16:29:09","date_gmt":"2026-03-05T15:29:09","guid":{"rendered":"https:\/\/catholiques17.fr\/souzy\/?post_type=tribe_events&#038;p=7383"},"modified":"2026-03-05T16:29:09","modified_gmt":"2026-03-05T15:29:09","slug":"balade-decouverte","status":"publish","type":"tribe_events","link":"https:\/\/catholiques17.fr\/souzy\/event\/balade-decouverte\/","title":{"rendered":"Balade d\u00e9couverte"},"content":{"rendered":"<div>\n<p>D\u00e9part vers le port des Minimes et sa plage pour d\u00e9couvrir la richesse de la biodiversit\u00e9 insoup\u00e7onn\u00e9e de ces espaces. Avec Ang\u00e9lique Fontanaud de l&rsquo;association Echo-Mer de La Rochelle et Anne Richard de l&rsquo;association \u00c0 fleur de mar\u00e9e.<\/p>\n<\/div>\n<div>\n<p>18h retour au centre Souzy afin que ceux et celles qui le souhaitent puissent assister \u00e0 la messe de 18h30 dans sa chapelle. Chacun pourra apporter ce qu&rsquo;il faut pour un repas partag\u00e9 pris sur place apr\u00e8s la messe.<\/p>\n<\/div>\n","protected":false},"excerpt":{"rendered":"<p>D\u00e9part vers le port des Minimes et sa plage pour d\u00e9couvrir la richesse de la biodiversit\u00e9 insoup\u00e7onn\u00e9e de ces espaces. Avec Ang\u00e9lique Fontanaud de l&rsquo;association Echo-Mer de La Rochelle et [&hellip;]<\/p>\n","protected":false},"author":4,"featured_media":7375,"template":"","meta":{"_et_pb_use_builder":"","_et_pb_old_content":"","_et_gb_content_width":"","_tribe_events_status":"","_tribe_events_status_reason":"","footnotes":""},"tags":[],"tribe_events_cat":[],"class_list":["post-7383","tribe_events","type-tribe_events","status-publish","has-post-thumbnail","hentry"],"_links":{"self":[{"href":"https:\/\/catholiques17.fr\/souzy\/wp-json\/wp\/v2\/tribe_events\/7383","targetHints":{"allow":["GET"]}}],"collection":[{"href":"https:\/\/catholiques17.fr\/souzy\/wp-json\/wp\/v2\/tribe_events"}],"about":[{"href":"https:\/\/catholiques17.fr\/souzy\/wp-json\/wp\/v2\/types\/tribe_events"}],"author":[{"embeddable":true,"href":"https:\/\/catholiques17.fr\/souzy\/wp-json\/wp\/v2\/users\/4"}],"version-history":[{"count":1,"href":"https:\/\/catholiques17.fr\/souzy\/wp-json\/wp\/v2\/tribe_events\/7383\/revisions"}],"predecessor-version":[{"id":7384,"href":"https:\/\/catholiques17.fr\/souzy\/wp-json\/wp\/v2\/tribe_events\/7383\/revisions\/7384"}],"wp:featuredmedia":[{"embeddable":true,"href":"https:\/\/catholiques17.fr\/souzy\/wp-json\/wp\/v2\/media\/7375"}],"wp:attachment":[{"href":"https:\/\/catholiques17.fr\/souzy\/wp-json\/wp\/v2\/media?parent=7383"}],"wp:term":[{"taxonomy":"post_tag","embeddable":true,"href":"https:\/\/catholiques17.fr\/souzy\/wp-json\/wp\/v2\/tags?post=7383"},{"taxonomy":"tribe_events_cat","embeddable":true,"href":"https:\/\/catholiques17.fr\/souzy\/wp-json\/wp\/v2\/tribe_events_cat?post=7383"}],"curies":[{"name":"wp","href":"https:\/\/api.w.org\/{rel}","templated":true}]}}

Balade découverte

<div>
<p>Départ vers le port des Minimes et sa plage pour découvrir la richesse de la biodiversité insoupçonnée de ces espaces. Avec Angélique Fontanaud de l&rsquo;association Echo-Mer de La Rochelle et Anne Richard de l&rsquo;association À fleur de marée.</p>
</div>
<div>
<p>18h retour au centre Souzy afin que ceux et celles qui le souhaitent puissent assister à la messe de 18h30 dans sa chapelle. Chacun pourra apporter ce qu&rsquo;il faut pour un repas partagé pris sur place après la messe.</p>
</div>

<p>Départ vers le port des Minimes et sa plage pour découvrir la richesse de la biodiversité insoupçonnée de ces espaces. Avec Angélique Fontanaud de l&rsquo;association Echo-Mer de La Rochelle et [&hellip;]</p>
