{"id":7339,"date":"2026-01-14T10:31:11","date_gmt":"2026-01-14T09:31:11","guid":{"rendered":"https:\/\/catholiques17.fr\/souzy\/?post_type=tribe_events&#038;p=7339"},"modified":"2026-01-14T10:31:11","modified_gmt":"2026-01-14T09:31:11","slug":"galette-partagee","status":"publish","type":"tribe_events","link":"https:\/\/catholiques17.fr\/souzy\/event\/galette-partagee\/","title":{"rendered":"Galette partag\u00e9e"},"content":{"rendered":"<p>L&rsquo;\u00e9quipe de direction de la Maison de la parole JB Souzy vous invite au partage de la galette ce samedi 17 janvier, \u00e0 15h, salle de la Rotonde.<br \/>\nL&rsquo;occasion, en ce d\u00e9but d&rsquo;ann\u00e9e, de se rencontrer et de d\u00e9couvrir les \u00e9v\u00e9nements programm\u00e9s pour l&rsquo;ann\u00e9e 2026 !<\/p>\n","protected":false},"excerpt":{"rendered":"<p>L&rsquo;\u00e9quipe de direction de la Maison de la parole JB Souzy vous invite au partage de la galette ce samedi 17 janvier, \u00e0 15h, salle de la Rotonde. L&rsquo;occasion, en [&hellip;]<\/p>\n","protected":false},"author":4,"featured_media":7340,"template":"","meta":{"_et_pb_use_builder":"","_et_pb_old_content":"","_et_gb_content_width":"","_tribe_events_status":"","_tribe_events_status_reason":"","footnotes":""},"tags":[],"tribe_events_cat":[],"class_list":["post-7339","tribe_events","type-tribe_events","status-publish","has-post-thumbnail","hentry"],"_links":{"self":[{"href":"https:\/\/catholiques17.fr\/souzy\/wp-json\/wp\/v2\/tribe_events\/7339","targetHints":{"allow":["GET"]}}],"collection":[{"href":"https:\/\/catholiques17.fr\/souzy\/wp-json\/wp\/v2\/tribe_events"}],"about":[{"href":"https:\/\/catholiques17.fr\/souzy\/wp-json\/wp\/v2\/types\/tribe_events"}],"author":[{"embeddable":true,"href":"https:\/\/catholiques17.fr\/souzy\/wp-json\/wp\/v2\/users\/4"}],"version-history":[{"count":1,"href":"https:\/\/catholiques17.fr\/souzy\/wp-json\/wp\/v2\/tribe_events\/7339\/revisions"}],"predecessor-version":[{"id":7341,"href":"https:\/\/catholiques17.fr\/souzy\/wp-json\/wp\/v2\/tribe_events\/7339\/revisions\/7341"}],"wp:featuredmedia":[{"embeddable":true,"href":"https:\/\/catholiques17.fr\/souzy\/wp-json\/wp\/v2\/media\/7340"}],"wp:attachment":[{"href":"https:\/\/catholiques17.fr\/souzy\/wp-json\/wp\/v2\/media?parent=7339"}],"wp:term":[{"taxonomy":"post_tag","embeddable":true,"href":"https:\/\/catholiques17.fr\/souzy\/wp-json\/wp\/v2\/tags?post=7339"},{"taxonomy":"tribe_events_cat","embeddable":true,"href":"https:\/\/catholiques17.fr\/souzy\/wp-json\/wp\/v2\/tribe_events_cat?post=7339"}],"curies":[{"name":"wp","href":"https:\/\/api.w.org\/{rel}","templated":true}]}}

Galette partagée

<p>L&rsquo;équipe de direction de la Maison de la parole JB Souzy vous invite au partage de la galette ce samedi 17 janvier, à 15h, salle de la Rotonde.<br />
L&rsquo;occasion, en ce début d&rsquo;année, de se rencontrer et de découvrir les événements programmés pour l&rsquo;année 2026 !</p>

<p>L&rsquo;équipe de direction de la Maison de la parole JB Souzy vous invite au partage de la galette ce samedi 17 janvier, à 15h, salle de la Rotonde. L&rsquo;occasion, en [&hellip;]</p>
