{"id":7337,"date":"2026-01-14T10:25:23","date_gmt":"2026-01-14T09:25:23","guid":{"rendered":"https:\/\/catholiques17.fr\/souzy\/?post_type=tribe_events&#038;p=7337"},"modified":"2026-01-14T10:25:23","modified_gmt":"2026-01-14T09:25:23","slug":"exposition-lumiere-source-de-vie","status":"publish","type":"tribe_events","link":"https:\/\/catholiques17.fr\/souzy\/event\/exposition-lumiere-source-de-vie\/","title":{"rendered":"Exposition : Lumi\u00e8re source de vie"},"content":{"rendered":"<div class=\"et_pb_module et_pb_text et_pb_text_0 et_pb_text_align_left et_pb_bg_layout_light et_had_animation\">\n<div class=\"et_pb_text_inner\">\n<h4>Salle de la rotonde, du 13 janvier au 13 f\u00e9vrier 2026, les lundis, mardis, mercredis et vendredis, de 15h \u00e0 18h, hors vacances scolaires et jours f\u00e9ri\u00e9s.<\/h4>\n<\/div>\n<\/div>\n<div class=\"et_pb_module et_pb_text et_pb_text_1  et_pb_text_align_left et_pb_bg_layout_light\">\n<div class=\"et_pb_text_inner\">\n<h6>Pour toute visite de l\u2019exposition durant les apr\u00e8s-midi en semaine entre 15h et 18h, veuillez vous assurer de la disponibilit\u00e9 de la salle en t\u00e9l\u00e9phonant auparavant 05 46 44 77 13<\/h6>\n<\/div>\n<\/div>\n","protected":false},"excerpt":{"rendered":"<p>Salle de la rotonde, du 13 janvier au 13 f\u00e9vrier 2026, les lundis, mardis, mercredis et vendredis, de 15h \u00e0 18h, hors vacances scolaires et jours f\u00e9ri\u00e9s. Pour toute visite [&hellip;]<\/p>\n","protected":false},"author":4,"featured_media":7334,"template":"","meta":{"_et_pb_use_builder":"","_et_pb_old_content":"","_et_gb_content_width":"","_tribe_events_status":"","_tribe_events_status_reason":"","footnotes":""},"tags":[],"tribe_events_cat":[],"class_list":["post-7337","tribe_events","type-tribe_events","status-publish","has-post-thumbnail","hentry"],"_links":{"self":[{"href":"https:\/\/catholiques17.fr\/souzy\/wp-json\/wp\/v2\/tribe_events\/7337","targetHints":{"allow":["GET"]}}],"collection":[{"href":"https:\/\/catholiques17.fr\/souzy\/wp-json\/wp\/v2\/tribe_events"}],"about":[{"href":"https:\/\/catholiques17.fr\/souzy\/wp-json\/wp\/v2\/types\/tribe_events"}],"author":[{"embeddable":true,"href":"https:\/\/catholiques17.fr\/souzy\/wp-json\/wp\/v2\/users\/4"}],"version-history":[{"count":1,"href":"https:\/\/catholiques17.fr\/souzy\/wp-json\/wp\/v2\/tribe_events\/7337\/revisions"}],"predecessor-version":[{"id":7338,"href":"https:\/\/catholiques17.fr\/souzy\/wp-json\/wp\/v2\/tribe_events\/7337\/revisions\/7338"}],"wp:featuredmedia":[{"embeddable":true,"href":"https:\/\/catholiques17.fr\/souzy\/wp-json\/wp\/v2\/media\/7334"}],"wp:attachment":[{"href":"https:\/\/catholiques17.fr\/souzy\/wp-json\/wp\/v2\/media?parent=7337"}],"wp:term":[{"taxonomy":"post_tag","embeddable":true,"href":"https:\/\/catholiques17.fr\/souzy\/wp-json\/wp\/v2\/tags?post=7337"},{"taxonomy":"tribe_events_cat","embeddable":true,"href":"https:\/\/catholiques17.fr\/souzy\/wp-json\/wp\/v2\/tribe_events_cat?post=7337"}],"curies":[{"name":"wp","href":"https:\/\/api.w.org\/{rel}","templated":true}]}}

Exposition : Lumière source de vie

<div class="et_pb_module et_pb_text et_pb_text_0 et_pb_text_align_left et_pb_bg_layout_light et_had_animation">
<div class="et_pb_text_inner">
<h4>Salle de la rotonde, du 13 janvier au 13 février 2026, les lundis, mardis, mercredis et vendredis, de 15h à 18h, hors vacances scolaires et jours fériés.</h4>
</div>
</div>
<div class="et_pb_module et_pb_text et_pb_text_1  et_pb_text_align_left et_pb_bg_layout_light">
<div class="et_pb_text_inner">
<h6>Pour toute visite de l’exposition durant les après-midi en semaine entre 15h et 18h, veuillez vous assurer de la disponibilité de la salle en téléphonant auparavant 05 46 44 77 13</h6>
</div>
</div>

<p>Salle de la rotonde, du 13 janvier au 13 février 2026, les lundis, mardis, mercredis et vendredis, de 15h à 18h, hors vacances scolaires et jours fériés. Pour toute visite [&hellip;]</p>
