{"id":7303,"date":"2025-10-31T09:08:17","date_gmt":"2025-10-31T08:08:17","guid":{"rendered":"https:\/\/catholiques17.fr\/souzy\/?post_type=tribe_events&#038;p=7303"},"modified":"2026-01-14T10:23:09","modified_gmt":"2026-01-14T09:23:09","slug":"exposition-voyages-en-couleurs","status":"publish","type":"tribe_events","link":"https:\/\/catholiques17.fr\/souzy\/event\/exposition-voyages-en-couleurs\/","title":{"rendered":"Exposition \u00ab\u00a0Voyages en couleurs\u00a0\u00bb"},"content":{"rendered":"<p>Les peintures \u00e0 l&rsquo;huile de Marianne KARL, travaill\u00e9es au couteau, entre mati\u00e8re et couleurs, nous offrent des paysages et des personnages tr\u00e8s color\u00e9s, entre abstraction et figuration.<\/p>\n<p>Exposition visible salle de la Rotonde \u00e0 la Maison de la Parole, du 1er d\u00e9cembre au 16 janvier 2026<\/p>\n","protected":false},"excerpt":{"rendered":"<p>Les peintures \u00e0 l&rsquo;huile de Marianne KARL, travaill\u00e9es au couteau, entre mati\u00e8re et couleurs, nous offrent des paysages et des personnages tr\u00e8s color\u00e9s, entre abstraction et figuration. Exposition visible salle [&hellip;]<\/p>\n","protected":false},"author":4,"featured_media":0,"template":"","meta":{"_et_pb_use_builder":"","_et_pb_old_content":"","_et_gb_content_width":"","_tribe_events_status":"","_tribe_events_status_reason":"","footnotes":""},"tags":[],"tribe_events_cat":[],"class_list":["post-7303","tribe_events","type-tribe_events","status-publish","hentry"],"_links":{"self":[{"href":"https:\/\/catholiques17.fr\/souzy\/wp-json\/wp\/v2\/tribe_events\/7303","targetHints":{"allow":["GET"]}}],"collection":[{"href":"https:\/\/catholiques17.fr\/souzy\/wp-json\/wp\/v2\/tribe_events"}],"about":[{"href":"https:\/\/catholiques17.fr\/souzy\/wp-json\/wp\/v2\/types\/tribe_events"}],"author":[{"embeddable":true,"href":"https:\/\/catholiques17.fr\/souzy\/wp-json\/wp\/v2\/users\/4"}],"version-history":[{"count":1,"href":"https:\/\/catholiques17.fr\/souzy\/wp-json\/wp\/v2\/tribe_events\/7303\/revisions"}],"predecessor-version":[{"id":7305,"href":"https:\/\/catholiques17.fr\/souzy\/wp-json\/wp\/v2\/tribe_events\/7303\/revisions\/7305"}],"wp:attachment":[{"href":"https:\/\/catholiques17.fr\/souzy\/wp-json\/wp\/v2\/media?parent=7303"}],"wp:term":[{"taxonomy":"post_tag","embeddable":true,"href":"https:\/\/catholiques17.fr\/souzy\/wp-json\/wp\/v2\/tags?post=7303"},{"taxonomy":"tribe_events_cat","embeddable":true,"href":"https:\/\/catholiques17.fr\/souzy\/wp-json\/wp\/v2\/tribe_events_cat?post=7303"}],"curies":[{"name":"wp","href":"https:\/\/api.w.org\/{rel}","templated":true}]}}

<p>Les peintures à l&rsquo;huile de Marianne KARL, travaillées au couteau, entre matière et couleurs, nous offrent des paysages et des personnages très colorés, entre abstraction et figuration.</p>
<p>Exposition visible salle de la Rotonde à la Maison de la Parole, du 1er décembre au 16 janvier 2026</p>

<p>Les peintures à l&rsquo;huile de Marianne KARL, travaillées au couteau, entre matière et couleurs, nous offrent des paysages et des personnages très colorés, entre abstraction et figuration. Exposition visible salle [&hellip;]</p>
