{"id":7270,"date":"2025-09-05T15:10:36","date_gmt":"2025-09-05T13:10:36","guid":{"rendered":"https:\/\/catholiques17.fr\/souzy\/?post_type=tribe_events&#038;p=7270"},"modified":"2025-09-05T15:16:05","modified_gmt":"2025-09-05T13:16:05","slug":"halte-spirituelle-etre-signe-desperance","status":"publish","type":"tribe_events","link":"https:\/\/catholiques17.fr\/souzy\/event\/halte-spirituelle-etre-signe-desperance\/","title":{"rendered":"Halte spirituelle : Etre signe d&rsquo;esp\u00e9rance"},"content":{"rendered":"<p>A l\u2019invitation du Chemin ignatien 17, une halte spirituelle est propos\u00e9e le Samedi 29 novembre \u00e0 la Maison de la prole JB Souzy, de 9h30 \u00e0 16h30<br \/>\nChacun apporte son pique-nique.<\/p>\n<p>Il n\u2019est pas n\u00e9cessaire d\u2019avoir particip\u00e9 aux rencontres pr\u00e9c\u00e9dentes pour venir \u00e0 celle-ci<img loading=\"lazy\" decoding=\"async\" class=\"alignleft size-full wp-image-7127\" src=\"https:\/\/catholiques17.fr\/souzy\/wp-content\/uploads\/sites\/28\/2025\/03\/Chemin-ignatien17-verso.jpg\" alt=\"\" width=\"800\" height=\"565\" srcset=\"https:\/\/catholiques17.fr\/souzy\/wp-content\/uploads\/sites\/28\/2025\/03\/Chemin-ignatien17-verso.jpg 800w, https:\/\/catholiques17.fr\/souzy\/wp-content\/uploads\/sites\/28\/2025\/03\/Chemin-ignatien17-verso-480x339.jpg 480w\" sizes=\"(min-width: 0px) and (max-width: 480px) 480px, (min-width: 481px) 800px, 100vw\" \/><\/p>\n<p><img loading=\"lazy\" decoding=\"async\" class=\"alignleft size-full wp-image-7126\" src=\"https:\/\/catholiques17.fr\/souzy\/wp-content\/uploads\/sites\/28\/2025\/03\/Chemin-ignatien17-recto.jpg\" alt=\"\" width=\"800\" height=\"565\" srcset=\"https:\/\/catholiques17.fr\/souzy\/wp-content\/uploads\/sites\/28\/2025\/03\/Chemin-ignatien17-recto.jpg 800w, https:\/\/catholiques17.fr\/souzy\/wp-content\/uploads\/sites\/28\/2025\/03\/Chemin-ignatien17-recto-480x339.jpg 480w\" sizes=\"(min-width: 0px) and (max-width: 480px) 480px, (min-width: 481px) 800px, 100vw\" \/><\/p>\n","protected":false},"excerpt":{"rendered":"<p>A l\u2019invitation du Chemin ignatien 17, une halte spirituelle est propos\u00e9e le Samedi 29 novembre \u00e0 la Maison de la prole JB Souzy, de 9h30 \u00e0 16h30 Chacun apporte son [&hellip;]<\/p>\n","protected":false},"author":4,"featured_media":7129,"template":"","meta":{"_et_pb_use_builder":"","_et_pb_old_content":"","_et_gb_content_width":"","_tribe_events_status":"","_tribe_events_status_reason":"","footnotes":""},"tags":[],"tribe_events_cat":[],"class_list":["post-7270","tribe_events","type-tribe_events","status-publish","has-post-thumbnail","hentry"],"_links":{"self":[{"href":"https:\/\/catholiques17.fr\/souzy\/wp-json\/wp\/v2\/tribe_events\/7270","targetHints":{"allow":["GET"]}}],"collection":[{"href":"https:\/\/catholiques17.fr\/souzy\/wp-json\/wp\/v2\/tribe_events"}],"about":[{"href":"https:\/\/catholiques17.fr\/souzy\/wp-json\/wp\/v2\/types\/tribe_events"}],"author":[{"embeddable":true,"href":"https:\/\/catholiques17.fr\/souzy\/wp-json\/wp\/v2\/users\/4"}],"version-history":[{"count":3,"href":"https:\/\/catholiques17.fr\/souzy\/wp-json\/wp\/v2\/tribe_events\/7270\/revisions"}],"predecessor-version":[{"id":7274,"href":"https:\/\/catholiques17.fr\/souzy\/wp-json\/wp\/v2\/tribe_events\/7270\/revisions\/7274"}],"wp:featuredmedia":[{"embeddable":true,"href":"https:\/\/catholiques17.fr\/souzy\/wp-json\/wp\/v2\/media\/7129"}],"wp:attachment":[{"href":"https:\/\/catholiques17.fr\/souzy\/wp-json\/wp\/v2\/media?parent=7270"}],"wp:term":[{"taxonomy":"post_tag","embeddable":true,"href":"https:\/\/catholiques17.fr\/souzy\/wp-json\/wp\/v2\/tags?post=7270"},{"taxonomy":"tribe_events_cat","embeddable":true,"href":"https:\/\/catholiques17.fr\/souzy\/wp-json\/wp\/v2\/tribe_events_cat?post=7270"}],"curies":[{"name":"wp","href":"https:\/\/api.w.org\/{rel}","templated":true}]}}

Halte spirituelle : Etre signe d&rsquo;espérance

<p>A l’invitation du Chemin ignatien 17, une halte spirituelle est proposée le Samedi 29 novembre à la Maison de la prole JB Souzy, de 9h30 à 16h30<br />
Chacun apporte son pique-nique.</p>
<p>Il n’est pas nécessaire d’avoir participé aux rencontres précédentes pour venir à celle-ci<img loading="lazy" decoding="async" class="alignleft size-full wp-image-7127" src="https://catholiques17.fr/souzy/wp-content/uploads/sites/28/2025/03/Chemin-ignatien17-verso.jpg" alt="" width="800" height="565" srcset="https://catholiques17.fr/souzy/wp-content/uploads/sites/28/2025/03/Chemin-ignatien17-verso.jpg 800w, https://catholiques17.fr/souzy/wp-content/uploads/sites/28/2025/03/Chemin-ignatien17-verso-480x339.jpg 480w" sizes="(min-width: 0px) and (max-width: 480px) 480px, (min-width: 481px) 800px, 100vw" /></p>
<p><img loading="lazy" decoding="async" class="alignleft size-full wp-image-7126" src="https://catholiques17.fr/souzy/wp-content/uploads/sites/28/2025/03/Chemin-ignatien17-recto.jpg" alt="" width="800" height="565" srcset="https://catholiques17.fr/souzy/wp-content/uploads/sites/28/2025/03/Chemin-ignatien17-recto.jpg 800w, https://catholiques17.fr/souzy/wp-content/uploads/sites/28/2025/03/Chemin-ignatien17-recto-480x339.jpg 480w" sizes="(min-width: 0px) and (max-width: 480px) 480px, (min-width: 481px) 800px, 100vw" /></p>

<p>A l’invitation du Chemin ignatien 17, une halte spirituelle est proposée le Samedi 29 novembre à la Maison de la prole JB Souzy, de 9h30 à 16h30 Chacun apporte son [&hellip;]</p>
