{"id":6856,"date":"2024-08-05T14:10:27","date_gmt":"2024-08-05T12:10:27","guid":{"rendered":"https:\/\/catholiques17.fr\/souzy\/?post_type=tribe_events&#038;p=6856"},"modified":"2024-10-25T10:56:06","modified_gmt":"2024-10-25T08:56:06","slug":"festisol-une-nouvelle-edition-a-souzy","status":"publish","type":"tribe_events","link":"https:\/\/catholiques17.fr\/souzy\/event\/festisol-une-nouvelle-edition-a-souzy\/","title":{"rendered":"Festisol : une nouvelle \u00e9dition \u00e0 Souzy"},"content":{"rendered":"<p>Comme chaque ann\u00e9e, la maison de la Parole s&rsquo;associe au festival Festisol, en lien avec le CCFD-terre solidaire<\/p>\n<p>Cette ann\u00e9e, r\u00e9servez votre soir\u00e9e du mercredi 27 novembre \u00e0 20h\u00a0 : le th\u00e8me retenu sera la finance solidaire.<\/p>\n<p><a href=\"https:\/\/www.festivaldessolidarites.org\/\" target=\"_blank\" rel=\"noopener\">https:\/\/www.festivaldessolidarites.org\/<\/a><\/p>\n<p><a href=\"https:\/\/catholiques17.fr\/souzy\/wp-content\/uploads\/sites\/28\/2024\/08\/Souzy-Finance-solidaire.png\" target=\"_blank\" rel=\"noopener\"><img loading=\"lazy\" decoding=\"async\" class=\"aligncenter size-medium wp-image-6968\" src=\"https:\/\/catholiques17.fr\/souzy\/wp-content\/uploads\/sites\/28\/2024\/08\/Souzy-Finance-solidaire-212x300.png\" alt=\"\" width=\"212\" height=\"300\" \/><\/a><\/p>\n<p>&nbsp;<\/p>\n","protected":false},"excerpt":{"rendered":"<p>Comme chaque ann\u00e9e, la maison de la Parole s&rsquo;associe au festival Festisol, en lien avec le CCFD-terre solidaire Cette ann\u00e9e, r\u00e9servez votre soir\u00e9e du mercredi 27 novembre \u00e0 20h\u00a0 : [&hellip;]<\/p>\n","protected":false},"author":4,"featured_media":6857,"template":"","meta":{"_et_pb_use_builder":"","_et_pb_old_content":"","_et_gb_content_width":"","_tribe_events_status":"","_tribe_events_status_reason":"","footnotes":""},"tags":[],"tribe_events_cat":[],"class_list":["post-6856","tribe_events","type-tribe_events","status-publish","has-post-thumbnail","hentry"],"_links":{"self":[{"href":"https:\/\/catholiques17.fr\/souzy\/wp-json\/wp\/v2\/tribe_events\/6856","targetHints":{"allow":["GET"]}}],"collection":[{"href":"https:\/\/catholiques17.fr\/souzy\/wp-json\/wp\/v2\/tribe_events"}],"about":[{"href":"https:\/\/catholiques17.fr\/souzy\/wp-json\/wp\/v2\/types\/tribe_events"}],"author":[{"embeddable":true,"href":"https:\/\/catholiques17.fr\/souzy\/wp-json\/wp\/v2\/users\/4"}],"version-history":[{"count":3,"href":"https:\/\/catholiques17.fr\/souzy\/wp-json\/wp\/v2\/tribe_events\/6856\/revisions"}],"predecessor-version":[{"id":6969,"href":"https:\/\/catholiques17.fr\/souzy\/wp-json\/wp\/v2\/tribe_events\/6856\/revisions\/6969"}],"wp:featuredmedia":[{"embeddable":true,"href":"https:\/\/catholiques17.fr\/souzy\/wp-json\/wp\/v2\/media\/6857"}],"wp:attachment":[{"href":"https:\/\/catholiques17.fr\/souzy\/wp-json\/wp\/v2\/media?parent=6856"}],"wp:term":[{"taxonomy":"post_tag","embeddable":true,"href":"https:\/\/catholiques17.fr\/souzy\/wp-json\/wp\/v2\/tags?post=6856"},{"taxonomy":"tribe_events_cat","embeddable":true,"href":"https:\/\/catholiques17.fr\/souzy\/wp-json\/wp\/v2\/tribe_events_cat?post=6856"}],"curies":[{"name":"wp","href":"https:\/\/api.w.org\/{rel}","templated":true}]}}

Festisol : une nouvelle édition à Souzy

<p>Comme chaque année, la maison de la Parole s&rsquo;associe au festival Festisol, en lien avec le CCFD-terre solidaire</p>
<p>Cette année, réservez votre soirée du mercredi 27 novembre à 20h  : le thème retenu sera la finance solidaire.</p>
<p><a href="https://www.festivaldessolidarites.org/" target="_blank" rel="noopener">https://www.festivaldessolidarites.org/</a></p>
<p><a href="https://catholiques17.fr/souzy/wp-content/uploads/sites/28/2024/08/Souzy-Finance-solidaire.png" target="_blank" rel="noopener"><img loading="lazy" decoding="async" class="aligncenter size-medium wp-image-6968" src="https://catholiques17.fr/souzy/wp-content/uploads/sites/28/2024/08/Souzy-Finance-solidaire-212x300.png" alt="" width="212" height="300" /></a></p>
<p>&nbsp;</p>

<p>Comme chaque année, la maison de la Parole s&rsquo;associe au festival Festisol, en lien avec le CCFD-terre solidaire Cette année, réservez votre soirée du mercredi 27 novembre à 20h  : [&hellip;]</p>
