{"id":6624,"date":"2024-05-23T15:35:08","date_gmt":"2024-05-23T13:35:08","guid":{"rendered":"https:\/\/catholiques17.fr\/souzy\/?post_type=tribe_events&#038;p=6624"},"modified":"2024-06-28T10:49:24","modified_gmt":"2024-06-28T08:49:24","slug":"exposition-photographique-coques-en-stock","status":"publish","type":"tribe_events","link":"https:\/\/catholiques17.fr\/souzy\/event\/exposition-photographique-coques-en-stock\/","title":{"rendered":"Exposition photographique : \u00ab\u00a0Coques en stock\u00a0\u00bb"},"content":{"rendered":"<p>Une nouvelle exposition sera mise en place\u00a0 dans la salle de la rotonde de la Maison de la Parole JB Souzy, du 3 au 28 juin 2024.<\/p>\n<p>\u201cCoques en stock\u201d, tel est le th\u00e8me mis en avant par Jacques Caillaud, photographe.<\/p>\n<p class=\"has-text-align-center has-white-color has-vivid-red-background-color has-text-color has-background has-link-color wp-elements-291e96632fa901cbdf603352c6e211f3\"><span style=\"color: #ffffff;\"><strong>L\u2019exposition est visible du 3 au 28 juin, salle de la rotonde, <\/strong><strong>les lundis, mardis, mercredis et vendredis de 15h \u00e0 18h<\/strong><\/span><\/p>\n<p class=\"has-text-align-center has-white-color has-vivid-red-background-color has-text-color has-background has-link-color\"><span style=\"color: #ffffff;\"><strong><em>Pour toute visite de l\u2019exposition durant les apr\u00e8s-midi<\/em><\/strong>\u00a0<strong><em>en semaine entre 15h et 18h,\u00a0<\/em><\/strong><strong><em>veuillez vous assurer de la disponibilit\u00e9 de la salle en t\u00e9l\u00e9phonant auparavant au 05 46 44 77 13<\/em><\/strong><\/span><\/p>\n","protected":false},"excerpt":{"rendered":"<p>Une nouvelle exposition sera mise en place\u00a0 dans la salle de la rotonde de la Maison de la Parole JB Souzy, du 3 au 28 juin 2024. \u201cCoques en stock\u201d, [&hellip;]<\/p>\n","protected":false},"author":4,"featured_media":6623,"template":"","meta":{"_et_pb_use_builder":"","_et_pb_old_content":"","_et_gb_content_width":"","_tribe_events_status":"","_tribe_events_status_reason":"","footnotes":""},"tags":[],"tribe_events_cat":[],"class_list":["post-6624","tribe_events","type-tribe_events","status-publish","has-post-thumbnail","hentry"],"_links":{"self":[{"href":"https:\/\/catholiques17.fr\/souzy\/wp-json\/wp\/v2\/tribe_events\/6624","targetHints":{"allow":["GET"]}}],"collection":[{"href":"https:\/\/catholiques17.fr\/souzy\/wp-json\/wp\/v2\/tribe_events"}],"about":[{"href":"https:\/\/catholiques17.fr\/souzy\/wp-json\/wp\/v2\/types\/tribe_events"}],"author":[{"embeddable":true,"href":"https:\/\/catholiques17.fr\/souzy\/wp-json\/wp\/v2\/users\/4"}],"version-history":[{"count":4,"href":"https:\/\/catholiques17.fr\/souzy\/wp-json\/wp\/v2\/tribe_events\/6624\/revisions"}],"predecessor-version":[{"id":6630,"href":"https:\/\/catholiques17.fr\/souzy\/wp-json\/wp\/v2\/tribe_events\/6624\/revisions\/6630"}],"wp:featuredmedia":[{"embeddable":true,"href":"https:\/\/catholiques17.fr\/souzy\/wp-json\/wp\/v2\/media\/6623"}],"wp:attachment":[{"href":"https:\/\/catholiques17.fr\/souzy\/wp-json\/wp\/v2\/media?parent=6624"}],"wp:term":[{"taxonomy":"post_tag","embeddable":true,"href":"https:\/\/catholiques17.fr\/souzy\/wp-json\/wp\/v2\/tags?post=6624"},{"taxonomy":"tribe_events_cat","embeddable":true,"href":"https:\/\/catholiques17.fr\/souzy\/wp-json\/wp\/v2\/tribe_events_cat?post=6624"}],"curies":[{"name":"wp","href":"https:\/\/api.w.org\/{rel}","templated":true}]}}

<p>Une nouvelle exposition sera mise en place  dans la salle de la rotonde de la Maison de la Parole JB Souzy, du 3 au 28 juin 2024.</p>
<p>“Coques en stock”, tel est le thème mis en avant par Jacques Caillaud, photographe.</p>
<p class="has-text-align-center has-white-color has-vivid-red-background-color has-text-color has-background has-link-color wp-elements-291e96632fa901cbdf603352c6e211f3"><span style="color: #ffffff;"><strong>L’exposition est visible du 3 au 28 juin, salle de la rotonde, </strong><strong>les lundis, mardis, mercredis et vendredis de 15h à 18h</strong></span></p>
<p class="has-text-align-center has-white-color has-vivid-red-background-color has-text-color has-background has-link-color"><span style="color: #ffffff;"><strong><em>Pour toute visite de l’exposition durant les après-midi</em></strong> <strong><em>en semaine entre 15h et 18h, </em></strong><strong><em>veuillez vous assurer de la disponibilité de la salle en téléphonant auparavant au 05 46 44 77 13</em></strong></span></p>
