{"id":6573,"date":"2024-04-04T15:02:11","date_gmt":"2024-04-04T13:02:11","guid":{"rendered":"https:\/\/catholiques17.fr\/souzy\/?post_type=tribe_events&#038;p=6573"},"modified":"2024-04-29T10:10:34","modified_gmt":"2024-04-29T08:10:34","slug":"exposition-de-peinture-memoire-deau-memoire-de-feu","status":"publish","type":"tribe_events","link":"https:\/\/catholiques17.fr\/souzy\/event\/exposition-de-peinture-memoire-deau-memoire-de-feu\/","title":{"rendered":"Exposition de peinture \u00ab\u00a0m\u00e9moires d&rsquo;eau, m\u00e9moires de feu\u00a0\u00bb"},"content":{"rendered":"<p>Une nouvelle exposition de peintures sera mise en place\u00a0 dans la salle de la rotonde de la Maison de la Parole JB Souzy, du 29 avril au 31 mai 2024.<\/p>\n<p>\u00ab\u00a0M\u00e9moires d&rsquo;eau, m\u00e9moires de feu\u00a0\u00bb, tel est le th\u00e8me mis en avant par l&rsquo;artiste-peintre Cirrusa.<\/p>\n<p class=\"has-text-align-center has-white-color has-vivid-red-background-color has-text-color has-background has-link-color wp-elements-291e96632fa901cbdf603352c6e211f3\"><span style=\"color: #ffffff;\"><strong>L\u2019exposition est visible du 28 avril au 31 mai, salle de la rotonde, <\/strong><strong>les lundis, mardis, mercredis et vendredis de 15h \u00e0 18h<\/strong><\/span><\/p>\n<p class=\"has-text-align-center has-white-color has-vivid-red-background-color has-text-color has-background has-link-color\"><span style=\"color: #ffffff;\"><strong><em>Pour toute visite de l\u2019exposition durant les apr\u00e8s-midi<\/em><\/strong>\u00a0<strong><em>en semaine entre 15h et 18h,\u00a0<\/em><\/strong><strong><em>veuillez vous assurer de la disponibilit\u00e9 de la salle en t\u00e9l\u00e9phonant auparavant au 05 46 44 77 13<\/em><\/strong><\/span><\/p>\n","protected":false},"excerpt":{"rendered":"<p>Une nouvelle exposition de peintures sera mise en place\u00a0 dans la salle de la rotonde de la Maison de la Parole JB Souzy, du 29 avril au 31 mai 2024. [&hellip;]<\/p>\n","protected":false},"author":4,"featured_media":6575,"template":"","meta":{"_et_pb_use_builder":"","_et_pb_old_content":"","_et_gb_content_width":"","_tribe_events_status":"","_tribe_events_status_reason":"","footnotes":""},"tags":[],"tribe_events_cat":[],"class_list":["post-6573","tribe_events","type-tribe_events","status-publish","has-post-thumbnail","hentry"],"_links":{"self":[{"href":"https:\/\/catholiques17.fr\/souzy\/wp-json\/wp\/v2\/tribe_events\/6573","targetHints":{"allow":["GET"]}}],"collection":[{"href":"https:\/\/catholiques17.fr\/souzy\/wp-json\/wp\/v2\/tribe_events"}],"about":[{"href":"https:\/\/catholiques17.fr\/souzy\/wp-json\/wp\/v2\/types\/tribe_events"}],"author":[{"embeddable":true,"href":"https:\/\/catholiques17.fr\/souzy\/wp-json\/wp\/v2\/users\/4"}],"version-history":[{"count":4,"href":"https:\/\/catholiques17.fr\/souzy\/wp-json\/wp\/v2\/tribe_events\/6573\/revisions"}],"predecessor-version":[{"id":6608,"href":"https:\/\/catholiques17.fr\/souzy\/wp-json\/wp\/v2\/tribe_events\/6573\/revisions\/6608"}],"wp:featuredmedia":[{"embeddable":true,"href":"https:\/\/catholiques17.fr\/souzy\/wp-json\/wp\/v2\/media\/6575"}],"wp:attachment":[{"href":"https:\/\/catholiques17.fr\/souzy\/wp-json\/wp\/v2\/media?parent=6573"}],"wp:term":[{"taxonomy":"post_tag","embeddable":true,"href":"https:\/\/catholiques17.fr\/souzy\/wp-json\/wp\/v2\/tags?post=6573"},{"taxonomy":"tribe_events_cat","embeddable":true,"href":"https:\/\/catholiques17.fr\/souzy\/wp-json\/wp\/v2\/tribe_events_cat?post=6573"}],"curies":[{"name":"wp","href":"https:\/\/api.w.org\/{rel}","templated":true}]}}

Exposition de peinture « mémoires d&rsquo;eau, mémoires de feu »

<p>Une nouvelle exposition de peintures sera mise en place  dans la salle de la rotonde de la Maison de la Parole JB Souzy, du 29 avril au 31 mai 2024.</p>
<p>« Mémoires d&rsquo;eau, mémoires de feu », tel est le thème mis en avant par l&rsquo;artiste-peintre Cirrusa.</p>
<p class="has-text-align-center has-white-color has-vivid-red-background-color has-text-color has-background has-link-color wp-elements-291e96632fa901cbdf603352c6e211f3"><span style="color: #ffffff;"><strong>L’exposition est visible du 28 avril au 31 mai, salle de la rotonde, </strong><strong>les lundis, mardis, mercredis et vendredis de 15h à 18h</strong></span></p>
<p class="has-text-align-center has-white-color has-vivid-red-background-color has-text-color has-background has-link-color"><span style="color: #ffffff;"><strong><em>Pour toute visite de l’exposition durant les après-midi</em></strong> <strong><em>en semaine entre 15h et 18h, </em></strong><strong><em>veuillez vous assurer de la disponibilité de la salle en téléphonant auparavant au 05 46 44 77 13</em></strong></span></p>
