{"id":6555,"date":"2024-03-14T16:16:47","date_gmt":"2024-03-14T15:16:47","guid":{"rendered":"https:\/\/catholiques17.fr\/souzy\/?post_type=tribe_events&#038;p=6555"},"modified":"2024-03-14T16:16:47","modified_gmt":"2024-03-14T15:16:47","slug":"forum-de-souzy-la-foi-se-transmet-elle","status":"publish","type":"tribe_events","link":"https:\/\/catholiques17.fr\/souzy\/event\/forum-de-souzy-la-foi-se-transmet-elle\/","title":{"rendered":"Forum de Souzy : la Foi se transmet-elle ?"},"content":{"rendered":"<h2 class=\"wp-block-heading\">Toute cette ann\u00e9e, c\u2019est la question de\u00a0<strong>la transmission<\/strong>\u00a0qui est au c\u0153ur des soir\u00e9es propos\u00e9es \u00e0 la Maison de la Parole JB Souzy.<\/h2>\n<div class=\"wp-block-spacer\" aria-hidden=\"true\"><\/div>\n<p>Pour cette cinqui\u00e8me rencontre, le mardi 14 mai \u00e0 20h (Maison de la parole JB Souzy), il sera question de la transmission de la Foi, avec :<\/p>\n<ul>\n<li>le P\u00e8re Jean-Marie Petitclerc, pr\u00eatre sal\u00e9sien, polytechnicien, \u00e9ducateur sp\u00e9cialis\u00e9, expert des questions d\u2019\u00e9ducation dans les zones sensibles, et \u00e9crivain<\/li>\n<li>Anne Raynaud, adjointe en pastorale scolaire au sein du groupe scolaire La Salle St Louis \u00e0 Pont Labb\u00e9 d\u2019Arnoult.<\/li>\n<li>Coralie Masson, responsable du P\u00f4le Annonce de la Foi dans notre dioc\u00e8se.<\/li>\n<\/ul>\n<div class=\"wp-block-spacer\" aria-hidden=\"true\"><\/div>\n<h4 class=\"wp-block-heading has-text-align-center\"><strong>\u2192 Une soir\u00e9e essentielle pour tous les acteurs de l\u2019annonce de la Foi, cat\u00e9chistes,<\/strong><\/h4>\n<h4 class=\"wp-block-heading has-text-align-center\"><strong>animateurs d\u2019aum\u00f4nerie, accompagnateurs de cat\u00e9chum\u00e8nes, etc \u2026<\/strong><\/h4>\n<div class=\"wp-block-spacer\" aria-hidden=\"true\"><\/div>\n<h4 class=\"wp-block-heading has-text-align-center has-luminous-vivid-amber-background-color has-background\"><strong>N\u2019h\u00e9sitez pas \u00e0 en parler et \u00e0 inviter les personnes concern\u00e9es par cette question !<\/strong><\/h4>\n","protected":false},"excerpt":{"rendered":"<p>Toute cette ann\u00e9e, c\u2019est la question de\u00a0la transmission\u00a0qui est au c\u0153ur des soir\u00e9es propos\u00e9es \u00e0 la Maison de la Parole JB Souzy. Pour cette cinqui\u00e8me rencontre, le mardi 14 mai [&hellip;]<\/p>\n","protected":false},"author":4,"featured_media":6552,"template":"","meta":{"_et_pb_use_builder":"","_et_pb_old_content":"","_et_gb_content_width":"","_tribe_events_status":"","_tribe_events_status_reason":"","footnotes":""},"tags":[],"tribe_events_cat":[],"class_list":["post-6555","tribe_events","type-tribe_events","status-publish","has-post-thumbnail","hentry"],"_links":{"self":[{"href":"https:\/\/catholiques17.fr\/souzy\/wp-json\/wp\/v2\/tribe_events\/6555","targetHints":{"allow":["GET"]}}],"collection":[{"href":"https:\/\/catholiques17.fr\/souzy\/wp-json\/wp\/v2\/tribe_events"}],"about":[{"href":"https:\/\/catholiques17.fr\/souzy\/wp-json\/wp\/v2\/types\/tribe_events"}],"author":[{"embeddable":true,"href":"https:\/\/catholiques17.fr\/souzy\/wp-json\/wp\/v2\/users\/4"}],"version-history":[{"count":1,"href":"https:\/\/catholiques17.fr\/souzy\/wp-json\/wp\/v2\/tribe_events\/6555\/revisions"}],"predecessor-version":[{"id":6556,"href":"https:\/\/catholiques17.fr\/souzy\/wp-json\/wp\/v2\/tribe_events\/6555\/revisions\/6556"}],"wp:featuredmedia":[{"embeddable":true,"href":"https:\/\/catholiques17.fr\/souzy\/wp-json\/wp\/v2\/media\/6552"}],"wp:attachment":[{"href":"https:\/\/catholiques17.fr\/souzy\/wp-json\/wp\/v2\/media?parent=6555"}],"wp:term":[{"taxonomy":"post_tag","embeddable":true,"href":"https:\/\/catholiques17.fr\/souzy\/wp-json\/wp\/v2\/tags?post=6555"},{"taxonomy":"tribe_events_cat","embeddable":true,"href":"https:\/\/catholiques17.fr\/souzy\/wp-json\/wp\/v2\/tribe_events_cat?post=6555"}],"curies":[{"name":"wp","href":"https:\/\/api.w.org\/{rel}","templated":true}]}}

<h2 class="wp-block-heading">Toute cette année, c’est la question de <strong>la transmission</strong> qui est au cœur des soirées proposées à la Maison de la Parole JB Souzy.</h2>
<div class="wp-block-spacer" aria-hidden="true"></div>
<p>Pour cette cinquième rencontre, le mardi 14 mai à 20h (Maison de la parole JB Souzy), il sera question de la transmission de la Foi, avec :</p>
<ul>
<li>le Père Jean-Marie Petitclerc, prêtre salésien, polytechnicien, éducateur spécialisé, expert des questions d’éducation dans les zones sensibles, et écrivain</li>
<li>Anne Raynaud, adjointe en pastorale scolaire au sein du groupe scolaire La Salle St Louis à Pont Labbé d’Arnoult.</li>
<li>Coralie Masson, responsable du Pôle Annonce de la Foi dans notre diocèse.</li>
</ul>
<div class="wp-block-spacer" aria-hidden="true"></div>
<h4 class="wp-block-heading has-text-align-center"><strong>→ Une soirée essentielle pour tous les acteurs de l’annonce de la Foi, catéchistes,</strong></h4>
<h4 class="wp-block-heading has-text-align-center"><strong>animateurs d’aumônerie, accompagnateurs de catéchumènes, etc …</strong></h4>
<div class="wp-block-spacer" aria-hidden="true"></div>
<h4 class="wp-block-heading has-text-align-center has-luminous-vivid-amber-background-color has-background"><strong>N’hésitez pas à en parler et à inviter les personnes concernées par cette question !</strong></h4>

<p>Toute cette année, c’est la question de la transmission qui est au cœur des soirées proposées à la Maison de la Parole JB Souzy. Pour cette cinquième rencontre, le mardi 14 mai [&hellip;]</p>
