{"id":6533,"date":"2024-03-08T10:08:38","date_gmt":"2024-03-08T09:08:38","guid":{"rendered":"https:\/\/catholiques17.fr\/souzy\/?post_type=tribe_events&#038;p=6533"},"modified":"2024-03-08T10:08:38","modified_gmt":"2024-03-08T09:08:38","slug":"atelier-cuisine-et-repas-gratuit-pour-les-etudiants-3","status":"publish","type":"tribe_events","link":"https:\/\/catholiques17.fr\/souzy\/event\/atelier-cuisine-et-repas-gratuit-pour-les-etudiants-3\/","title":{"rendered":"Atelier cuisine et repas gratuit pour les \u00e9tudiants"},"content":{"rendered":"<p>Depuis le 28 f\u00e9vrier 2024,\u00a0 des ateliers cuisine et repas gratuits \u00e0 destination des \u00e9tudiants pour les sensibiliser \u00e0 une alimentation v\u00e9g\u00e9tale et anti-gaspi sont organis\u00e9s par l&rsquo;association \u00ab\u00a0les h\u00e9ritiers de la r\u00e9cup\u00a0\u00bb<\/p>\n<p>Le premier \u00e9v\u00e9nement a \u00e9t\u00e9 un franc succ\u00e8s, 27 participants, tous ravis !<\/p>\n<p>L\u2019ouverture des inscriptions est ouverte pour les prochaines dates, n&rsquo;h\u00e9sitez pas \u00e0 transf\u00e9rer l\u2019information \u00e0 votre r\u00e9seau pour qu\u2019ils prennent leurs billets (pour l\u2019atelier et\/ou le repas) :<\/p>\n<ul>\n<li>Mercredi 10 avril :\u00a0<a href=\"https:\/\/www.helloasso.com\/associations\/les-heritiers-de-la-recup\/evenements\/atelier-cuisine-et-repas-etudiants-gratuit-cuisine-du-monde\" target=\"_blank\" rel=\"noopener\">https:\/\/www.helloasso.com\/associations\/les-heritiers-de-la-recup\/evenements\/atelier-cuisine-et-repas-etudiants-gratuit-cuisine-du-monde<\/a><\/li>\n<\/ul>\n<p>Afin d\u2019\u00e9viter des inscriptions puis annulations (faute de billets prit \u00ab\u00a0trop t\u00f4t\u00a0\u00bb), merci de favoriser une communication plut\u00f4t orient\u00e9e sur le prochain atelier.<\/p>\n<p>Au besoin, ce lien l\u00e0 rassemble tous les billets\u00a0<a href=\"https:\/\/www.helloasso.com\/associations\/les-heritiers-de-la-recup\" target=\"_blank\" rel=\"noopener\">https:\/\/www.helloasso.com\/associations\/les-heritiers-de-la-recup<\/a><\/p>\n<div><\/div>\n<div>\n<table border=\"0\" width=\"100%\" cellspacing=\"0\" cellpadding=\"0\">\n<colgroup>\n<col width=\"63*\" \/>\n<col width=\"193*\" \/><\/colgroup>\n<tbody>\n<tr valign=\"TOP\">\n<td rowspan=\"4\" width=\"25%\">\n<div><a href=\"http:\/\/www.lesheritiersdelarecup.org\/\" target=\"_blank\" rel=\"noopener\"><img decoding=\"async\" src=\"https:\/\/workspace.storage.infomaniak.com\/signature\/5eb9c803bf5ff53610bcc5ad71719db828b8bb7a\" \/><\/a><\/div>\n<div><\/div>\n<\/td>\n<td width=\"75%\"><b>\u00a0Contact : Ma\u00eblle Errard<\/b><\/td>\n<\/tr>\n<tr valign=\"TOP\">\n<td width=\"75%\">\u00a0Coordinatrice des H\u00e9ritiers de la R\u00e9cup<\/td>\n<\/tr>\n<tr valign=\"TOP\">\n<td width=\"75%\">\u00a006 21 66 10 60<\/td>\n<\/tr>\n<tr valign=\"TOP\">\n<td width=\"75%\">\u00a0<a href=\"http:\/\/www.lesheritiersdelarecup.org\/\" target=\"_blank\" rel=\"noopener\">www.lesheritiersdelarecup.org<\/a><\/td>\n<\/tr>\n<\/tbody>\n<\/table>\n<\/div>\n","protected":false},"excerpt":{"rendered":"<p>Depuis le 28 f\u00e9vrier 2024,\u00a0 des ateliers cuisine et repas gratuits \u00e0 destination des \u00e9tudiants pour les sensibiliser \u00e0 une alimentation v\u00e9g\u00e9tale et anti-gaspi sont organis\u00e9s par l&rsquo;association \u00ab\u00a0les h\u00e9ritiers [&hellip;]<\/p>\n","protected":false},"author":4,"featured_media":6528,"template":"","meta":{"_et_pb_use_builder":"","_et_pb_old_content":"","_et_gb_content_width":"","_tribe_events_status":"","_tribe_events_status_reason":"","footnotes":""},"tags":[],"tribe_events_cat":[],"class_list":["post-6533","tribe_events","type-tribe_events","status-publish","has-post-thumbnail","hentry"],"_links":{"self":[{"href":"https:\/\/catholiques17.fr\/souzy\/wp-json\/wp\/v2\/tribe_events\/6533","targetHints":{"allow":["GET"]}}],"collection":[{"href":"https:\/\/catholiques17.fr\/souzy\/wp-json\/wp\/v2\/tribe_events"}],"about":[{"href":"https:\/\/catholiques17.fr\/souzy\/wp-json\/wp\/v2\/types\/tribe_events"}],"author":[{"embeddable":true,"href":"https:\/\/catholiques17.fr\/souzy\/wp-json\/wp\/v2\/users\/4"}],"version-history":[{"count":1,"href":"https:\/\/catholiques17.fr\/souzy\/wp-json\/wp\/v2\/tribe_events\/6533\/revisions"}],"predecessor-version":[{"id":6534,"href":"https:\/\/catholiques17.fr\/souzy\/wp-json\/wp\/v2\/tribe_events\/6533\/revisions\/6534"}],"wp:featuredmedia":[{"embeddable":true,"href":"https:\/\/catholiques17.fr\/souzy\/wp-json\/wp\/v2\/media\/6528"}],"wp:attachment":[{"href":"https:\/\/catholiques17.fr\/souzy\/wp-json\/wp\/v2\/media?parent=6533"}],"wp:term":[{"taxonomy":"post_tag","embeddable":true,"href":"https:\/\/catholiques17.fr\/souzy\/wp-json\/wp\/v2\/tags?post=6533"},{"taxonomy":"tribe_events_cat","embeddable":true,"href":"https:\/\/catholiques17.fr\/souzy\/wp-json\/wp\/v2\/tribe_events_cat?post=6533"}],"curies":[{"name":"wp","href":"https:\/\/api.w.org\/{rel}","templated":true}]}}

Atelier cuisine et repas gratuit pour les étudiants

<p>Depuis le 28 février 2024,  des ateliers cuisine et repas gratuits à destination des étudiants pour les sensibiliser à une alimentation végétale et anti-gaspi sont organisés par l&rsquo;association « les héritiers de la récup »</p>
<p>Le premier événement a été un franc succès, 27 participants, tous ravis !</p>
<p>L’ouverture des inscriptions est ouverte pour les prochaines dates, n&rsquo;hésitez pas à transférer l’information à votre réseau pour qu’ils prennent leurs billets (pour l’atelier et/ou le repas) :</p>
<ul>
<li>Mercredi 10 avril : <a href="https://www.helloasso.com/associations/les-heritiers-de-la-recup/evenements/atelier-cuisine-et-repas-etudiants-gratuit-cuisine-du-monde" target="_blank" rel="noopener">https://www.helloasso.com/associations/les-heritiers-de-la-recup/evenements/atelier-cuisine-et-repas-etudiants-gratuit-cuisine-du-monde</a></li>
</ul>
<p>Afin d’éviter des inscriptions puis annulations (faute de billets prit « trop tôt »), merci de favoriser une communication plutôt orientée sur le prochain atelier.</p>
<p>Au besoin, ce lien là rassemble tous les billets <a href="https://www.helloasso.com/associations/les-heritiers-de-la-recup" target="_blank" rel="noopener">https://www.helloasso.com/associations/les-heritiers-de-la-recup</a></p>
<div></div>
<div>
<table border="0" width="100%" cellspacing="0" cellpadding="0">
<colgroup>
<col width="63*" />
<col width="193*" /></colgroup>
<tbody>
<tr valign="TOP">
<td rowspan="4" width="25%">
<div><a href="http://www.lesheritiersdelarecup.org/" target="_blank" rel="noopener"><img decoding="async" src="https://workspace.storage.infomaniak.com/signature/5eb9c803bf5ff53610bcc5ad71719db828b8bb7a" /></a></div>
<div></div>
</td>
<td width="75%"><b> Contact : Maëlle Errard</b></td>
</tr>
<tr valign="TOP">
<td width="75%"> Coordinatrice des Héritiers de la Récup</td>
</tr>
<tr valign="TOP">
<td width="75%"> 06 21 66 10 60</td>
</tr>
<tr valign="TOP">
<td width="75%"> <a href="http://www.lesheritiersdelarecup.org/" target="_blank" rel="noopener">www.lesheritiersdelarecup.org</a></td>
</tr>
</tbody>
</table>
</div>

<p>Depuis le 28 février 2024,  des ateliers cuisine et repas gratuits à destination des étudiants pour les sensibiliser à une alimentation végétale et anti-gaspi sont organisés par l&rsquo;association « les héritiers [&hellip;]</p>
