{"id":6719,"date":"2024-07-05T10:18:10","date_gmt":"2024-07-05T08:18:10","guid":{"rendered":"https:\/\/catholiques17.fr\/souzy\/?page_id=6719"},"modified":"2024-07-11T11:20:39","modified_gmt":"2024-07-11T09:20:39","slug":"aumonerie-des-etudiants-et-des-jeunes-professionnels","status":"publish","type":"page","link":"https:\/\/catholiques17.fr\/souzy\/ca-se-passe-a-souzy\/aumonerie-des-etudiants-et-des-jeunes-professionnels\/","title":{"rendered":"Aum\u00f4nerie des \u00e9tudiants et des jeunes professionnels"},"content":{"rendered":"<p>[et_pb_section fb_built=\u00a0\u00bb1&Prime; admin_label=\u00a0\u00bbVideo Section\u00a0\u00bb _builder_version=\u00a0\u00bb4.21.0&Prime; use_background_color_gradient=\u00a0\u00bbon\u00a0\u00bb background_color_gradient_stops=\u00a0\u00bb#ffffff 65%|#fcd21d 65%\u00a0\u00bb background_color_gradient_start=\u00a0\u00bb#ffffff\u00a0\u00bb background_color_gradient_start_position=\u00a0\u00bb65%\u00a0\u00bb background_color_gradient_end=\u00a0\u00bb#fcd21d\u00a0\u00bb background_color_gradient_end_position=\u00a0\u00bb65%\u00a0\u00bb custom_padding=\u00a0\u00bb106px|||||\u00a0\u00bb top_divider_style=\u00a0\u00bbarrow3&Prime; top_divider_color=\u00a0\u00bb#fcd21d\u00a0\u00bb top_divider_height=\u00a0\u00bb208px\u00a0\u00bb global_colors_info=\u00a0\u00bb{}\u00a0\u00bb theme_builder_area=\u00a0\u00bbpost_content\u00a0\u00bb][et_pb_row admin_label=\u00a0\u00bbVideo\u00a0\u00bb _builder_version=\u00a0\u00bb4.21.0&Prime; custom_padding=\u00a0\u00bb0px|0px|0px|0px\u00a0\u00bb animation_style=\u00a0\u00bbslide\u00a0\u00bb animation_direction=\u00a0\u00bbtop\u00a0\u00bb animation_intensity_slide=\u00a0\u00bb4%\u00a0\u00bb animation_starting_opacity=\u00a0\u00bb100%\u00a0\u00bb box_shadow_style=\u00a0\u00bbpreset1&Prime; box_shadow_blur=\u00a0\u00bb77px\u00a0\u00bb global_colors_info=\u00a0\u00bb{}\u00a0\u00bb theme_builder_area=\u00a0\u00bbpost_content\u00a0\u00bb][et_pb_column type=\u00a0\u00bb4_4&Prime; _builder_version=\u00a0\u00bb4.16&Prime; custom_padding=\u00a0\u00bb|||\u00a0\u00bb global_colors_info=\u00a0\u00bb{}\u00a0\u00bb custom_padding__hover=\u00a0\u00bb|||\u00a0\u00bb theme_builder_area=\u00a0\u00bbpost_content\u00a0\u00bb][et_pb_image src=\u00a0\u00bbhttps:\/\/catholiques17.fr\/souzy\/wp-content\/uploads\/sites\/28\/2024\/07\/Aumonerie-etudiante.jpg\u00a0\u00bb title_text=\u00a0\u00bbAumonerie \u00e9tudiante\u00a0\u00bb align=\u00a0\u00bbcenter\u00a0\u00bb force_fullwidth=\u00a0\u00bbon\u00a0\u00bb _builder_version=\u00a0\u00bb4.21.0&Prime; _module_preset=\u00a0\u00bbdefault\u00a0\u00bb custom_margin=\u00a0\u00bb-2px|||||\u00a0\u00bb border_width_all=\u00a0\u00bb2px\u00a0\u00bb border_color_all=\u00a0\u00bb#FFFFFF\u00a0\u00bb box_shadow_style=\u00a0\u00bbpreset3&Prime; global_colors_info=\u00a0\u00bb{}\u00a0\u00bb theme_builder_area=\u00a0\u00bbpost_content\u00a0\u00bb][\/et_pb_image][\/et_pb_column][\/et_pb_row][\/et_pb_section][et_pb_section fb_built=\u00a0\u00bb1&Prime; admin_label=\u00a0\u00bbFun Fact Section\u00a0\u00bb _builder_version=\u00a0\u00bb4.16&Prime; background_color=\u00a0\u00bb#fcd21d\u00a0\u00bb custom_margin=\u00a0\u00bb|||\u00a0\u00bb custom_padding=\u00a0\u00bb3px||31px|||\u00a0\u00bb global_colors_info=\u00a0\u00bb{}\u00a0\u00bb theme_builder_area=\u00a0\u00bbpost_content\u00a0\u00bb][et_pb_row admin_label=\u00a0\u00bbService Section Title\u00a0\u00bb _builder_version=\u00a0\u00bb4.16&Prime; custom_margin=\u00a0\u00bb|auto|7px|auto||\u00a0\u00bb animation_style=\u00a0\u00bbfade\u00a0\u00bb animation_direction=\u00a0\u00bbtop\u00a0\u00bb saved_tabs=\u00a0\u00bball\u00a0\u00bb global_colors_info=\u00a0\u00bb{}\u00a0\u00bb theme_builder_area=\u00a0\u00bbpost_content\u00a0\u00bb][et_pb_column type=\u00a0\u00bb4_4&Prime; _builder_version=\u00a0\u00bb4.16&Prime; custom_padding=\u00a0\u00bb|||\u00a0\u00bb global_colors_info=\u00a0\u00bb{}\u00a0\u00bb custom_padding__hover=\u00a0\u00bb|||\u00a0\u00bb theme_builder_area=\u00a0\u00bbpost_content\u00a0\u00bb][et_pb_text _builder_version=\u00a0\u00bb4.21.0&Prime; _module_preset=\u00a0\u00bbdefault\u00a0\u00bb global_colors_info=\u00a0\u00bb{}\u00a0\u00bb theme_builder_area=\u00a0\u00bbpost_content\u00a0\u00bb]<\/p>\n<p style=\"text-align: justify;\"><strong>L\u2019Aum\u00f4nerie Catholique des Etudiants de La Rochelle<span>\u00a0<\/span><\/strong>est ouverte \u00e0 tous les \u00e9tudiants : un lieu de d\u00e9bat, de convivialit\u00e9, d\u2019approfondissement de la foi, de pri\u00e8re, de solidarit\u00e9 et de d\u00e9tente pour tous les jeunes des diff\u00e9rentes facult\u00e9s et \u00e9coles de la ville.<\/p>\n<p style=\"text-align: justify;\"><strong>Activit\u00e9s :<\/strong><\/p>\n<p><strong><\/strong><\/p>\n<ul>\n<li style=\"text-align: left;\">Une soir\u00e9e tous les mardis : messe \u00e0 19h15, repas \u00e0 20h00, soir\u00e9e de r\u00e9flexion sur un th\u00e8me \u00e0 21h00.<\/li>\n<li style=\"text-align: left;\">Projets de solidarit\u00e9, culturels, de d\u00e9tente.<\/li>\n<li style=\"text-align: left;\">Des temps forts dans l\u2019ann\u00e9e : journ\u00e9e de rentr\u00e9e, week-end spirituel, universit\u00e9 des jeunes\u2026<\/li>\n<\/ul>\n<p>[\/et_pb_text][\/et_pb_column][\/et_pb_row][et_pb_row _builder_version=\u00a0\u00bb4.21.0&Prime; _module_preset=\u00a0\u00bbdefault\u00a0\u00bb theme_builder_area=\u00a0\u00bbpost_content\u00a0\u00bb][et_pb_column _builder_version=\u00a0\u00bb4.21.0&Prime; _module_preset=\u00a0\u00bbdefault\u00a0\u00bb type=\u00a0\u00bb4_4&Prime; theme_builder_area=\u00a0\u00bbpost_content\u00a0\u00bb][et_pb_image src=\u00a0\u00bbhttps:\/\/catholiques17.fr\/souzy\/wp-content\/uploads\/sites\/28\/2024\/07\/312250680_195151682897305_4596668736104969510_n.jpg\u00a0\u00bb _builder_version=\u00a0\u00bb4.21.0&Prime; _module_preset=\u00a0\u00bbdefault\u00a0\u00bb theme_builder_area=\u00a0\u00bbpost_content\u00a0\u00bb title_text=\u00a0\u00bb312250680_195151682897305_4596668736104969510_n\u00a0\u00bb align=\u00a0\u00bbcenter\u00a0\u00bb width=\u00a0\u00bb22%\u00a0\u00bb custom_margin=\u00a0\u00bb-53px||||false|false\u00a0\u00bb border_radii=\u00a0\u00bbon|10px|10px|10px|10px\u00a0\u00bb hover_enabled=\u00a0\u00bb0&Prime; sticky_enabled=\u00a0\u00bb0&Prime;][\/et_pb_image][\/et_pb_column][\/et_pb_row][\/et_pb_section][et_pb_section fb_built=\u00a0\u00bb1&Prime; admin_label=\u00a0\u00bbTestimonial Section\u00a0\u00bb _builder_version=\u00a0\u00bb4.16&Prime; custom_margin=\u00a0\u00bb-42px|||||\u00a0\u00bb custom_padding=\u00a0\u00bb19px||32px|||\u00a0\u00bb global_colors_info=\u00a0\u00bb{}\u00a0\u00bb theme_builder_area=\u00a0\u00bbpost_content\u00a0\u00bb][et_pb_row _builder_version=\u00a0\u00bb4.21.0&Prime; _module_preset=\u00a0\u00bbdefault\u00a0\u00bb global_colors_info=\u00a0\u00bb{}\u00a0\u00bb theme_builder_area=\u00a0\u00bbpost_content\u00a0\u00bb custom_padding=\u00a0\u00bb0px|||||\u00a0\u00bb][et_pb_column type=\u00a0\u00bb4_4&Prime; _builder_version=\u00a0\u00bb4.21.0&Prime; _module_preset=\u00a0\u00bbdefault\u00a0\u00bb global_colors_info=\u00a0\u00bb{}\u00a0\u00bb theme_builder_area=\u00a0\u00bbpost_content\u00a0\u00bb][et_pb_text _builder_version=\u00a0\u00bb4.21.0&Prime; _module_preset=\u00a0\u00bbdefault\u00a0\u00bb background_color=\u00a0\u00bbRGBA(255,255,255,0)\u00a0\u00bb custom_padding=\u00a0\u00bb36px||||false|false\u00a0\u00bb custom_padding_tablet=\u00a0\u00bb36px||||false|false\u00a0\u00bb custom_padding_phone=\u00a0\u00bb3px||||false|false\u00a0\u00bb custom_padding_last_edited=\u00a0\u00bbon|desktop\u00a0\u00bb global_colors_info=\u00a0\u00bb{}\u00a0\u00bb theme_builder_area=\u00a0\u00bbpost_content\u00a0\u00bb]<\/p>\n<p style=\"text-align: center;\">Pour rejoindre l&rsquo;aum\u00f4nerie \u00e9tudiante ou tout simplement suivre leurs actualit\u00e9s,<\/p>\n<p style=\"text-align: center;\">rendez-vous sur leur<a href=\"https:\/\/www.facebook.com\/aumonerieLR\/?locale=fr_FR\" target=\"_blank\" rel=\"noopener\"> page Facebook <\/a>ou leur <a href=\"https:\/\/www.instagram.com\/aumonerielr\/p\/C4512qgs1z8\/\" target=\"_blank\" rel=\"noopener\">Instagram<\/a><\/p>\n<p>[\/et_pb_text][\/et_pb_column][\/et_pb_row][et_pb_row _builder_version=\u00a0\u00bb4.21.0&Prime; _module_preset=\u00a0\u00bbdefault\u00a0\u00bb custom_padding=\u00a0\u00bb||0px|||\u00a0\u00bb global_colors_info=\u00a0\u00bb{}\u00a0\u00bb theme_builder_area=\u00a0\u00bbpost_content\u00a0\u00bb][et_pb_column type=\u00a0\u00bb4_4&Prime; _builder_version=\u00a0\u00bb4.21.0&Prime; _module_preset=\u00a0\u00bbdefault\u00a0\u00bb global_colors_info=\u00a0\u00bb{}\u00a0\u00bb theme_builder_area=\u00a0\u00bbpost_content\u00a0\u00bb][et_pb_divider _builder_version=\u00a0\u00bb4.21.0&Prime; _module_preset=\u00a0\u00bbdefault\u00a0\u00bb global_colors_info=\u00a0\u00bb{}\u00a0\u00bb theme_builder_area=\u00a0\u00bbpost_content\u00a0\u00bb][\/et_pb_divider][\/et_pb_column][\/et_pb_row][et_pb_row _builder_version=\u00a0\u00bb4.21.0&Prime; _module_preset=\u00a0\u00bbdefault\u00a0\u00bb global_colors_info=\u00a0\u00bb{}\u00a0\u00bb theme_builder_area=\u00a0\u00bbpost_content\u00a0\u00bb][et_pb_column type=\u00a0\u00bb4_4&Prime; _builder_version=\u00a0\u00bb4.21.0&Prime; _module_preset=\u00a0\u00bbdefault\u00a0\u00bb global_colors_info=\u00a0\u00bb{}\u00a0\u00bb theme_builder_area=\u00a0\u00bbpost_content\u00a0\u00bb][et_pb_text _builder_version=\u00a0\u00bb4.21.0&Prime; _module_preset=\u00a0\u00bbdefault\u00a0\u00bb global_colors_info=\u00a0\u00bb{}\u00a0\u00bb theme_builder_area=\u00a0\u00bbpost_content\u00a0\u00bb]<\/p>\n<p style=\"text-align: center;\"><strong><span style=\"text-decoration: underline;\">CONTACT<\/span>\u00a0 <\/strong><a href=\"mailto:mission.etudiante@yahoo.fr\" target=\"_blank\" rel=\"noopener\"><span>mission.etudiante@yahoo.fr<\/span><\/a><\/p>\n<p>[\/et_pb_text][\/et_pb_column][\/et_pb_row][\/et_pb_section]<\/p>\n","protected":false},"excerpt":{"rendered":"<p>L\u2019Aum\u00f4nerie Catholique des Etudiants de La Rochelle\u00a0est ouverte \u00e0 tous les \u00e9tudiants : un lieu de d\u00e9bat, de convivialit\u00e9, d\u2019approfondissement de la foi, de pri\u00e8re, de solidarit\u00e9 et de d\u00e9tente [&hellip;]<\/p>\n","protected":false},"author":4,"featured_media":0,"parent":6709,"menu_order":0,"comment_status":"closed","ping_status":"closed","template":"","meta":{"_et_pb_use_builder":"on","_et_pb_old_content":"<!-- wp:divi\/placeholder \/-->","_et_gb_content_width":"","footnotes":""},"class_list":["post-6719","page","type-page","status-publish","hentry"],"_links":{"self":[{"href":"https:\/\/catholiques17.fr\/souzy\/wp-json\/wp\/v2\/pages\/6719","targetHints":{"allow":["GET"]}}],"collection":[{"href":"https:\/\/catholiques17.fr\/souzy\/wp-json\/wp\/v2\/pages"}],"about":[{"href":"https:\/\/catholiques17.fr\/souzy\/wp-json\/wp\/v2\/types\/page"}],"author":[{"embeddable":true,"href":"https:\/\/catholiques17.fr\/souzy\/wp-json\/wp\/v2\/users\/4"}],"replies":[{"embeddable":true,"href":"https:\/\/catholiques17.fr\/souzy\/wp-json\/wp\/v2\/comments?post=6719"}],"version-history":[{"count":10,"href":"https:\/\/catholiques17.fr\/souzy\/wp-json\/wp\/v2\/pages\/6719\/revisions"}],"predecessor-version":[{"id":6838,"href":"https:\/\/catholiques17.fr\/souzy\/wp-json\/wp\/v2\/pages\/6719\/revisions\/6838"}],"up":[{"embeddable":true,"href":"https:\/\/catholiques17.fr\/souzy\/wp-json\/wp\/v2\/pages\/6709"}],"wp:attachment":[{"href":"https:\/\/catholiques17.fr\/souzy\/wp-json\/wp\/v2\/media?parent=6719"}],"curies":[{"name":"wp","href":"https:\/\/api.w.org\/{rel}","templated":true}]}}

Aumônerie des étudiants et des jeunes professionnels

<p>[et_pb_section fb_built= »1&Prime; admin_label= »Video Section » _builder_version= »4.21.0&Prime; use_background_color_gradient= »on » background_color_gradient_stops= »#ffffff 65%|#fcd21d 65% » background_color_gradient_start= »#ffffff » background_color_gradient_start_position= »65% » background_color_gradient_end= »#fcd21d » background_color_gradient_end_position= »65% » custom_padding= »106px||||| » top_divider_style= »arrow3&Prime; top_divider_color= »#fcd21d » top_divider_height= »208px » global_colors_info= »{} » theme_builder_area= »post_content »][et_pb_row admin_label= »Video » _builder_version= »4.21.0&Prime; custom_padding= »0px|0px|0px|0px » animation_style= »slide » animation_direction= »top » animation_intensity_slide= »4% » animation_starting_opacity= »100% » box_shadow_style= »preset1&Prime; box_shadow_blur= »77px » global_colors_info= »{} » theme_builder_area= »post_content »][et_pb_column type= »4_4&Prime; _builder_version= »4.16&Prime; custom_padding= »||| » global_colors_info= »{} » custom_padding__hover= »||| » theme_builder_area= »post_content »][et_pb_image src= »https://catholiques17.fr/souzy/wp-content/uploads/sites/28/2024/07/Aumonerie-etudiante.jpg » title_text= »Aumonerie étudiante » align= »center » force_fullwidth= »on » _builder_version= »4.21.0&Prime; _module_preset= »default » custom_margin= »-2px||||| » border_width_all= »2px » border_color_all= »#FFFFFF » box_shadow_style= »preset3&Prime; global_colors_info= »{} » theme_builder_area= »post_content »][/et_pb_image][/et_pb_column][/et_pb_row][/et_pb_section][et_pb_section fb_built= »1&Prime; admin_label= »Fun Fact Section » _builder_version= »4.16&Prime; background_color= »#fcd21d » custom_margin= »||| » custom_padding= »3px||31px||| » global_colors_info= »{} » theme_builder_area= »post_content »][et_pb_row admin_label= »Service Section Title » _builder_version= »4.16&Prime; custom_margin= »|auto|7px|auto|| » animation_style= »fade » animation_direction= »top » saved_tabs= »all » global_colors_info= »{} » theme_builder_area= »post_content »][et_pb_column type= »4_4&Prime; _builder_version= »4.16&Prime; custom_padding= »||| » global_colors_info= »{} » custom_padding__hover= »||| » theme_builder_area= »post_content »][et_pb_text _builder_version= »4.21.0&Prime; _module_preset= »default » global_colors_info= »{} » theme_builder_area= »post_content »]</p>
<p style="text-align: justify;"><strong>L’Aumônerie Catholique des Etudiants de La Rochelle<span> </span></strong>est ouverte à tous les étudiants : un lieu de débat, de convivialité, d’approfondissement de la foi, de prière, de solidarité et de détente pour tous les jeunes des différentes facultés et écoles de la ville.</p>
<p style="text-align: justify;"><strong>Activités :</strong></p>
<p><strong></strong></p>
<ul>
<li style="text-align: left;">Une soirée tous les mardis : messe à 19h15, repas à 20h00, soirée de réflexion sur un thème à 21h00.</li>
<li style="text-align: left;">Projets de solidarité, culturels, de détente.</li>
<li style="text-align: left;">Des temps forts dans l’année : journée de rentrée, week-end spirituel, université des jeunes…</li>
</ul>
<p>[/et_pb_text][/et_pb_column][/et_pb_row][et_pb_row _builder_version= »4.21.0&Prime; _module_preset= »default » theme_builder_area= »post_content »][et_pb_column _builder_version= »4.21.0&Prime; _module_preset= »default » type= »4_4&Prime; theme_builder_area= »post_content »][et_pb_image src= »https://catholiques17.fr/souzy/wp-content/uploads/sites/28/2024/07/312250680_195151682897305_4596668736104969510_n.jpg » _builder_version= »4.21.0&Prime; _module_preset= »default » theme_builder_area= »post_content » title_text= »312250680_195151682897305_4596668736104969510_n » align= »center » width= »22% » custom_margin= »-53px||||false|false » border_radii= »on|10px|10px|10px|10px » hover_enabled= »0&Prime; sticky_enabled= »0&Prime;][/et_pb_image][/et_pb_column][/et_pb_row][/et_pb_section][et_pb_section fb_built= »1&Prime; admin_label= »Testimonial Section » _builder_version= »4.16&Prime; custom_margin= »-42px||||| » custom_padding= »19px||32px||| » global_colors_info= »{} » theme_builder_area= »post_content »][et_pb_row _builder_version= »4.21.0&Prime; _module_preset= »default » global_colors_info= »{} » theme_builder_area= »post_content » custom_padding= »0px||||| »][et_pb_column type= »4_4&Prime; _builder_version= »4.21.0&Prime; _module_preset= »default » global_colors_info= »{} » theme_builder_area= »post_content »][et_pb_text _builder_version= »4.21.0&Prime; _module_preset= »default » background_color= »RGBA(255,255,255,0) » custom_padding= »36px||||false|false » custom_padding_tablet= »36px||||false|false » custom_padding_phone= »3px||||false|false » custom_padding_last_edited= »on|desktop » global_colors_info= »{} » theme_builder_area= »post_content »]</p>
<p style="text-align: center;">Pour rejoindre l&rsquo;aumônerie étudiante ou tout simplement suivre leurs actualités,</p>
<p style="text-align: center;">rendez-vous sur leur<a href="https://www.facebook.com/aumonerieLR/?locale=fr_FR" target="_blank" rel="noopener"> page Facebook </a>ou leur <a href="https://www.instagram.com/aumonerielr/p/C4512qgs1z8/" target="_blank" rel="noopener">Instagram</a></p>
<p>[/et_pb_text][/et_pb_column][/et_pb_row][et_pb_row _builder_version= »4.21.0&Prime; _module_preset= »default » custom_padding= »||0px||| » global_colors_info= »{} » theme_builder_area= »post_content »][et_pb_column type= »4_4&Prime; _builder_version= »4.21.0&Prime; _module_preset= »default » global_colors_info= »{} » theme_builder_area= »post_content »][et_pb_divider _builder_version= »4.21.0&Prime; _module_preset= »default » global_colors_info= »{} » theme_builder_area= »post_content »][/et_pb_divider][/et_pb_column][/et_pb_row][et_pb_row _builder_version= »4.21.0&Prime; _module_preset= »default » global_colors_info= »{} » theme_builder_area= »post_content »][et_pb_column type= »4_4&Prime; _builder_version= »4.21.0&Prime; _module_preset= »default » global_colors_info= »{} » theme_builder_area= »post_content »][et_pb_text _builder_version= »4.21.0&Prime; _module_preset= »default » global_colors_info= »{} » theme_builder_area= »post_content »]</p>
<p style="text-align: center;"><strong><span style="text-decoration: underline;">CONTACT</span>  </strong><a href="mailto:mission.etudiante@yahoo.fr" target="_blank" rel="noopener"><span>mission.etudiante@yahoo.fr</span></a></p>
<p>[/et_pb_text][/et_pb_column][/et_pb_row][/et_pb_section]</p>

<p>L’Aumônerie Catholique des Etudiants de La Rochelle est ouverte à tous les étudiants : un lieu de débat, de convivialité, d’approfondissement de la foi, de prière, de solidarité et de détente [&hellip;]</p>
