{"id":7703,"date":"2022-08-30T15:53:28","date_gmt":"2022-08-30T13:53:28","guid":{"rendered":"https:\/\/catholiques17.fr\/saintsulpice\/?page_id=7703"},"modified":"2022-12-15T09:59:53","modified_gmt":"2022-12-15T08:59:53","slug":"saint-sulpice-st-sulpice-de-royan","status":"publish","type":"page","link":"https:\/\/catholiques17.fr\/saintsulpice\/la-paroisse\/histoire-et-patrimoine\/saint-sulpice-st-sulpice-de-royan\/","title":{"rendered":"Saint Sulpice (St Sulpice de Royan)"},"content":{"rendered":"<p>[et_pb_section fb_built=\u00a0\u00bb1&Prime; _builder_version=\u00a0\u00bb4.17.6&Prime; _module_preset=\u00a0\u00bbdefault\u00a0\u00bb global_colors_info=\u00a0\u00bb{}\u00a0\u00bb theme_builder_area=\u00a0\u00bbpost_content\u00a0\u00bb custom_padding=\u00a0\u00bb17px|||||\u00a0\u00bb][et_pb_row _builder_version=\u00a0\u00bb4.17.6&Prime; _module_preset=\u00a0\u00bbdefault\u00a0\u00bb global_colors_info=\u00a0\u00bb{}\u00a0\u00bb theme_builder_area=\u00a0\u00bbpost_content\u00a0\u00bb custom_padding=\u00a0\u00bb12px|||||\u00a0\u00bb][et_pb_column type=\u00a0\u00bb4_4&Prime; _builder_version=\u00a0\u00bb4.17.6&Prime; _module_preset=\u00a0\u00bbdefault\u00a0\u00bb global_colors_info=\u00a0\u00bb{}\u00a0\u00bb theme_builder_area=\u00a0\u00bbpost_content\u00a0\u00bb][et_pb_image src=\u00a0\u00bbhttps:\/\/catholiques17.fr\/saintsulpice\/wp-content\/uploads\/sites\/32\/2022\/10\/St-Sulpice-de-Royan1.jpeg\u00a0\u00bb title_text=\u00a0\u00bbSt Sulpice de Royan1&Prime; align=\u00a0\u00bbcenter\u00a0\u00bb _builder_version=\u00a0\u00bb4.17.6&Prime; _module_preset=\u00a0\u00bbdefault\u00a0\u00bb animation_style=\u00a0\u00bbslide\u00a0\u00bb animation_duration=\u00a0\u00bb1300ms\u00a0\u00bb border_radii=\u00a0\u00bbon|20px|20px|20px|20px\u00a0\u00bb global_colors_info=\u00a0\u00bb{}\u00a0\u00bb theme_builder_area=\u00a0\u00bbpost_content\u00a0\u00bb][\/et_pb_image][\/et_pb_column][\/et_pb_row][et_pb_row _builder_version=\u00a0\u00bb4.17.6&Prime; _module_preset=\u00a0\u00bbdefault\u00a0\u00bb global_colors_info=\u00a0\u00bb{}\u00a0\u00bb theme_builder_area=\u00a0\u00bbpost_content\u00a0\u00bb][et_pb_column type=\u00a0\u00bb4_4&Prime; _builder_version=\u00a0\u00bb4.17.6&Prime; _module_preset=\u00a0\u00bbdefault\u00a0\u00bb global_colors_info=\u00a0\u00bb{}\u00a0\u00bb theme_builder_area=\u00a0\u00bbpost_content\u00a0\u00bb][et_pb_text _builder_version=\u00a0\u00bb4.17.6&Prime; _module_preset=\u00a0\u00bbdefault\u00a0\u00bb custom_padding=\u00a0\u00bb||0px|||\u00a0\u00bb global_colors_info=\u00a0\u00bb{}\u00a0\u00bb theme_builder_area=\u00a0\u00bbpost_content\u00a0\u00bb]<\/p>\n<p><span>De l\u2019\u00e9glise originelle du XIIe si\u00e8cle, il ne subsiste que la nef et la base du clocher. Le transept, disparu lors des guerres de religion, n\u2019a pas \u00e9t\u00e9 remplac\u00e9. On distingue cependant sur la fa\u00e7ade nord l\u2019amorce du mur lui ayant appartenu. Une construction semi-circulaire de style moderne \u00e0 \u00e9t\u00e9 substitu\u00e9e au si\u00e8cle dernier \u00e0 l\u2019<\/span><span class=\"bordure-pointillee\"><a target=\"_blank\" href=\"http:\/\/ch.lerolle.free.fr\/eglises17\/lexique.php#:~:text=abside\" rel=\"noopener\">abside<\/a><\/span><span>\u00a0romane, elle aussi d\u00e9truite.<\/span><br \/><span>La fa\u00e7ade se compose d\u2019un large portail \u00e0 cinq voussures surmont\u00e9es d\u2019une baie haute et encadr\u00e9e de deux portes orn\u00e9es de tores et d\u2019un cordon de palmettes. Elle est rythm\u00e9e par des s\u00e9ries de doubles colonnes qui supportent une corniche compos\u00e9e d\u2019une tablette et de mordillons sculpt\u00e9s. L\u2019\u00e9glise est dot\u00e9e d\u2019un clocher constitu\u00e9 de deux \u00e9tages. Ce dernier, est orn\u00e9 d\u2019une s\u00e9rie de cinq arcatures aveugles en plein cintre dont les chapiteaux sont joliment travaill\u00e9s. Cet \u00e9tage est \u00e9galement surmont\u00e9 d\u2019une corniche \u00e0 mordillons et de deux hautes baies sur trois faces. Seule la fa\u00e7ade ouest n\u2019en comporte qu\u2019une. La petite tour accol\u00e9e contient l\u2019escalier menant au clocher. L\u2019int\u00e9rieur de l\u2019\u00e9difice est sobre, mis \u00e0 part les traces de peinture murale datant du XVII ou XVIIe si\u00e8cle, visibles sur le mur sud. On peut encore distinguer les restes d\u2019une frise et de fausses tentures. La vo\u00fbte d\u2019ogive des deux premi\u00e8res trav\u00e9es de la nef s\u2019appuie sur des chapiteaux \u00e0 volutes.<\/span><br \/><span>La troisi\u00e8me trav\u00e9e comprend une coupole circulaire reposant sur un plan octogonal rachet\u00e9 par des trompes. La nef et le clocher furent class\u00e9s au titre des monuments historiques le 22 octobre 1913. \u00a0<\/span><\/p>\n<p>&nbsp;<\/p>\n<p>[\/et_pb_text][\/et_pb_column][\/et_pb_row][et_pb_row column_structure=\u00a0\u00bb1_2,1_2&Prime; _builder_version=\u00a0\u00bb4.17.6&Prime; _module_preset=\u00a0\u00bbdefault\u00a0\u00bb global_colors_info=\u00a0\u00bb{}\u00a0\u00bb theme_builder_area=\u00a0\u00bbpost_content\u00a0\u00bb][et_pb_column type=\u00a0\u00bb1_2&Prime; _builder_version=\u00a0\u00bb4.17.6&Prime; _module_preset=\u00a0\u00bbdefault\u00a0\u00bb global_colors_info=\u00a0\u00bb{}\u00a0\u00bb theme_builder_area=\u00a0\u00bbpost_content\u00a0\u00bb][et_pb_image src=\u00a0\u00bbhttps:\/\/catholiques17.fr\/saintsulpice\/wp-content\/uploads\/sites\/32\/2022\/10\/St-Sulpice-de-Royan2.jpeg\u00a0\u00bb title_text=\u00a0\u00bbSt Sulpice de Royan2&Prime; show_in_lightbox=\u00a0\u00bbon\u00a0\u00bb _builder_version=\u00a0\u00bb4.17.6&Prime; _module_preset=\u00a0\u00bbdefault\u00a0\u00bb global_colors_info=\u00a0\u00bb{}\u00a0\u00bb theme_builder_area=\u00a0\u00bbpost_content\u00a0\u00bb][\/et_pb_image][\/et_pb_column][et_pb_column type=\u00a0\u00bb1_2&Prime; _builder_version=\u00a0\u00bb4.17.6&Prime; _module_preset=\u00a0\u00bbdefault\u00a0\u00bb global_colors_info=\u00a0\u00bb{}\u00a0\u00bb theme_builder_area=\u00a0\u00bbpost_content\u00a0\u00bb][et_pb_image src=\u00a0\u00bbhttps:\/\/catholiques17.fr\/saintsulpice\/wp-content\/uploads\/sites\/32\/2022\/10\/St-Sulpice-de-Royan-3.jpeg\u00a0\u00bb title_text=\u00a0\u00bbSt Sulpice de Royan 3&Prime; show_in_lightbox=\u00a0\u00bbon\u00a0\u00bb _builder_version=\u00a0\u00bb4.17.6&Prime; _module_preset=\u00a0\u00bbdefault\u00a0\u00bb global_colors_info=\u00a0\u00bb{}\u00a0\u00bb theme_builder_area=\u00a0\u00bbpost_content\u00a0\u00bb][\/et_pb_image][\/et_pb_column][\/et_pb_row][\/et_pb_section]<\/p>\n","protected":false},"excerpt":{"rendered":"<p>De l\u2019\u00e9glise originelle du XIIe si\u00e8cle, il ne subsiste que la nef et la base du clocher. Le transept, disparu lors des guerres de religion, n\u2019a pas \u00e9t\u00e9 remplac\u00e9. On [&hellip;]<\/p>\n","protected":false},"author":4,"featured_media":0,"parent":7648,"menu_order":0,"comment_status":"closed","ping_status":"closed","template":"","meta":{"_et_pb_use_builder":"on","_et_pb_old_content":"","_et_gb_content_width":"","footnotes":""},"class_list":["post-7703","page","type-page","status-publish","hentry"],"_links":{"self":[{"href":"https:\/\/catholiques17.fr\/saintsulpice\/wp-json\/wp\/v2\/pages\/7703","targetHints":{"allow":["GET"]}}],"collection":[{"href":"https:\/\/catholiques17.fr\/saintsulpice\/wp-json\/wp\/v2\/pages"}],"about":[{"href":"https:\/\/catholiques17.fr\/saintsulpice\/wp-json\/wp\/v2\/types\/page"}],"author":[{"embeddable":true,"href":"https:\/\/catholiques17.fr\/saintsulpice\/wp-json\/wp\/v2\/users\/4"}],"replies":[{"embeddable":true,"href":"https:\/\/catholiques17.fr\/saintsulpice\/wp-json\/wp\/v2\/comments?post=7703"}],"version-history":[{"count":5,"href":"https:\/\/catholiques17.fr\/saintsulpice\/wp-json\/wp\/v2\/pages\/7703\/revisions"}],"predecessor-version":[{"id":8157,"href":"https:\/\/catholiques17.fr\/saintsulpice\/wp-json\/wp\/v2\/pages\/7703\/revisions\/8157"}],"up":[{"embeddable":true,"href":"https:\/\/catholiques17.fr\/saintsulpice\/wp-json\/wp\/v2\/pages\/7648"}],"wp:attachment":[{"href":"https:\/\/catholiques17.fr\/saintsulpice\/wp-json\/wp\/v2\/media?parent=7703"}],"curies":[{"name":"wp","href":"https:\/\/api.w.org\/{rel}","templated":true}]}}