{"id":6093,"date":"2024-12-03T18:34:47","date_gmt":"2024-12-03T17:34:47","guid":{"rendered":"https:\/\/catholiques17.fr\/saintjeandangely\/?page_id=6093"},"modified":"2024-12-03T18:36:08","modified_gmt":"2024-12-03T17:36:08","slug":"dimanche-de-la-sante-a-st-jean-dangely","status":"publish","type":"page","link":"https:\/\/catholiques17.fr\/saintjeandangely\/dimanche-de-la-sante-a-st-jean-dangely\/","title":{"rendered":"Dimanche de la SANTE"},"content":{"rendered":"\n<figure class=\"wp-block-image aligncenter size-full is-resized\"><img loading=\"lazy\" decoding=\"async\" width=\"171\" height=\"181\" src=\"https:\/\/catholiques17.fr\/saintjeandangely\/wp-content\/uploads\/sites\/18\/2024\/12\/Onct-malades.jpg\" alt=\"\" class=\"wp-image-6514\" style=\"width:145px;height:auto\" \/><\/figure>\n\n\n\n<p class=\"has-black-color has-text-color has-link-color wp-elements-0f4a4cd6f2806d9680c3227012195079\"><strong>EN COMMUNAUT\u00c9, VIVRE LE SACREMENT DE L&rsquo;ONCTION DES MALADES<\/strong><\/p>\n\n\n\n<p class=\"has-black-color has-text-color has-link-color wp-elements-b5feadbd7d718ac1b2ddc7ecb874c78c\">Cette ann\u00e9e, le dimanche de la Sant\u00e9 sera c\u00e9l\u00e9br\u00e9 le 9 f\u00e9vrier, dimanche le plus proche de la f\u00eate de Notre-Dame de Lourdes. Le th\u00e8me retenu est\u00a0: \u00ab Qui enverrai-je\u00a0?\u00a0\u00bb (Isa\u00efe 6,8).<\/p>\n\n\n\n<p class=\"has-black-color has-text-color has-link-color wp-elements-db73f7f29cddac98ea5cf94f1d20e215\">Ce sera l\u2019occasion de rendre visibles dans nos communaut\u00e9s paroissiales les soignants, les aidants, les membres des aum\u00f4neries de l\u2019h\u00f4pital et du SEM (Service Evang\u00e9lique des Malades) et de l\u2019hospitalit\u00e9 dioc\u00e9saine ainsi que tous ceux qui \u0153uvrent parfois dans l\u2019ombre, et qui sont tellement essentiels pour l\u2019accompagnement des personnes malades, \u00e2g\u00e9es, isol\u00e9es, porteuses d\u2019un handicap\u2026 Tous seront particuli\u00e8rement associ\u00e9es \u00e0 nos pri\u00e8res.<\/p>\n\n\n\n<p class=\"has-black-color has-text-color has-link-color wp-elements-aac2284cd56c45afeb621c9b607ae2cb\">Comme les deux derni\u00e8res ann\u00e9es, une c\u00e9l\u00e9bration communautaire de l&rsquo;Onction des malades est propos\u00e9e au cours des messes du week-end\u00a0: le samedi 8 f\u00e9vrier \u00e0 Saint-Denis-du-Pin et le dimanche 9 f\u00e9vrier \u00e0 9 h 30 \u00e0 La Jarrie-Audouin et \u00e0 11 heures \u00e0 Saint-Jean d&rsquo;Ang\u00e9ly.<\/p>\n\n\n\n<p class=\"has-black-color has-text-color has-link-color wp-elements-87676e4a56939890038c8dd5227d1ddf\">Cette Onction est destin\u00e9e \u00e0 apporter du r\u00e9confort aux personnes \u00e9prouv\u00e9es par la maladie ou le grand \u00e2ge. C\u2019est la rencontre du Christ qui vient apaiser, rendre confiance, fortifier moralement, aider \u00e0 traverser l&rsquo;\u00e9preuve de la maladie.<\/p>\n\n\n\n<p class=\"has-text-align-center has-black-color has-text-color has-link-color wp-elements-038bf550a775042fd54c7fbb5453acea\"><strong>Ce n&rsquo;est pas le Sacrement des mourants, mais un Sacrement de Vie.<\/strong><\/p>\n\n\n\n<p class=\"has-black-color has-text-color has-link-color wp-elements-92856f94c0402df36adc857c62d8382e\">Ceux et celles qui souhaitent recevoir ce Sacrement sont invit\u00e9s \u00e0 s\u2019inscrire en contactant la Maison Paroissiale (05 46 59 01 24) ou Josette Augris (05 46 59 03 31). De m\u00eame pour avoir des informations compl\u00e9mentaires.<\/p>\n\n\n\n<figure class=\"wp-block-image aligncenter size-full is-resized\"><img loading=\"lazy\" decoding=\"async\" width=\"533\" height=\"800\" src=\"https:\/\/catholiques17.fr\/saintjeandangely\/wp-content\/uploads\/sites\/18\/2024\/12\/IMG_6567.jpg\" alt=\"\" class=\"wp-image-6515\" style=\"width:237px;height:auto\" srcset=\"https:\/\/catholiques17.fr\/saintjeandangely\/wp-content\/uploads\/sites\/18\/2024\/12\/IMG_6567.jpg 533w, https:\/\/catholiques17.fr\/saintjeandangely\/wp-content\/uploads\/sites\/18\/2024\/12\/IMG_6567-480x720.jpg 480w\" sizes=\"(min-width: 0px) and (max-width: 480px) 480px, (min-width: 481px) 533px, 100vw\" \/><\/figure>\n\n\n\n<p class=\"has-text-align-center\">F\u00e9vrier 2004 St Jean d&rsquo;Ang\u00e9ly<\/p>\n","protected":false},"excerpt":{"rendered":"<p>EN COMMUNAUT\u00c9, VIVRE LE SACREMENT DE L&rsquo;ONCTION DES MALADES Cette ann\u00e9e, le dimanche de la Sant\u00e9 sera c\u00e9l\u00e9br\u00e9 le 9 f\u00e9vrier, dimanche le plus proche de la f\u00eate de Notre-Dame [&hellip;]<\/p>\n","protected":false},"author":32,"featured_media":0,"parent":0,"menu_order":0,"comment_status":"closed","ping_status":"closed","template":"","meta":{"_et_pb_use_builder":"off","_et_pb_old_content":"","_et_gb_content_width":"","footnotes":""},"class_list":["post-6093","page","type-page","status-publish","hentry"],"_links":{"self":[{"href":"https:\/\/catholiques17.fr\/saintjeandangely\/wp-json\/wp\/v2\/pages\/6093","targetHints":{"allow":["GET"]}}],"collection":[{"href":"https:\/\/catholiques17.fr\/saintjeandangely\/wp-json\/wp\/v2\/pages"}],"about":[{"href":"https:\/\/catholiques17.fr\/saintjeandangely\/wp-json\/wp\/v2\/types\/page"}],"author":[{"embeddable":true,"href":"https:\/\/catholiques17.fr\/saintjeandangely\/wp-json\/wp\/v2\/users\/32"}],"replies":[{"embeddable":true,"href":"https:\/\/catholiques17.fr\/saintjeandangely\/wp-json\/wp\/v2\/comments?post=6093"}],"version-history":[{"count":4,"href":"https:\/\/catholiques17.fr\/saintjeandangely\/wp-json\/wp\/v2\/pages\/6093\/revisions"}],"predecessor-version":[{"id":6517,"href":"https:\/\/catholiques17.fr\/saintjeandangely\/wp-json\/wp\/v2\/pages\/6093\/revisions\/6517"}],"wp:attachment":[{"href":"https:\/\/catholiques17.fr\/saintjeandangely\/wp-json\/wp\/v2\/media?parent=6093"}],"curies":[{"name":"wp","href":"https:\/\/api.w.org\/{rel}","templated":true}]}}