{"id":4714,"date":"2021-04-01T10:30:23","date_gmt":"2021-04-01T08:30:23","guid":{"rendered":"https:\/\/catholiques17.fr\/saint-angely\/?page_id=4714"},"modified":"2022-11-23T10:13:34","modified_gmt":"2022-11-23T09:13:34","slug":"ecole-et-college-sainte-sophie","status":"publish","type":"page","link":"https:\/\/catholiques17.fr\/saintjeandangely\/jeunes\/ecole-et-college-sainte-sophie\/","title":{"rendered":"\u00c9cole et coll\u00e8ge Sainte-Sophie"},"content":{"rendered":"[et_pb_section fb_built=\u00a0\u00bb1&Prime; admin_label=\u00a0\u00bbsection\u00a0\u00bb _builder_version=\u00a0\u00bb4.16&Prime; global_colors_info=\u00a0\u00bb{}\u00a0\u00bb theme_builder_area=\u00a0\u00bbpost_content\u00a0\u00bb custom_padding=\u00a0\u00bb0px|||||\u00a0\u00bb][et_pb_row _builder_version=\u00a0\u00bb4.17.6&Prime; _module_preset=\u00a0\u00bbdefault\u00a0\u00bb theme_builder_area=\u00a0\u00bbpost_content\u00a0\u00bb][et_pb_column _builder_version=\u00a0\u00bb4.17.6&Prime; _module_preset=\u00a0\u00bbdefault\u00a0\u00bb type=\u00a0\u00bb4_4&Prime; theme_builder_area=\u00a0\u00bbpost_content\u00a0\u00bb][et_pb_image src=\u00a0\u00bbhttps:\/\/catholiques17.fr\/saintjeandangely\/wp-content\/uploads\/sites\/18\/2022\/11\/logo-ec-pc.jpg\u00a0\u00bb _builder_version=\u00a0\u00bb4.17.6&Prime; _module_preset=\u00a0\u00bbdefault\u00a0\u00bb theme_builder_area=\u00a0\u00bbpost_content\u00a0\u00bb title_text=\u00a0\u00bblogo-ec-pc\u00a0\u00bb align=\u00a0\u00bbcenter\u00a0\u00bb animation_style=\u00a0\u00bbslide\u00a0\u00bb hover_enabled=\u00a0\u00bb0&Prime; sticky_enabled=\u00a0\u00bb0&Prime;][\/et_pb_image][\/et_pb_column][\/et_pb_row][et_pb_row admin_label=\u00a0\u00bbrow\u00a0\u00bb _builder_version=\u00a0\u00bb4.16&Prime; background_size=\u00a0\u00bbinitial\u00a0\u00bb background_position=\u00a0\u00bbtop_left\u00a0\u00bb background_repeat=\u00a0\u00bbrepeat\u00a0\u00bb global_colors_info=\u00a0\u00bb{}\u00a0\u00bb theme_builder_area=\u00a0\u00bbpost_content\u00a0\u00bb][et_pb_column type=\u00a0\u00bb4_4&Prime; _builder_version=\u00a0\u00bb4.16&Prime; custom_padding=\u00a0\u00bb|||\u00a0\u00bb global_colors_info=\u00a0\u00bb{}\u00a0\u00bb custom_padding__hover=\u00a0\u00bb|||\u00a0\u00bb theme_builder_area=\u00a0\u00bbpost_content\u00a0\u00bb][et_pb_text admin_label=\u00a0\u00bbText\u00a0\u00bb _builder_version=\u00a0\u00bb4.17.6&Prime; background_size=\u00a0\u00bbinitial\u00a0\u00bb background_position=\u00a0\u00bbtop_left\u00a0\u00bb background_repeat=\u00a0\u00bbrepeat\u00a0\u00bb hover_enabled=\u00a0\u00bb0&Prime; global_colors_info=\u00a0\u00bb{}\u00a0\u00bb theme_builder_area=\u00a0\u00bbpost_content\u00a0\u00bb sticky_enabled=\u00a0\u00bb0&Prime;]<p><strong>Le groupe scolaire d\u2019enseignement priv\u00e9 Sainte Sophie<\/strong> s\u2019inscrit aussi dans ses racines chr\u00e9tiennes bicentenaires et puise dans l\u2019exhortation de l\u2019ap\u00f4tre Pierre : \u00ab Cro\u00eetre dans la connaissance de Christ ! \u00bb \u00a0 En primaire, chaque enfant choisit soit un enseignement du fait religieux soit un \u00e9veil religieux et d\u00e9veloppe sa spiritualit\u00e9 par le cat\u00e9chisme (assur\u00e9 par des parents en lien avec la paroisse).<\/p>\n<p><\/p>\n<p>Au Coll\u00e8ge, tous les quinze jours le jeudi, des \u00e9l\u00e8ves se r\u00e9unissent pour un temps de partage o\u00f9 culture religieuse et ph\u00e9nom\u00e8nes de soci\u00e9t\u00e9 s\u2019articulent sur fond de d\u00e9bat. Le Groupe scolaire priv\u00e9 Sainte Sophie se veut ouvert sur le monde et s\u2019enrichit des diff\u00e9rences culturelles et religieuses de chaque enfant. C\u2019est la raison pour laquelle il accueille des \u00e9l\u00e8ves de confessions multiples<\/p>\n<p><\/p>\n<p><strong>Animation pastorale<\/strong><\/p>\n<p><\/p>\n<p>Nous utilisons comme support d\u2019animation \u00ab\u00a0Mes questions parlons-en\u00a0!\u00bb. Cet ouvrage relie questions humaines et culture chr\u00e9tienne. Le temps de partage sur les diff\u00e9rents th\u00e8mes que proposent ce support (sciences humaines, le droit, les syst\u00e8mes de valeurs et les traditions religieuses\u2026), permet aux jeunes de s\u2019interroger sur des situations rencontr\u00e9es dans ce monde complexe qu\u2019est le leur. \u00a0<\/p>\n<p><\/p>\n<p>Tous les \u00e9l\u00e8ves participent, dans le respect de la croyance de chacun,\u00a0 aux quatre c\u00e9l\u00e9brations qui sont mises en place sur le temps scolaire\u00a0: une \u00e0 la rentr\u00e9e,\u00a0 une autre avant la sortie de Juin et deux au moment des temps forts de No\u00ebl et de P\u00e2ques. Nous proposons aux coll\u00e9giens, en lien avec les enseignants d\u2019\u00e9ducation musicale,\u00a0 d\u2019arts, de langues et le personnel de la Vie Scolaire, des r\u00e9p\u00e9titions de chants religieux anim\u00e9s,\u00a0 des karaok\u00e9s,\u00a0 des\u00a0 travaux manuels (ainsi avons-nous r\u00e9alis\u00e9 un concours de cr\u00e8ches), et le mime des \u00c9vangiles pendant le temps de l\u2019Avent.<\/p>\n<p><\/p>\n<p>Adresse : 80 rue Gambetta, 17420 Saint-Jean-d\u2019Ang\u00e9ly &#8211; 0546321548 &#8211; <a href=\"mailto:secretariat@stesophie.fr\" target=\"_blank\" rel=\"noopener\">secretariat@stesophie.fr<\/a><\/p>\n<p><\/p>\n<p><\/p>[\/et_pb_text][\/et_pb_column][\/et_pb_row][\/et_pb_section]","protected":false},"excerpt":{"rendered":"<p>Le groupe scolaire d\u2019enseignement priv\u00e9 Sainte Sophie s\u2019inscrit aussi dans ses racines chr\u00e9tiennes bicentenaires et puise dans l\u2019exhortation de l\u2019ap\u00f4tre Pierre : \u00ab Cro\u00eetre dans la connaissance de Christ ! [&hellip;]<\/p>\n","protected":false},"author":5,"featured_media":0,"parent":4734,"menu_order":0,"comment_status":"closed","ping_status":"closed","template":"","meta":{"_et_pb_use_builder":"on","_et_pb_old_content":"<!-- wp:paragraph -->\n<p>oupe scolaire d\u2019enseignement priv\u00e9, Sainte Sophie s\u2019inscrit aussi dans ses racines chr\u00e9tiennes bicentenaires et puise dans l\u2019exhortation de l\u2019ap\u00f4tre Pierre : \u00ab Cro\u00eetre dans la connaissance de Christ ! \u00bb &nbsp; En primaire, chaque enfant choisit soit un enseignement du fait religieux soit un \u00e9veil religieux et d\u00e9veloppe sa spiritualit\u00e9 par le cat\u00e9chisme (assur\u00e9 par des parents en lien avec la paroisse).<\/p>\n<!-- \/wp:paragraph -->\n\n<!-- wp:paragraph -->\n<p>Au Coll\u00e8ge, tous les quinze jours le jeudi, des \u00e9l\u00e8ves se r\u00e9unissent pour un temps de partage o\u00f9 culture religieuse et ph\u00e9nom\u00e8nes de soci\u00e9t\u00e9 s\u2019articulent sur fond de d\u00e9bat. Le Groupe scolaire priv\u00e9 Sainte Sophie se veut ouvert sur le monde et s\u2019enrichit des diff\u00e9rences culturelles et religieuses de chaque enfant. C\u2019est la raison pour laquelle il accueille des \u00e9l\u00e8ves de confessions multiples<\/p>\n<!-- \/wp:paragraph -->\n\n<!-- wp:paragraph -->\n<p><strong>Animation pastorale<\/strong><\/p>\n<!-- \/wp:paragraph -->\n\n<!-- wp:paragraph -->\n<p>Nous utilisons comme support d\u2019animation \u00ab&nbsp;Mes questions parlons-en&nbsp;!\u00bb. Cet ouvrage relie questions humaines et culture chr\u00e9tienne. Le temps de partage sur les diff\u00e9rents th\u00e8mes que proposent ce support (sciences humaines, le droit, les syst\u00e8mes de valeurs et les traditions religieuses\u2026), permet aux jeunes de s\u2019interroger sur des situations rencontr\u00e9es dans ce monde complexe qu\u2019est le leur. &nbsp;<\/p>\n<!-- \/wp:paragraph -->\n\n<!-- wp:paragraph -->\n<p>Tous les \u00e9l\u00e8ves participent, dans le respect de la croyance de chacun,&nbsp; aux quatre c\u00e9l\u00e9brations qui sont mises en place sur le temps scolaire&nbsp;: une \u00e0 la rentr\u00e9e,&nbsp; une autre avant la sortie de Juin et deux au moment des temps forts de No\u00ebl et de P\u00e2ques. Nous proposons aux coll\u00e9giens, en lien avec les enseignants d\u2019\u00e9ducation musicale,&nbsp; d\u2019arts, de langues et le personnel de la Vie Scolaire, des r\u00e9p\u00e9titions de chants religieux anim\u00e9s,&nbsp; des karaok\u00e9s,&nbsp; des&nbsp; travaux manuels (ainsi avons-nous r\u00e9alis\u00e9 un concours de cr\u00e8ches), et le mime des \u00c9vangiles pendant le temps de l\u2019Avent.<\/p>\n<!-- \/wp:paragraph -->\n\n<!-- wp:paragraph -->\n<p>Adresse :<\/p>\n<!-- \/wp:paragraph -->\n\n<!-- wp:paragraph -->\n<p>80 rue Gambetta<br>17420 Saint-Jean-d\u2019Ang\u00e9ly<br>Tel : 0546321548<br>Par mail : secretariat@stesophie.fr<\/p>\n<!-- \/wp:paragraph -->","_et_gb_content_width":"","footnotes":""},"class_list":["post-4714","page","type-page","status-publish","hentry"],"_links":{"self":[{"href":"https:\/\/catholiques17.fr\/saintjeandangely\/wp-json\/wp\/v2\/pages\/4714","targetHints":{"allow":["GET"]}}],"collection":[{"href":"https:\/\/catholiques17.fr\/saintjeandangely\/wp-json\/wp\/v2\/pages"}],"about":[{"href":"https:\/\/catholiques17.fr\/saintjeandangely\/wp-json\/wp\/v2\/types\/page"}],"author":[{"embeddable":true,"href":"https:\/\/catholiques17.fr\/saintjeandangely\/wp-json\/wp\/v2\/users\/5"}],"replies":[{"embeddable":true,"href":"https:\/\/catholiques17.fr\/saintjeandangely\/wp-json\/wp\/v2\/comments?post=4714"}],"version-history":[{"count":4,"href":"https:\/\/catholiques17.fr\/saintjeandangely\/wp-json\/wp\/v2\/pages\/4714\/revisions"}],"predecessor-version":[{"id":5177,"href":"https:\/\/catholiques17.fr\/saintjeandangely\/wp-json\/wp\/v2\/pages\/4714\/revisions\/5177"}],"up":[{"embeddable":true,"href":"https:\/\/catholiques17.fr\/saintjeandangely\/wp-json\/wp\/v2\/pages\/4734"}],"wp:attachment":[{"href":"https:\/\/catholiques17.fr\/saintjeandangely\/wp-json\/wp\/v2\/media?parent=4714"}],"curies":[{"name":"wp","href":"https:\/\/api.w.org\/{rel}","templated":true}]}}

École et collège Sainte-Sophie

[et_pb_section fb_built= »1&Prime; admin_label= »section » _builder_version= »4.16&Prime; global_colors_info= »{} » theme_builder_area= »post_content » custom_padding= »0px||||| »][et_pb_row _builder_version= »4.17.6&Prime; _module_preset= »default » theme_builder_area= »post_content »][et_pb_column _builder_version= »4.17.6&Prime; _module_preset= »default » type= »4_4&Prime; theme_builder_area= »post_content »][et_pb_image src= »https://catholiques17.fr/saintjeandangely/wp-content/uploads/sites/18/2022/11/logo-ec-pc.jpg » _builder_version= »4.17.6&Prime; _module_preset= »default » theme_builder_area= »post_content » title_text= »logo-ec-pc » align= »center » animation_style= »slide » hover_enabled= »0&Prime; sticky_enabled= »0&Prime;][/et_pb_image][/et_pb_column][/et_pb_row][et_pb_row admin_label= »row » _builder_version= »4.16&Prime; background_size= »initial » background_position= »top_left » background_repeat= »repeat » global_colors_info= »{} » theme_builder_area= »post_content »][et_pb_column type= »4_4&Prime; _builder_version= »4.16&Prime; custom_padding= »||| » global_colors_info= »{} » custom_padding__hover= »||| » theme_builder_area= »post_content »][et_pb_text admin_label= »Text » _builder_version= »4.17.6&Prime; background_size= »initial » background_position= »top_left » background_repeat= »repeat » hover_enabled= »0&Prime; global_colors_info= »{} » theme_builder_area= »post_content » sticky_enabled= »0&Prime;]<p><strong>Le groupe scolaire d’enseignement privé Sainte Sophie</strong> s’inscrit aussi dans ses racines chrétiennes bicentenaires et puise dans l’exhortation de l’apôtre Pierre : « Croître dans la connaissance de Christ ! »   En primaire, chaque enfant choisit soit un enseignement du fait religieux soit un éveil religieux et développe sa spiritualité par le catéchisme (assuré par des parents en lien avec la paroisse).</p>
<p></p>
<p>Au Collège, tous les quinze jours le jeudi, des élèves se réunissent pour un temps de partage où culture religieuse et phénomènes de société s’articulent sur fond de débat. Le Groupe scolaire privé Sainte Sophie se veut ouvert sur le monde et s’enrichit des différences culturelles et religieuses de chaque enfant. C’est la raison pour laquelle il accueille des élèves de confessions multiples</p>
<p></p>
<p><strong>Animation pastorale</strong></p>
<p></p>
<p>Nous utilisons comme support d’animation « Mes questions parlons-en !». Cet ouvrage relie questions humaines et culture chrétienne. Le temps de partage sur les différents thèmes que proposent ce support (sciences humaines, le droit, les systèmes de valeurs et les traditions religieuses…), permet aux jeunes de s’interroger sur des situations rencontrées dans ce monde complexe qu’est le leur.  </p>
<p></p>
<p>Tous les élèves participent, dans le respect de la croyance de chacun,  aux quatre célébrations qui sont mises en place sur le temps scolaire : une à la rentrée,  une autre avant la sortie de Juin et deux au moment des temps forts de Noël et de Pâques. Nous proposons aux collégiens, en lien avec les enseignants d’éducation musicale,  d’arts, de langues et le personnel de la Vie Scolaire, des répétitions de chants religieux animés,  des karaokés,  des  travaux manuels (ainsi avons-nous réalisé un concours de crèches), et le mime des Évangiles pendant le temps de l’Avent.</p>
<p></p>
<p>Adresse : 80 rue Gambetta, 17420 Saint-Jean-d’Angély &#8211; 0546321548 &#8211; <a href="mailto:secretariat@stesophie.fr" target="_blank" rel="noopener">secretariat@stesophie.fr</a></p>
<p></p>
<p></p>[/et_pb_text][/et_pb_column][/et_pb_row][/et_pb_section]

<p>Le groupe scolaire d’enseignement privé Sainte Sophie s’inscrit aussi dans ses racines chrétiennes bicentenaires et puise dans l’exhortation de l’apôtre Pierre : « Croître dans la connaissance de Christ ! [&hellip;]</p>

<!-- wp:paragraph -->
<p>oupe scolaire d’enseignement privé, Sainte Sophie s’inscrit aussi dans ses racines chrétiennes bicentenaires et puise dans l’exhortation de l’apôtre Pierre : « Croître dans la connaissance de Christ ! » &nbsp; En primaire, chaque enfant choisit soit un enseignement du fait religieux soit un éveil religieux et développe sa spiritualité par le catéchisme (assuré par des parents en lien avec la paroisse).</p>
<!-- /wp:paragraph -->

<!-- wp:paragraph -->
<p>Au Collège, tous les quinze jours le jeudi, des élèves se réunissent pour un temps de partage où culture religieuse et phénomènes de société s’articulent sur fond de débat. Le Groupe scolaire privé Sainte Sophie se veut ouvert sur le monde et s’enrichit des différences culturelles et religieuses de chaque enfant. C’est la raison pour laquelle il accueille des élèves de confessions multiples</p>
<!-- /wp:paragraph -->

<!-- wp:paragraph -->
<p><strong>Animation pastorale</strong></p>
<!-- /wp:paragraph -->

<!-- wp:paragraph -->
<p>Nous utilisons comme support d’animation «&nbsp;Mes questions parlons-en&nbsp;!». Cet ouvrage relie questions humaines et culture chrétienne. Le temps de partage sur les différents thèmes que proposent ce support (sciences humaines, le droit, les systèmes de valeurs et les traditions religieuses…), permet aux jeunes de s’interroger sur des situations rencontrées dans ce monde complexe qu’est le leur. &nbsp;</p>
<!-- /wp:paragraph -->

<!-- wp:paragraph -->
<p>Tous les élèves participent, dans le respect de la croyance de chacun,&nbsp; aux quatre célébrations qui sont mises en place sur le temps scolaire&nbsp;: une à la rentrée,&nbsp; une autre avant la sortie de Juin et deux au moment des temps forts de Noël et de Pâques. Nous proposons aux collégiens, en lien avec les enseignants d’éducation musicale,&nbsp; d’arts, de langues et le personnel de la Vie Scolaire, des répétitions de chants religieux animés,&nbsp; des karaokés,&nbsp; des&nbsp; travaux manuels (ainsi avons-nous réalisé un concours de crèches), et le mime des Évangiles pendant le temps de l’Avent.</p>
<!-- /wp:paragraph -->

<!-- wp:paragraph -->
<p>Adresse :</p>
<!-- /wp:paragraph -->

<!-- wp:paragraph -->
<p>80 rue Gambetta<br>17420 Saint-Jean-d’Angély<br>Tel : 0546321548<br>Par mail : secretariat@stesophie.fr</p>
<!-- /wp:paragraph -->
