{"id":4711,"date":"2021-04-01T10:28:28","date_gmt":"2021-04-01T08:28:28","guid":{"rendered":"https:\/\/catholiques17.fr\/saint-angely\/?page_id=4711"},"modified":"2023-03-23T15:07:40","modified_gmt":"2023-03-23T14:07:40","slug":"aumonerie-des-colleges-et-lycees-aep","status":"publish","type":"page","link":"https:\/\/catholiques17.fr\/saintjeandangely\/jeunes\/aumonerie-des-colleges-et-lycees-aep\/","title":{"rendered":"Aum\u00f4nerie des Coll\u00e8ges et Lyc\u00e9es (AEP)"},"content":{"rendered":"[et_pb_section fb_built=\u00a0\u00bb1&Prime; admin_label=\u00a0\u00bbsection\u00a0\u00bb _builder_version=\u00a0\u00bb4.16&Prime; global_colors_info=\u00a0\u00bb{}\u00a0\u00bb theme_builder_area=\u00a0\u00bbpost_content\u00a0\u00bb custom_padding=\u00a0\u00bb0px|||||\u00a0\u00bb][et_pb_row _builder_version=\u00a0\u00bb4.17.6&Prime; _module_preset=\u00a0\u00bbdefault\u00a0\u00bb theme_builder_area=\u00a0\u00bbpost_content\u00a0\u00bb][et_pb_column _builder_version=\u00a0\u00bb4.17.6&Prime; _module_preset=\u00a0\u00bbdefault\u00a0\u00bb type=\u00a0\u00bb4_4&Prime; theme_builder_area=\u00a0\u00bbpost_content\u00a0\u00bb][et_pb_image src=\u00a0\u00bbhttps:\/\/catholiques17.fr\/saintjeandangely\/wp-content\/uploads\/sites\/18\/2022\/11\/Pasto-jeunes.jpg\u00a0\u00bb _builder_version=\u00a0\u00bb4.17.6&Prime; _module_preset=\u00a0\u00bbdefault\u00a0\u00bb theme_builder_area=\u00a0\u00bbpost_content\u00a0\u00bb title_text=\u00a0\u00bbPasto jeunes\u00a0\u00bb align=\u00a0\u00bbcenter\u00a0\u00bb border_radii=\u00a0\u00bbon|20px|20px|20px|20px\u00a0\u00bb animation_style=\u00a0\u00bbslide\u00a0\u00bb hover_enabled=\u00a0\u00bb0&Prime; sticky_enabled=\u00a0\u00bb0&Prime;][\/et_pb_image][\/et_pb_column][\/et_pb_row][et_pb_row admin_label=\u00a0\u00bbrow\u00a0\u00bb _builder_version=\u00a0\u00bb4.16&Prime; background_size=\u00a0\u00bbinitial\u00a0\u00bb background_position=\u00a0\u00bbtop_left\u00a0\u00bb background_repeat=\u00a0\u00bbrepeat\u00a0\u00bb global_colors_info=\u00a0\u00bb{}\u00a0\u00bb theme_builder_area=\u00a0\u00bbpost_content\u00a0\u00bb][et_pb_column type=\u00a0\u00bb4_4&Prime; _builder_version=\u00a0\u00bb4.16&Prime; custom_padding=\u00a0\u00bb|||\u00a0\u00bb global_colors_info=\u00a0\u00bb{}\u00a0\u00bb custom_padding__hover=\u00a0\u00bb|||\u00a0\u00bb theme_builder_area=\u00a0\u00bbpost_content\u00a0\u00bb][et_pb_text admin_label=\u00a0\u00bbText\u00a0\u00bb _builder_version=\u00a0\u00bb4.17.6&Prime; background_size=\u00a0\u00bbinitial\u00a0\u00bb background_position=\u00a0\u00bbtop_left\u00a0\u00bb background_repeat=\u00a0\u00bbrepeat\u00a0\u00bb hover_enabled=\u00a0\u00bb0&Prime; global_colors_info=\u00a0\u00bb{}\u00a0\u00bb theme_builder_area=\u00a0\u00bbpost_content\u00a0\u00bb sticky_enabled=\u00a0\u00bb0&Prime;]<p><\/p>\n<h1 class=\"wp-block-heading\" id=\"parent-fieldname-title\" style=\"text-align: center;\">L&rsquo;AUM\u00d4NERIE, C&rsquo;EST QUOI ?<\/h1>\n<p><\/p>\n<p>La t\u00e2che propre de l\u2019Aum\u00f4nerie de l\u2019Enseignement Public est d\u2019assurer une pr\u00e9sence d\u2019Eglise aupr\u00e8s des jeunes scolaris\u00e9s dans les lyc\u00e9es et les coll\u00e8ges de l\u2019enseignement public, au service de leur croissance humaine et spirituelle et de la d\u00e9couverte de l\u2019Evangile de J\u00e9sus-Christ.<\/p>\n<p><\/p>\n<p><\/p>\n<figure class=\"wp-block-image size-full\"><img loading=\"lazy\" decoding=\"async\" width=\"527\" height=\"707\" src=\"https:\/\/catholiques17.fr\/saintjeandangely\/wp-content\/uploads\/sites\/18\/2022\/09\/aumonerie-St-Jean.jpg\" alt=\"\" class=\"wp-image-4967\" style=\"display: block; margin-left: auto; margin-right: auto;\" srcset=\"https:\/\/catholiques17.fr\/saintjeandangely\/wp-content\/uploads\/sites\/18\/2022\/09\/aumonerie-St-Jean.jpg 527w, https:\/\/catholiques17.fr\/saintjeandangely\/wp-content\/uploads\/sites\/18\/2022\/09\/aumonerie-St-Jean-480x644.jpg 480w\" sizes=\"(min-width: 0px) and (max-width: 480px) 480px, (min-width: 481px) 527px, 100vw\" \/><\/figure>\n<p><\/p>[\/et_pb_text][\/et_pb_column][\/et_pb_row][et_pb_row _builder_version=\u00a0\u00bb4.17.6&Prime; _module_preset=\u00a0\u00bbdefault\u00a0\u00bb theme_builder_area=\u00a0\u00bbpost_content\u00a0\u00bb][et_pb_column _builder_version=\u00a0\u00bb4.17.6&Prime; _module_preset=\u00a0\u00bbdefault\u00a0\u00bb type=\u00a0\u00bb4_4&Prime; theme_builder_area=\u00a0\u00bbpost_content\u00a0\u00bb][et_pb_text _builder_version=\u00a0\u00bb4.17.6&Prime; _module_preset=\u00a0\u00bbdefault\u00a0\u00bb theme_builder_area=\u00a0\u00bbpost_content\u00a0\u00bb background_color=\u00a0\u00bb#FF8C00&Prime; border_radii=\u00a0\u00bboff|20px||20px|\u00a0\u00bb hover_enabled=\u00a0\u00bb0&Prime; sticky_enabled=\u00a0\u00bb0&Prime;]<div class=\"et_pb_row et_pb_row_6\">\n<div class=\"et_pb_column et_pb_column_4_4 et_pb_column_8  et_pb_css_mix_blend_mode_passthrough et-last-child\">\n<div class=\"et_pb_module et_pb_text et_pb_text_3  et_pb_text_align_left et_pb_bg_layout_light\">\n<div class=\"et_pb_text_inner\">\n<p style=\"text-align: center;\"><span style=\"color: #ffffff;\">Le service dioc\u00e9sain de la pastorale des jeunes propose des camps, p\u00e8lerinages et autres rassemblements <\/span><span style=\"color: #33cccc;\"><span style=\"color: #ffffff;\">tout au long de l\u2019ann\u00e9e. Suivez l\u2019actualit\u00e9 des jeunes sur leur site <\/span><a href=\"https:\/\/jeunes17.fr\/\" target=\"_blank\" rel=\"noopener\" style=\"color: #33cccc;\"><span style=\"text-decoration: underline;\"><strong><span style=\"color: #ffffff; text-decoration: underline;\">jeunes17.fr<\/span><\/strong><\/span><\/a><\/span><\/p>\n<\/div>\n<\/div>\n<\/div>\n<\/div>[\/et_pb_text][\/et_pb_column][\/et_pb_row][\/et_pb_section]","protected":false},"excerpt":{"rendered":"<p>L&rsquo;AUM\u00d4NERIE, C&rsquo;EST QUOI ? La t\u00e2che propre de l\u2019Aum\u00f4nerie de l\u2019Enseignement Public est d\u2019assurer une pr\u00e9sence d\u2019Eglise aupr\u00e8s des jeunes scolaris\u00e9s dans les lyc\u00e9es et les coll\u00e8ges de l\u2019enseignement public, [&hellip;]<\/p>\n","protected":false},"author":5,"featured_media":0,"parent":4734,"menu_order":0,"comment_status":"closed","ping_status":"closed","template":"","meta":{"_et_pb_use_builder":"on","_et_pb_old_content":"<!-- wp:heading {\"level\":1} -->\n<h1 id=\"parent-fieldname-title\">L'AUM\u00d4NERIE, C'EST QUOI ?<\/h1>\n<!-- \/wp:heading -->\n\n<!-- wp:paragraph -->\n<p>La t\u00e2che propre de l\u2019Aum\u00f4nerie de l\u2019Enseignement Public est d\u2019assurer une pr\u00e9sence d\u2019Eglise aupr\u00e8s des jeunes scolaris\u00e9s dans les lyc\u00e9es et les coll\u00e8ges de l\u2019enseignement public, au service de leur croissance humaine et spirituelle et de la d\u00e9couverte de l\u2019Evangile de J\u00e9sus-Christ.<\/p>\n<!-- \/wp:paragraph -->\n\n<!-- wp:image {\"id\":4967,\"sizeSlug\":\"full\",\"linkDestination\":\"none\"} -->\n<figure class=\"wp-block-image size-full\"><img src=\"https:\/\/catholiques17.fr\/saintjeandangely\/wp-content\/uploads\/sites\/18\/2022\/09\/aumonerie-St-Jean.jpg\" alt=\"\" class=\"wp-image-4967\" \/><\/figure>\n<!-- \/wp:image -->","_et_gb_content_width":"","footnotes":""},"class_list":["post-4711","page","type-page","status-publish","hentry"],"_links":{"self":[{"href":"https:\/\/catholiques17.fr\/saintjeandangely\/wp-json\/wp\/v2\/pages\/4711","targetHints":{"allow":["GET"]}}],"collection":[{"href":"https:\/\/catholiques17.fr\/saintjeandangely\/wp-json\/wp\/v2\/pages"}],"about":[{"href":"https:\/\/catholiques17.fr\/saintjeandangely\/wp-json\/wp\/v2\/types\/page"}],"author":[{"embeddable":true,"href":"https:\/\/catholiques17.fr\/saintjeandangely\/wp-json\/wp\/v2\/users\/5"}],"replies":[{"embeddable":true,"href":"https:\/\/catholiques17.fr\/saintjeandangely\/wp-json\/wp\/v2\/comments?post=4711"}],"version-history":[{"count":4,"href":"https:\/\/catholiques17.fr\/saintjeandangely\/wp-json\/wp\/v2\/pages\/4711\/revisions"}],"predecessor-version":[{"id":5173,"href":"https:\/\/catholiques17.fr\/saintjeandangely\/wp-json\/wp\/v2\/pages\/4711\/revisions\/5173"}],"up":[{"embeddable":true,"href":"https:\/\/catholiques17.fr\/saintjeandangely\/wp-json\/wp\/v2\/pages\/4734"}],"wp:attachment":[{"href":"https:\/\/catholiques17.fr\/saintjeandangely\/wp-json\/wp\/v2\/media?parent=4711"}],"curies":[{"name":"wp","href":"https:\/\/api.w.org\/{rel}","templated":true}]}}

Aumônerie des Collèges et Lycées (AEP)

[et_pb_section fb_built= »1&Prime; admin_label= »section » _builder_version= »4.16&Prime; global_colors_info= »{} » theme_builder_area= »post_content » custom_padding= »0px||||| »][et_pb_row _builder_version= »4.17.6&Prime; _module_preset= »default » theme_builder_area= »post_content »][et_pb_column _builder_version= »4.17.6&Prime; _module_preset= »default » type= »4_4&Prime; theme_builder_area= »post_content »][et_pb_image src= »https://catholiques17.fr/saintjeandangely/wp-content/uploads/sites/18/2022/11/Pasto-jeunes.jpg » _builder_version= »4.17.6&Prime; _module_preset= »default » theme_builder_area= »post_content » title_text= »Pasto jeunes » align= »center » border_radii= »on|20px|20px|20px|20px » animation_style= »slide » hover_enabled= »0&Prime; sticky_enabled= »0&Prime;][/et_pb_image][/et_pb_column][/et_pb_row][et_pb_row admin_label= »row » _builder_version= »4.16&Prime; background_size= »initial » background_position= »top_left » background_repeat= »repeat » global_colors_info= »{} » theme_builder_area= »post_content »][et_pb_column type= »4_4&Prime; _builder_version= »4.16&Prime; custom_padding= »||| » global_colors_info= »{} » custom_padding__hover= »||| » theme_builder_area= »post_content »][et_pb_text admin_label= »Text » _builder_version= »4.17.6&Prime; background_size= »initial » background_position= »top_left » background_repeat= »repeat » hover_enabled= »0&Prime; global_colors_info= »{} » theme_builder_area= »post_content » sticky_enabled= »0&Prime;]<p></p>
<h1 class="wp-block-heading" id="parent-fieldname-title" style="text-align: center;">L&rsquo;AUMÔNERIE, C&rsquo;EST QUOI ?</h1>
<p></p>
<p>La tâche propre de l’Aumônerie de l’Enseignement Public est d’assurer une présence d’Eglise auprès des jeunes scolarisés dans les lycées et les collèges de l’enseignement public, au service de leur croissance humaine et spirituelle et de la découverte de l’Evangile de Jésus-Christ.</p>
<p></p>
<p></p>
<figure class="wp-block-image size-full"><img loading="lazy" decoding="async" width="527" height="707" src="https://catholiques17.fr/saintjeandangely/wp-content/uploads/sites/18/2022/09/aumonerie-St-Jean.jpg" alt="" class="wp-image-4967" style="display: block; margin-left: auto; margin-right: auto;" srcset="https://catholiques17.fr/saintjeandangely/wp-content/uploads/sites/18/2022/09/aumonerie-St-Jean.jpg 527w, https://catholiques17.fr/saintjeandangely/wp-content/uploads/sites/18/2022/09/aumonerie-St-Jean-480x644.jpg 480w" sizes="(min-width: 0px) and (max-width: 480px) 480px, (min-width: 481px) 527px, 100vw" /></figure>
<p></p>[/et_pb_text][/et_pb_column][/et_pb_row][et_pb_row _builder_version= »4.17.6&Prime; _module_preset= »default » theme_builder_area= »post_content »][et_pb_column _builder_version= »4.17.6&Prime; _module_preset= »default » type= »4_4&Prime; theme_builder_area= »post_content »][et_pb_text _builder_version= »4.17.6&Prime; _module_preset= »default » theme_builder_area= »post_content » background_color= »#FF8C00&Prime; border_radii= »off|20px||20px| » hover_enabled= »0&Prime; sticky_enabled= »0&Prime;]<div class="et_pb_row et_pb_row_6">
<div class="et_pb_column et_pb_column_4_4 et_pb_column_8  et_pb_css_mix_blend_mode_passthrough et-last-child">
<div class="et_pb_module et_pb_text et_pb_text_3  et_pb_text_align_left et_pb_bg_layout_light">
<div class="et_pb_text_inner">
<p style="text-align: center;"><span style="color: #ffffff;">Le service diocésain de la pastorale des jeunes propose des camps, pèlerinages et autres rassemblements </span><span style="color: #33cccc;"><span style="color: #ffffff;">tout au long de l’année. Suivez l’actualité des jeunes sur leur site </span><a href="https://jeunes17.fr/" target="_blank" rel="noopener" style="color: #33cccc;"><span style="text-decoration: underline;"><strong><span style="color: #ffffff; text-decoration: underline;">jeunes17.fr</span></strong></span></a></span></p>
</div>
</div>
</div>
</div>[/et_pb_text][/et_pb_column][/et_pb_row][/et_pb_section]

<p>L&rsquo;AUMÔNERIE, C&rsquo;EST QUOI ? La tâche propre de l’Aumônerie de l’Enseignement Public est d’assurer une présence d’Eglise auprès des jeunes scolarisés dans les lycées et les collèges de l’enseignement public, [&hellip;]</p>

<!-- wp:heading {"level":1} -->
<h1 id="parent-fieldname-title">L'AUMÔNERIE, C'EST QUOI ?</h1>
<!-- /wp:heading -->

<!-- wp:paragraph -->
<p>La tâche propre de l’Aumônerie de l’Enseignement Public est d’assurer une présence d’Eglise auprès des jeunes scolarisés dans les lycées et les collèges de l’enseignement public, au service de leur croissance humaine et spirituelle et de la découverte de l’Evangile de Jésus-Christ.</p>
<!-- /wp:paragraph -->

<!-- wp:image {"id":4967,"sizeSlug":"full","linkDestination":"none"} -->
<figure class="wp-block-image size-full"><img src="https://catholiques17.fr/saintjeandangely/wp-content/uploads/sites/18/2022/09/aumonerie-St-Jean.jpg" alt="" class="wp-image-4967" /></figure>
<!-- /wp:image -->
