{"id":4708,"date":"2022-11-20T08:38:51","date_gmt":"2022-11-20T07:38:51","guid":{"rendered":"https:\/\/catholiques17.fr\/saint-angely\/?page_id=4708"},"modified":"2025-09-05T16:56:22","modified_gmt":"2025-09-05T14:56:22","slug":"catechese","status":"publish","type":"page","link":"https:\/\/catholiques17.fr\/saintjeandangely\/jeunes\/catechese\/","title":{"rendered":"Cat\u00e9ch\u00e8se"},"content":{"rendered":"[et_pb_section fb_built=\u00a0\u00bb1&Prime; admin_label=\u00a0\u00bbsection\u00a0\u00bb _builder_version=\u00a0\u00bb4.16&Prime; custom_padding=\u00a0\u00bb0px|||||\u00a0\u00bb global_colors_info=\u00a0\u00bb{}\u00a0\u00bb theme_builder_area=\u00a0\u00bbpost_content\u00a0\u00bb custom_margin=\u00a0\u00bb||-59px|||\u00a0\u00bb][et_pb_row _builder_version=\u00a0\u00bb4.17.6&Prime; _module_preset=\u00a0\u00bbdefault\u00a0\u00bb global_colors_info=\u00a0\u00bb{}\u00a0\u00bb theme_builder_area=\u00a0\u00bbpost_content\u00a0\u00bb][et_pb_column type=\u00a0\u00bb4_4&Prime; _builder_version=\u00a0\u00bb4.17.6&Prime; _module_preset=\u00a0\u00bbdefault\u00a0\u00bb global_colors_info=\u00a0\u00bb{}\u00a0\u00bb theme_builder_area=\u00a0\u00bbpost_content\u00a0\u00bb][et_pb_image src=\u00a0\u00bbhttps:\/\/catholiques17.fr\/saintjeandangely\/wp-content\/uploads\/sites\/18\/2022\/11\/Catechese2019-edited.jpg\u00a0\u00bb title_text=\u00a0\u00bbCatechese2019-edited\u00a0\u00bb align=\u00a0\u00bbcenter\u00a0\u00bb _builder_version=\u00a0\u00bb4.17.6&Prime; _module_preset=\u00a0\u00bbdefault\u00a0\u00bb animation_style=\u00a0\u00bbslide\u00a0\u00bb border_radii=\u00a0\u00bbon|20px|20px|20px|20px\u00a0\u00bb global_colors_info=\u00a0\u00bb{}\u00a0\u00bb theme_builder_area=\u00a0\u00bbpost_content\u00a0\u00bb][\/et_pb_image][\/et_pb_column][\/et_pb_row][et_pb_row admin_label=\u00a0\u00bbrow\u00a0\u00bb _builder_version=\u00a0\u00bb4.16&Prime; background_size=\u00a0\u00bbinitial\u00a0\u00bb background_position=\u00a0\u00bbtop_left\u00a0\u00bb background_repeat=\u00a0\u00bbrepeat\u00a0\u00bb global_colors_info=\u00a0\u00bb{}\u00a0\u00bb theme_builder_area=\u00a0\u00bbpost_content\u00a0\u00bb][et_pb_column type=\u00a0\u00bb4_4&Prime; _builder_version=\u00a0\u00bb4.16&Prime; custom_padding=\u00a0\u00bb|||\u00a0\u00bb global_colors_info=\u00a0\u00bb{}\u00a0\u00bb custom_padding__hover=\u00a0\u00bb|||\u00a0\u00bb theme_builder_area=\u00a0\u00bbpost_content\u00a0\u00bb][et_pb_text admin_label=\u00a0\u00bbText\u00a0\u00bb _builder_version=\u00a0\u00bb4.17.6&Prime; background_size=\u00a0\u00bbinitial\u00a0\u00bb background_position=\u00a0\u00bbtop_left\u00a0\u00bb background_repeat=\u00a0\u00bbrepeat\u00a0\u00bb global_colors_info=\u00a0\u00bb{}\u00a0\u00bb theme_builder_area=\u00a0\u00bbpost_content\u00a0\u00bb]<p><strong>Inscrire son enfant au \u201ccat\u00e9\u201d,<\/strong> c\u2019est lui permettre de rencontrer J\u00e9sus et de d\u00e9couvrir que Dieu aime chacun d\u2019entre nous. C\u2019est aussi lui donner l\u2019occasion de r\u00e9fl\u00e9chir sur les questions qu\u2019il se pose sur lui m\u00eame, le monde et Dieu, avec d\u2019autres chr\u00e9tiens : <strong>ENFANTS\u00a0 \u00a0JEUNES \u00a0\u00a0ADULTES\u00a0 \u00a0CATECHISTES\u00a0 \u00a0\u00a0PRETRES \u00a0\u00a0TEMOINS CHRETIENS<\/strong><\/p>\n<p><\/p>\n<p>Les rencontres des CE1 ont lieu tous les mois. Les rencontres des CE2 ont lieu tous les quinze jours. Les CM1 et CM2 se rencontrent, selon les groupes, chaque semaine pour une heure, ou bien\u00a0tous les quinze jours durant deux heures.<br \/>L\u2019ann\u00e9e est \u00e9galement ponctu\u00e9e de temps forts qui donnent l\u2019occasion d\u2019\u00eatre rassembl\u00e9s en famille et en plus grand nombre.\u00a0Ils sont anim\u00e9s par les cat\u00e9chistes de la paroisse et les pr\u00eatres, avec l\u2019aide des parents, des jeunes de l\u2019aum\u00f4nerie et des paroissiens.<\/p>\n<p><\/p>\n<p><\/p>[\/et_pb_text][\/et_pb_column][\/et_pb_row][et_pb_row _builder_version=\u00a0\u00bb4.27.4&Prime; _module_preset=\u00a0\u00bbdefault\u00a0\u00bb theme_builder_area=\u00a0\u00bbpost_content\u00a0\u00bb column_structure=\u00a0\u00bb2_5,3_5&Prime; custom_padding=\u00a0\u00bb37px|||||\u00a0\u00bb][et_pb_column _builder_version=\u00a0\u00bb4.27.4&Prime; _module_preset=\u00a0\u00bbdefault\u00a0\u00bb type=\u00a0\u00bb2_5&Prime; theme_builder_area=\u00a0\u00bbpost_content\u00a0\u00bb][et_pb_text _builder_version=\u00a0\u00bb4.27.4&Prime; _module_preset=\u00a0\u00bbdefault\u00a0\u00bb theme_builder_area=\u00a0\u00bbpost_content\u00a0\u00bb hover_enabled=\u00a0\u00bb0&Prime; sticky_enabled=\u00a0\u00bb0&Prime; custom_padding=\u00a0\u00bb2px|||||\u00a0\u00bb inline_fonts=\u00a0\u00bbArial\u00a0\u00bb]<h1><span style=\"font-family: inherit;font-weight: normal;font-size: medium\"><strong>MARDI 16 Septembre<\/strong> : Cat\u00e9 \u00e0 St Jean d&rsquo;Ang\u00e9ly \u00e0 18H00 \u00e0 la maison paroissiale<\/span><\/h1>\n<h1><span style=\"font-family: inherit;font-weight: normal;font-size: medium\"><strong>VENDREDI 19 Septembre<\/strong> : Aum\u00f4nerie \u00e0 St Jean d&rsquo;Ang\u00e9ly \u00e0 18H00 \u00e0 la maison paroissiale<\/span><\/h1>\n<h1><span style=\"font-family: inherit;font-weight: normal;font-size: medium\"><strong>JEUDI 25 Septembre<\/strong> : Cat\u00e9 \u00e0 Villeneuve la Comtesse \u00e0 17H00<\/span><\/h1>\n<h1><span style=\"font-family: inherit;font-weight: normal;font-size: medium\"><strong>VENDREDI 26 Septembre<\/strong> : Aum\u00f4nerie \u00e0 Villeneuve la Comtesse \u00e0 18H00<\/span><\/h1>\n<h1><span style=\"font-family: inherit;font-weight: normal;font-size: medium\"><strong>SAMEDI 27 Septembre<\/strong> : Messe de rentr\u00e9e et en famille \u00e0 SAINT JEAN D&rsquo;ANGELY \u00e0 18H30 suivie du verre de l&rsquo;amiti\u00e9 et d&rsquo;un repas partag\u00e9.<\/span><\/h1>\n<h1><span style=\"font-family: inherit;font-weight: normal;font-size: medium\"><strong>DIMANCHE 5 Octobre<\/strong> : Messe en famille \u00e0 ViILLENEUVE LA COMPTESSE \u00e0 11H00.<\/span><\/h1>[\/et_pb_text][\/et_pb_column][et_pb_column _builder_version=\u00a0\u00bb4.27.4&Prime; _module_preset=\u00a0\u00bbdefault\u00a0\u00bb type=\u00a0\u00bb3_5&Prime; theme_builder_area=\u00a0\u00bbpost_content\u00a0\u00bb][et_pb_image src=\u00a0\u00bbhttps:\/\/catholiques17.fr\/saintjeandangely\/wp-content\/uploads\/sites\/18\/2025\/09\/CATE1.jpg\u00a0\u00bb _builder_version=\u00a0\u00bb4.27.4&Prime; _module_preset=\u00a0\u00bbdefault\u00a0\u00bb theme_builder_area=\u00a0\u00bbpost_content\u00a0\u00bb title_text=\u00a0\u00bbCATE1&Prime; hover_enabled=\u00a0\u00bb0&Prime; sticky_enabled=\u00a0\u00bb0&Prime; custom_margin=\u00a0\u00bb||43px|||\u00a0\u00bb min_height=\u00a0\u00bb818px\u00a0\u00bb custom_padding=\u00a0\u00bb|0px||||\u00a0\u00bb][\/et_pb_image][\/et_pb_column][\/et_pb_row][\/et_pb_section]","protected":false},"excerpt":{"rendered":"<p>Inscrire son enfant au \u201ccat\u00e9\u201d, c\u2019est lui permettre de rencontrer J\u00e9sus et de d\u00e9couvrir que Dieu aime chacun d\u2019entre nous. C\u2019est aussi lui donner l\u2019occasion de r\u00e9fl\u00e9chir sur les questions [&hellip;]<\/p>\n","protected":false},"author":5,"featured_media":0,"parent":4734,"menu_order":2,"comment_status":"closed","ping_status":"closed","template":"","meta":{"_et_pb_use_builder":"on","_et_pb_old_content":"<!-- wp:paragraph -->\n<p><strong>Inscrire son enfant au \u201ccat\u00e9\u201d,<\/strong>&nbsp;c\u2019est lui permettre de rencontrer J\u00e9sus et de d\u00e9couvrir que Dieu aime chacun d\u2019entre nous. C\u2019est aussi lui donner l\u2019occasion de r\u00e9fl\u00e9chir sur les questions qu\u2019il se pose sur lui m\u00eame, le monde et Dieu, avec d\u2019autres chr\u00e9tiens :<br><strong>ENFANTS&nbsp; &nbsp;JEUNES &nbsp;&nbsp;ADULTES&nbsp; &nbsp;CATECHISTES&nbsp; &nbsp;&nbsp;PRETRES &nbsp;&nbsp;TEMOINS CHRETIENS<\/strong><\/p>\n<!-- \/wp:paragraph -->\n\n<!-- wp:paragraph -->\n<p>Les rencontres des CE1 ont lieu tous les mois. Les rencontres des CE2 ont lieu tous les quinze jours. Les CM1 et CM2 se rencontrent, selon les groupes, chaque semaine pour une heure, ou bien&nbsp;tous les quinze jours durant deux heures.<br>L\u2019ann\u00e9e est \u00e9galement ponctu\u00e9e de temps forts qui donnent l\u2019occasion d\u2019\u00eatre rassembl\u00e9s en famille et en plus grand nombre.&nbsp;Ils sont anim\u00e9s par les cat\u00e9chistes de la paroisse et les pr\u00eatres, avec l\u2019aide des parents, des jeunes de l\u2019aum\u00f4nerie et des paroissiens.<\/p>\n<!-- \/wp:paragraph -->\n\n<!-- wp:image {\"id\":4970,\"sizeSlug\":\"full\",\"linkDestination\":\"none\"} -->\n<figure class=\"wp-block-image size-full\"><img src=\"https:\/\/catholiques17.fr\/saintjeandangely\/wp-content\/uploads\/sites\/18\/2022\/09\/cate-St-Jean.jpg\" alt=\"\" class=\"wp-image-4970\"\/><\/figure>\n<!-- \/wp:image -->","_et_gb_content_width":"","footnotes":""},"class_list":["post-4708","page","type-page","status-publish","hentry"],"_links":{"self":[{"href":"https:\/\/catholiques17.fr\/saintjeandangely\/wp-json\/wp\/v2\/pages\/4708","targetHints":{"allow":["GET"]}}],"collection":[{"href":"https:\/\/catholiques17.fr\/saintjeandangely\/wp-json\/wp\/v2\/pages"}],"about":[{"href":"https:\/\/catholiques17.fr\/saintjeandangely\/wp-json\/wp\/v2\/types\/page"}],"author":[{"embeddable":true,"href":"https:\/\/catholiques17.fr\/saintjeandangely\/wp-json\/wp\/v2\/users\/5"}],"replies":[{"embeddable":true,"href":"https:\/\/catholiques17.fr\/saintjeandangely\/wp-json\/wp\/v2\/comments?post=4708"}],"version-history":[{"count":11,"href":"https:\/\/catholiques17.fr\/saintjeandangely\/wp-json\/wp\/v2\/pages\/4708\/revisions"}],"predecessor-version":[{"id":7125,"href":"https:\/\/catholiques17.fr\/saintjeandangely\/wp-json\/wp\/v2\/pages\/4708\/revisions\/7125"}],"up":[{"embeddable":true,"href":"https:\/\/catholiques17.fr\/saintjeandangely\/wp-json\/wp\/v2\/pages\/4734"}],"wp:attachment":[{"href":"https:\/\/catholiques17.fr\/saintjeandangely\/wp-json\/wp\/v2\/media?parent=4708"}],"curies":[{"name":"wp","href":"https:\/\/api.w.org\/{rel}","templated":true}]}}

Catéchèse

[et_pb_section fb_built= »1&Prime; admin_label= »section » _builder_version= »4.16&Prime; custom_padding= »0px||||| » global_colors_info= »{} » theme_builder_area= »post_content » custom_margin= »||-59px||| »][et_pb_row _builder_version= »4.17.6&Prime; _module_preset= »default » global_colors_info= »{} » theme_builder_area= »post_content »][et_pb_column type= »4_4&Prime; _builder_version= »4.17.6&Prime; _module_preset= »default » global_colors_info= »{} » theme_builder_area= »post_content »][et_pb_image src= »https://catholiques17.fr/saintjeandangely/wp-content/uploads/sites/18/2022/11/Catechese2019-edited.jpg » title_text= »Catechese2019-edited » align= »center » _builder_version= »4.17.6&Prime; _module_preset= »default » animation_style= »slide » border_radii= »on|20px|20px|20px|20px » global_colors_info= »{} » theme_builder_area= »post_content »][/et_pb_image][/et_pb_column][/et_pb_row][et_pb_row admin_label= »row » _builder_version= »4.16&Prime; background_size= »initial » background_position= »top_left » background_repeat= »repeat » global_colors_info= »{} » theme_builder_area= »post_content »][et_pb_column type= »4_4&Prime; _builder_version= »4.16&Prime; custom_padding= »||| » global_colors_info= »{} » custom_padding__hover= »||| » theme_builder_area= »post_content »][et_pb_text admin_label= »Text » _builder_version= »4.17.6&Prime; background_size= »initial » background_position= »top_left » background_repeat= »repeat » global_colors_info= »{} » theme_builder_area= »post_content »]<p><strong>Inscrire son enfant au “caté”,</strong> c’est lui permettre de rencontrer Jésus et de découvrir que Dieu aime chacun d’entre nous. C’est aussi lui donner l’occasion de réfléchir sur les questions qu’il se pose sur lui même, le monde et Dieu, avec d’autres chrétiens : <strong>ENFANTS   JEUNES   ADULTES   CATECHISTES    PRETRES   TEMOINS CHRETIENS</strong></p>
<p></p>
<p>Les rencontres des CE1 ont lieu tous les mois. Les rencontres des CE2 ont lieu tous les quinze jours. Les CM1 et CM2 se rencontrent, selon les groupes, chaque semaine pour une heure, ou bien tous les quinze jours durant deux heures.<br />L’année est également ponctuée de temps forts qui donnent l’occasion d’être rassemblés en famille et en plus grand nombre. Ils sont animés par les catéchistes de la paroisse et les prêtres, avec l’aide des parents, des jeunes de l’aumônerie et des paroissiens.</p>
<p></p>
<p></p>[/et_pb_text][/et_pb_column][/et_pb_row][et_pb_row _builder_version= »4.27.4&Prime; _module_preset= »default » theme_builder_area= »post_content » column_structure= »2_5,3_5&Prime; custom_padding= »37px||||| »][et_pb_column _builder_version= »4.27.4&Prime; _module_preset= »default » type= »2_5&Prime; theme_builder_area= »post_content »][et_pb_text _builder_version= »4.27.4&Prime; _module_preset= »default » theme_builder_area= »post_content » hover_enabled= »0&Prime; sticky_enabled= »0&Prime; custom_padding= »2px||||| » inline_fonts= »Arial »]<h1><span style="font-family: inherit;font-weight: normal;font-size: medium"><strong>MARDI 16 Septembre</strong> : Caté à St Jean d&rsquo;Angély à 18H00 à la maison paroissiale</span></h1>
<h1><span style="font-family: inherit;font-weight: normal;font-size: medium"><strong>VENDREDI 19 Septembre</strong> : Aumônerie à St Jean d&rsquo;Angély à 18H00 à la maison paroissiale</span></h1>
<h1><span style="font-family: inherit;font-weight: normal;font-size: medium"><strong>JEUDI 25 Septembre</strong> : Caté à Villeneuve la Comtesse à 17H00</span></h1>
<h1><span style="font-family: inherit;font-weight: normal;font-size: medium"><strong>VENDREDI 26 Septembre</strong> : Aumônerie à Villeneuve la Comtesse à 18H00</span></h1>
<h1><span style="font-family: inherit;font-weight: normal;font-size: medium"><strong>SAMEDI 27 Septembre</strong> : Messe de rentrée et en famille à SAINT JEAN D&rsquo;ANGELY à 18H30 suivie du verre de l&rsquo;amitié et d&rsquo;un repas partagé.</span></h1>
<h1><span style="font-family: inherit;font-weight: normal;font-size: medium"><strong>DIMANCHE 5 Octobre</strong> : Messe en famille à ViILLENEUVE LA COMPTESSE à 11H00.</span></h1>[/et_pb_text][/et_pb_column][et_pb_column _builder_version= »4.27.4&Prime; _module_preset= »default » type= »3_5&Prime; theme_builder_area= »post_content »][et_pb_image src= »https://catholiques17.fr/saintjeandangely/wp-content/uploads/sites/18/2025/09/CATE1.jpg » _builder_version= »4.27.4&Prime; _module_preset= »default » theme_builder_area= »post_content » title_text= »CATE1&Prime; hover_enabled= »0&Prime; sticky_enabled= »0&Prime; custom_margin= »||43px||| » min_height= »818px » custom_padding= »|0px|||| »][/et_pb_image][/et_pb_column][/et_pb_row][/et_pb_section]

<p>Inscrire son enfant au “caté”, c’est lui permettre de rencontrer Jésus et de découvrir que Dieu aime chacun d’entre nous. C’est aussi lui donner l’occasion de réfléchir sur les questions [&hellip;]</p>

<!-- wp:paragraph -->
<p><strong>Inscrire son enfant au “caté”,</strong>&nbsp;c’est lui permettre de rencontrer Jésus et de découvrir que Dieu aime chacun d’entre nous. C’est aussi lui donner l’occasion de réfléchir sur les questions qu’il se pose sur lui même, le monde et Dieu, avec d’autres chrétiens :<br><strong>ENFANTS&nbsp; &nbsp;JEUNES &nbsp;&nbsp;ADULTES&nbsp; &nbsp;CATECHISTES&nbsp; &nbsp;&nbsp;PRETRES &nbsp;&nbsp;TEMOINS CHRETIENS</strong></p>
<!-- /wp:paragraph -->

<!-- wp:paragraph -->
<p>Les rencontres des CE1 ont lieu tous les mois. Les rencontres des CE2 ont lieu tous les quinze jours. Les CM1 et CM2 se rencontrent, selon les groupes, chaque semaine pour une heure, ou bien&nbsp;tous les quinze jours durant deux heures.<br>L’année est également ponctuée de temps forts qui donnent l’occasion d’être rassemblés en famille et en plus grand nombre.&nbsp;Ils sont animés par les catéchistes de la paroisse et les prêtres, avec l’aide des parents, des jeunes de l’aumônerie et des paroissiens.</p>
<!-- /wp:paragraph -->

<!-- wp:image {"id":4970,"sizeSlug":"full","linkDestination":"none"} -->
<figure class="wp-block-image size-full"><img src="https://catholiques17.fr/saintjeandangely/wp-content/uploads/sites/18/2022/09/cate-St-Jean.jpg" alt="" class="wp-image-4970"/></figure>
<!-- /wp:image -->
