{"id":4643,"date":"2021-03-24T21:24:43","date_gmt":"2021-03-24T20:24:43","guid":{"rendered":"https:\/\/catholiques17.fr\/saint-angely\/?page_id=4643"},"modified":"2023-03-23T15:06:56","modified_gmt":"2023-03-23T14:06:56","slug":"groupe-de-priere-du-renouveau-charismatique","status":"publish","type":"page","link":"https:\/\/catholiques17.fr\/saintjeandangely\/services\/groupe-de-priere-du-renouveau-charismatique\/","title":{"rendered":"Groupe de pri\u00e8re du Renouveau charismatique"},"content":{"rendered":"[et_pb_section fb_built=\u00a0\u00bb1&Prime; admin_label=\u00a0\u00bbsection\u00a0\u00bb _builder_version=\u00a0\u00bb4.16&Prime; global_colors_info=\u00a0\u00bb{}\u00a0\u00bb theme_builder_area=\u00a0\u00bbpost_content\u00a0\u00bb custom_padding=\u00a0\u00bb0px|||||\u00a0\u00bb][et_pb_row _builder_version=\u00a0\u00bb4.17.6&Prime; _module_preset=\u00a0\u00bbdefault\u00a0\u00bb theme_builder_area=\u00a0\u00bbpost_content\u00a0\u00bb][et_pb_column _builder_version=\u00a0\u00bb4.17.6&Prime; _module_preset=\u00a0\u00bbdefault\u00a0\u00bb type=\u00a0\u00bb4_4&Prime; theme_builder_area=\u00a0\u00bbpost_content\u00a0\u00bb][et_pb_image src=\u00a0\u00bbhttps:\/\/catholiques17.fr\/saintjeandangely\/wp-content\/uploads\/sites\/18\/2022\/11\/Renouveau-charismatique.jpg\u00a0\u00bb _builder_version=\u00a0\u00bb4.17.6&Prime; _module_preset=\u00a0\u00bbdefault\u00a0\u00bb theme_builder_area=\u00a0\u00bbpost_content\u00a0\u00bb title_text=\u00a0\u00bbRenouveau charismatique\u00a0\u00bb align=\u00a0\u00bbcenter\u00a0\u00bb border_radii=\u00a0\u00bbon|20px|20px|20px|20px\u00a0\u00bb animation_style=\u00a0\u00bbslide\u00a0\u00bb hover_enabled=\u00a0\u00bb0&Prime; sticky_enabled=\u00a0\u00bb0&Prime;][\/et_pb_image][\/et_pb_column][\/et_pb_row][et_pb_row _builder_version=\u00a0\u00bb4.17.6&Prime; _module_preset=\u00a0\u00bbdefault\u00a0\u00bb theme_builder_area=\u00a0\u00bbpost_content\u00a0\u00bb][et_pb_column _builder_version=\u00a0\u00bb4.17.6&Prime; _module_preset=\u00a0\u00bbdefault\u00a0\u00bb type=\u00a0\u00bb4_4&Prime; theme_builder_area=\u00a0\u00bbpost_content\u00a0\u00bb][et_pb_text _builder_version=\u00a0\u00bb4.17.6&Prime; _module_preset=\u00a0\u00bbdefault\u00a0\u00bb theme_builder_area=\u00a0\u00bbpost_content\u00a0\u00bb hover_enabled=\u00a0\u00bb0&Prime; sticky_enabled=\u00a0\u00bb0&Prime;]<p><strong>Le Renouveau charismatique<\/strong> est un courant spirituel qui plonge ses racines dans l\u2019\u00e9v\u00e9nement de la Pentec\u00f4te. Au C\u00e9nacle, les ap\u00f4tres, Marie et quelques femmes en pri\u00e8re re\u00e7urent le feu de l\u2019Esprit et leur vie en f\u00fbt toute renouvel\u00e9e. La Pentec\u00f4te n\u2019est pas qu\u2019un \u00e9v\u00e9nement pass\u00e9 car l\u2019Esprit continue \u00e0 se donner \u00e0 l\u2019\u00c9glise et aux chr\u00e9tiens qui Le demandent et L\u2019accueillent. C\u2019est cette ouverture \u00e0 l\u2019Esprit, re\u00e7u d\u00e9j\u00e0 au bapt\u00eame et \u00e0 la confirmation, qui est la gr\u00e2ce particuli\u00e8re v\u00e9cue dans la pri\u00e8re charismatique. C\u2019est pourquoi dans la pri\u00e8re, on invoque souvent l\u2019Esprit Saint et on est attentif \u00e0 l\u2019\u0153uvre de l\u2019Esprit qui \u201crenouvelle la face de la terre\u201d.<\/p>[\/et_pb_text][\/et_pb_column][\/et_pb_row][et_pb_row admin_label=\u00a0\u00bbrow\u00a0\u00bb _builder_version=\u00a0\u00bb4.16&Prime; background_size=\u00a0\u00bbinitial\u00a0\u00bb background_position=\u00a0\u00bbtop_left\u00a0\u00bb background_repeat=\u00a0\u00bbrepeat\u00a0\u00bb global_colors_info=\u00a0\u00bb{}\u00a0\u00bb theme_builder_area=\u00a0\u00bbpost_content\u00a0\u00bb][et_pb_column type=\u00a0\u00bb4_4&Prime; _builder_version=\u00a0\u00bb4.16&Prime; custom_padding=\u00a0\u00bb|||\u00a0\u00bb global_colors_info=\u00a0\u00bb{}\u00a0\u00bb custom_padding__hover=\u00a0\u00bb|||\u00a0\u00bb theme_builder_area=\u00a0\u00bbpost_content\u00a0\u00bb][et_pb_text admin_label=\u00a0\u00bbText\u00a0\u00bb _builder_version=\u00a0\u00bb4.17.6&Prime; background_size=\u00a0\u00bbinitial\u00a0\u00bb background_position=\u00a0\u00bbtop_left\u00a0\u00bb background_repeat=\u00a0\u00bbrepeat\u00a0\u00bb hover_enabled=\u00a0\u00bb0&Prime; global_colors_info=\u00a0\u00bb{}\u00a0\u00bb theme_builder_area=\u00a0\u00bbpost_content\u00a0\u00bb sticky_enabled=\u00a0\u00bb0&Prime;]<p style=\"text-align: center;\"><strong>Le groupe paroissial se retrouve chaque lundi, \u00e0 la sacristie de l\u2019\u00e9glise Saint-Jean-Baptiste, \u00e0 20 h 30<\/strong><\/p>\n<p><\/p>[\/et_pb_text][\/et_pb_column][\/et_pb_row][\/et_pb_section]","protected":false},"excerpt":{"rendered":"<p>Le Renouveau charismatique est un courant spirituel qui plonge ses racines dans l\u2019\u00e9v\u00e9nement de la Pentec\u00f4te. Au C\u00e9nacle, les ap\u00f4tres, Marie et quelques femmes en pri\u00e8re re\u00e7urent le feu de [&hellip;]<\/p>\n","protected":false},"author":5,"featured_media":0,"parent":5294,"menu_order":0,"comment_status":"closed","ping_status":"closed","template":"","meta":{"_et_pb_use_builder":"on","_et_pb_old_content":"<!-- wp:paragraph -->\n<p>Chaque lundi, \u00e0 la sacristie de l\u2019\u00e9glise Saint-Jean-Baptiste, \u00e0 20 h 30<\/p>\n<!-- \/wp:paragraph -->","_et_gb_content_width":"","footnotes":""},"class_list":["post-4643","page","type-page","status-publish","hentry"],"_links":{"self":[{"href":"https:\/\/catholiques17.fr\/saintjeandangely\/wp-json\/wp\/v2\/pages\/4643","targetHints":{"allow":["GET"]}}],"collection":[{"href":"https:\/\/catholiques17.fr\/saintjeandangely\/wp-json\/wp\/v2\/pages"}],"about":[{"href":"https:\/\/catholiques17.fr\/saintjeandangely\/wp-json\/wp\/v2\/types\/page"}],"author":[{"embeddable":true,"href":"https:\/\/catholiques17.fr\/saintjeandangely\/wp-json\/wp\/v2\/users\/5"}],"replies":[{"embeddable":true,"href":"https:\/\/catholiques17.fr\/saintjeandangely\/wp-json\/wp\/v2\/comments?post=4643"}],"version-history":[{"count":4,"href":"https:\/\/catholiques17.fr\/saintjeandangely\/wp-json\/wp\/v2\/pages\/4643\/revisions"}],"predecessor-version":[{"id":5186,"href":"https:\/\/catholiques17.fr\/saintjeandangely\/wp-json\/wp\/v2\/pages\/4643\/revisions\/5186"}],"up":[{"embeddable":true,"href":"https:\/\/catholiques17.fr\/saintjeandangely\/wp-json\/wp\/v2\/pages\/5294"}],"wp:attachment":[{"href":"https:\/\/catholiques17.fr\/saintjeandangely\/wp-json\/wp\/v2\/media?parent=4643"}],"curies":[{"name":"wp","href":"https:\/\/api.w.org\/{rel}","templated":true}]}}

Groupe de prière du Renouveau charismatique

[et_pb_section fb_built= »1&Prime; admin_label= »section » _builder_version= »4.16&Prime; global_colors_info= »{} » theme_builder_area= »post_content » custom_padding= »0px||||| »][et_pb_row _builder_version= »4.17.6&Prime; _module_preset= »default » theme_builder_area= »post_content »][et_pb_column _builder_version= »4.17.6&Prime; _module_preset= »default » type= »4_4&Prime; theme_builder_area= »post_content »][et_pb_image src= »https://catholiques17.fr/saintjeandangely/wp-content/uploads/sites/18/2022/11/Renouveau-charismatique.jpg » _builder_version= »4.17.6&Prime; _module_preset= »default » theme_builder_area= »post_content » title_text= »Renouveau charismatique » align= »center » border_radii= »on|20px|20px|20px|20px » animation_style= »slide » hover_enabled= »0&Prime; sticky_enabled= »0&Prime;][/et_pb_image][/et_pb_column][/et_pb_row][et_pb_row _builder_version= »4.17.6&Prime; _module_preset= »default » theme_builder_area= »post_content »][et_pb_column _builder_version= »4.17.6&Prime; _module_preset= »default » type= »4_4&Prime; theme_builder_area= »post_content »][et_pb_text _builder_version= »4.17.6&Prime; _module_preset= »default » theme_builder_area= »post_content » hover_enabled= »0&Prime; sticky_enabled= »0&Prime;]<p><strong>Le Renouveau charismatique</strong> est un courant spirituel qui plonge ses racines dans l’événement de la Pentecôte. Au Cénacle, les apôtres, Marie et quelques femmes en prière reçurent le feu de l’Esprit et leur vie en fût toute renouvelée. La Pentecôte n’est pas qu’un événement passé car l’Esprit continue à se donner à l’Église et aux chrétiens qui Le demandent et L’accueillent. C’est cette ouverture à l’Esprit, reçu déjà au baptême et à la confirmation, qui est la grâce particulière vécue dans la prière charismatique. C’est pourquoi dans la prière, on invoque souvent l’Esprit Saint et on est attentif à l’œuvre de l’Esprit qui “renouvelle la face de la terre”.</p>[/et_pb_text][/et_pb_column][/et_pb_row][et_pb_row admin_label= »row » _builder_version= »4.16&Prime; background_size= »initial » background_position= »top_left » background_repeat= »repeat » global_colors_info= »{} » theme_builder_area= »post_content »][et_pb_column type= »4_4&Prime; _builder_version= »4.16&Prime; custom_padding= »||| » global_colors_info= »{} » custom_padding__hover= »||| » theme_builder_area= »post_content »][et_pb_text admin_label= »Text » _builder_version= »4.17.6&Prime; background_size= »initial » background_position= »top_left » background_repeat= »repeat » hover_enabled= »0&Prime; global_colors_info= »{} » theme_builder_area= »post_content » sticky_enabled= »0&Prime;]<p style="text-align: center;"><strong>Le groupe paroissial se retrouve chaque lundi, à la sacristie de l’église Saint-Jean-Baptiste, à 20 h 30</strong></p>
<p></p>[/et_pb_text][/et_pb_column][/et_pb_row][/et_pb_section]

<p>Le Renouveau charismatique est un courant spirituel qui plonge ses racines dans l’événement de la Pentecôte. Au Cénacle, les apôtres, Marie et quelques femmes en prière reçurent le feu de [&hellip;]</p>

<!-- wp:paragraph -->
<p>Chaque lundi, à la sacristie de l’église Saint-Jean-Baptiste, à 20 h 30</p>
<!-- /wp:paragraph -->
