{"id":4640,"date":"2021-03-24T21:24:19","date_gmt":"2021-03-24T20:24:19","guid":{"rendered":"https:\/\/catholiques17.fr\/saint-angely\/?page_id=4640"},"modified":"2023-03-25T12:00:12","modified_gmt":"2023-03-25T11:00:12","slug":"les-equipes-du-rosaire","status":"publish","type":"page","link":"https:\/\/catholiques17.fr\/saintjeandangely\/services\/les-equipes-du-rosaire\/","title":{"rendered":"Les Equipes du Rosaire"},"content":{"rendered":"\n<p><strong>La pri\u00e8re mensuelle, en commun,<\/strong>\u00a0a lieu dans la maison de l\u2019un ou l\u2019autre des \u00e9quipiers. Elle consiste en une m\u00e9ditation de la Parole du Seigneur, selon ce sch\u00e9ma\u202f: accueil, pri\u00e8re \u00e0 l\u2019Esprit-Saint, invocation \u00e0 Marie, \u00e9coute de la Parole de Dieu et approfondissement de ce myst\u00e8re avec une r\u00e9flexion pour notre vie\u202f; puis pri\u00e8re de louange et d\u2019intercession avec partage d\u2019intentions, demandes, actions de gr\u00e2ce, et envoi en mission.<\/p>\n\n\n\n<p><strong>Chaque jour,<\/strong> chacun est invit\u00e9 \u00e0 prier avec les autres membres de l\u2019\u00e9quipe en m\u00e9ditant\u00a0<strong>un des myst\u00e8res du Rosaire<\/strong>. Ces moments importants de la vie de J\u00e9sus Christ sont des r\u00e9alit\u00e9s divines que nous n\u2019avons jamais fini de d\u00e9couvrir. Ils sont toujours neufs, toujours actuels. Ils nous parlent : ils se succ\u00e8dent dans l\u2019Evangile comme souvent dans nos vies.<\/p>\n\n\n\n<p>Contact : <strong>Mme Claude de Sainte-Hermine<\/strong> Tel 05 45 59 03 65<\/p>\n","protected":false},"excerpt":{"rendered":"<p>La pri\u00e8re mensuelle, en commun,\u00a0a lieu dans la maison de l\u2019un ou l\u2019autre des \u00e9quipiers. Elle consiste en une m\u00e9ditation de la Parole du Seigneur, selon ce sch\u00e9ma\u202f: accueil, pri\u00e8re [&hellip;]<\/p>\n","protected":false},"author":5,"featured_media":5180,"parent":5294,"menu_order":0,"comment_status":"closed","ping_status":"closed","template":"","meta":{"_et_pb_use_builder":"off","_et_pb_old_content":"<!-- wp:image {\"id\":4641,\"sizeSlug\":\"large\",\"linkDestination\":\"none\"} -->\n<figure class=\"wp-block-image size-large\"><img src=\"https:\/\/catholiques17.fr\/saint-angely\/wp-content\/uploads\/sites\/18\/2021\/03\/image-15.png\" alt=\"\" class=\"wp-image-4641\"\/><\/figure>\n<!-- \/wp:image -->","_et_gb_content_width":"","footnotes":""},"class_list":["post-4640","page","type-page","status-publish","has-post-thumbnail","hentry"],"_links":{"self":[{"href":"https:\/\/catholiques17.fr\/saintjeandangely\/wp-json\/wp\/v2\/pages\/4640","targetHints":{"allow":["GET"]}}],"collection":[{"href":"https:\/\/catholiques17.fr\/saintjeandangely\/wp-json\/wp\/v2\/pages"}],"about":[{"href":"https:\/\/catholiques17.fr\/saintjeandangely\/wp-json\/wp\/v2\/types\/page"}],"author":[{"embeddable":true,"href":"https:\/\/catholiques17.fr\/saintjeandangely\/wp-json\/wp\/v2\/users\/5"}],"replies":[{"embeddable":true,"href":"https:\/\/catholiques17.fr\/saintjeandangely\/wp-json\/wp\/v2\/comments?post=4640"}],"version-history":[{"count":4,"href":"https:\/\/catholiques17.fr\/saintjeandangely\/wp-json\/wp\/v2\/pages\/4640\/revisions"}],"predecessor-version":[{"id":5326,"href":"https:\/\/catholiques17.fr\/saintjeandangely\/wp-json\/wp\/v2\/pages\/4640\/revisions\/5326"}],"up":[{"embeddable":true,"href":"https:\/\/catholiques17.fr\/saintjeandangely\/wp-json\/wp\/v2\/pages\/5294"}],"wp:featuredmedia":[{"embeddable":true,"href":"https:\/\/catholiques17.fr\/saintjeandangely\/wp-json\/wp\/v2\/media\/5180"}],"wp:attachment":[{"href":"https:\/\/catholiques17.fr\/saintjeandangely\/wp-json\/wp\/v2\/media?parent=4640"}],"curies":[{"name":"wp","href":"https:\/\/api.w.org\/{rel}","templated":true}]}}

<p><strong>La prière mensuelle, en commun,</strong> a lieu dans la maison de l’un ou l’autre des équipiers. Elle consiste en une méditation de la Parole du Seigneur, selon ce schéma : accueil, prière à l’Esprit-Saint, invocation à Marie, écoute de la Parole de Dieu et approfondissement de ce mystère avec une réflexion pour notre vie ; puis prière de louange et d’intercession avec partage d’intentions, demandes, actions de grâce, et envoi en mission.</p>



<p><strong>Chaque jour,</strong> chacun est invité à prier avec les autres membres de l’équipe en méditant <strong>un des mystères du Rosaire</strong>. Ces moments importants de la vie de Jésus Christ sont des réalités divines que nous n’avons jamais fini de découvrir. Ils sont toujours neufs, toujours actuels. Ils nous parlent : ils se succèdent dans l’Evangile comme souvent dans nos vies.</p>



<p>Contact : <strong>Mme Claude de Sainte-Hermine</strong> Tel 05 45 59 03 65</p>

<p>La prière mensuelle, en commun, a lieu dans la maison de l’un ou l’autre des équipiers. Elle consiste en une méditation de la Parole du Seigneur, selon ce schéma : accueil, prière [&hellip;]</p>
