{"id":4631,"date":"2024-12-03T18:20:33","date_gmt":"2024-12-03T17:20:33","guid":{"rendered":"https:\/\/catholiques17.fr\/saint-angely\/?page_id=4631"},"modified":"2024-12-03T18:38:33","modified_gmt":"2024-12-03T17:38:33","slug":"aumonerie-du-service-evangelique-des-malades","status":"publish","type":"page","link":"https:\/\/catholiques17.fr\/saintjeandangely\/services\/aumonerie-du-service-evangelique-des-malades\/","title":{"rendered":"Aum\u00f4nerie du Service \u00c9vang\u00e9lique des Malades (SEM)"},"content":{"rendered":"\n<figure class=\"wp-block-image size-full\"><img loading=\"lazy\" decoding=\"async\" width=\"236\" height=\"91\" src=\"https:\/\/catholiques17.fr\/saintjeandangely\/wp-content\/uploads\/sites\/18\/2024\/12\/logo-Past-sante.jpg\" alt=\"\" class=\"wp-image-6511\" \/><\/figure>\n\n\n\n<p class=\"has-black-color has-text-color has-link-color wp-elements-30770e4a008c0d303f979695857f2d1d\">Au nom de la communaut\u00e9 paroissiale et sous la responsabilit\u00e9 de notre cur\u00e9, des b\u00e9n\u00e9voles se rendent attentifs aux personnes malades, jeunes ou non, handicap\u00e9es, tr\u00e8s \u00e2g\u00e9es ou isol\u00e9es. Ils les visitent r\u00e9guli\u00e8rement \u00e0 domicile ou en maison de retraite (les Jardins de Mathis\u00a0 \u00e0 Saint-Julien de l\u2019Escape et les jardins de Loulay), et cela quelles que soient leurs convictions ou leur foi, en r\u00e9ponse \u00e0 J\u00c9SUS dans L\u2019\u00c9VANGILE\u00a0:<\/p>\n\n\n\n<p class=\"has-text-align-center has-black-color has-text-color has-link-color wp-elements-dee3d99f700dfcefce54274944bd21d4\">\u00ab&nbsp;J\u2019\u00c9TAIS MALADE ET VOUS M\u2019AVEZ VISIT\u00c9&nbsp;\u00bb (Matthieu 25,35)<\/p>\n\n\n\n<p class=\"has-black-color has-text-color has-link-color wp-elements-cf5b0250c1939e12bc96090bb852c11e\">Lors de nos visites fraternelles, nous sommes \u00e0 l\u2019\u00e9coute des personnes rencontr\u00e9es. Avec certaines d&rsquo;entre elles, nous prions. Nous pouvons porter la communion \u00e0 celles qui le souhaitent. Nous proposons \u00e9galement \u00e0 certaines de recevoir le Sacrement de l&rsquo;Onction des Malades.<br>Comme membres de l\u2019\u00e9quipe d\u2019aum\u00f4nerie du S.E.M., nous nous rencontrons p\u00e9riodiquement, et, ensemble, nous partageons la Parole de Dieu, nous prions et nous approfondissons notre formation de visiteur.<br><strong>Nous comptons sur les membres de la communaut\u00e9 paroissiale pour nous soutenir dans la<br>pri\u00e8re et pour nous signaler toute personne atteinte dans sa sant\u00e9, isol\u00e9e, jeune ou \u00e2g\u00e9e, voire tr\u00e8s<br>\u00e2g\u00e9e et qui souhaiterait \u00eatre visit\u00e9e. Que chacun soit attentif \u00e0 son entourage, aux anciens paroissiens<br>qui ne participent plus aux messes\u2026<\/strong><br>Notre \u00e9quipe est reli\u00e9e aux autres \u00e9quipes S.E.M. du dioc\u00e8se et \u00e0 celle de l\u2019Aum\u00f4nerie de l\u2019h\u00f4pital de Saint-Jean-d\u2019Ang\u00e9ly. Une formation initiale et un accompagnement sont propos\u00e9s par la Pastorale Sant\u00e9 au niveau dioc\u00e9sain.<\/p>\n\n\n\n<p class=\"has-black-color has-text-color has-link-color wp-elements-83c062a2ee97f0980171af0dcdae7aad\">Vous pouvez nous contacter\u00a0par l\u2019interm\u00e9diaire du secr\u00e9tariat de la Maison Paroissiale de Saint-Jean (05.46.59.01.24) ou aupr\u00e8s de<strong> Josette Augris (05.46.59.03.31) sur Saint-Jean-d\u2019Ang\u00e9ly ou de Mireille Gauvin (05.46.33.22.96) sur Loulay.<\/strong><\/p>\n","protected":false},"excerpt":{"rendered":"<p>Au nom de la communaut\u00e9 paroissiale et sous la responsabilit\u00e9 de notre cur\u00e9, des b\u00e9n\u00e9voles se rendent attentifs aux personnes malades, jeunes ou non, handicap\u00e9es, tr\u00e8s \u00e2g\u00e9es ou isol\u00e9es. Ils [&hellip;]<\/p>\n","protected":false},"author":5,"featured_media":0,"parent":5294,"menu_order":0,"comment_status":"closed","ping_status":"closed","template":"","meta":{"_et_pb_use_builder":"off","_et_pb_old_content":"<!-- wp:image {\"id\":4632,\"sizeSlug\":\"large\",\"linkDestination\":\"none\"} -->\n<figure class=\"wp-block-image size-large\"><img src=\"https:\/\/catholiques17.fr\/saint-angely\/wp-content\/uploads\/sites\/18\/2021\/03\/image-9.png\" alt=\"\" class=\"wp-image-4632\"\/><\/figure>\n<!-- \/wp:image -->","_et_gb_content_width":"","footnotes":""},"class_list":["post-4631","page","type-page","status-publish","hentry"],"_links":{"self":[{"href":"https:\/\/catholiques17.fr\/saintjeandangely\/wp-json\/wp\/v2\/pages\/4631","targetHints":{"allow":["GET"]}}],"collection":[{"href":"https:\/\/catholiques17.fr\/saintjeandangely\/wp-json\/wp\/v2\/pages"}],"about":[{"href":"https:\/\/catholiques17.fr\/saintjeandangely\/wp-json\/wp\/v2\/types\/page"}],"author":[{"embeddable":true,"href":"https:\/\/catholiques17.fr\/saintjeandangely\/wp-json\/wp\/v2\/users\/5"}],"replies":[{"embeddable":true,"href":"https:\/\/catholiques17.fr\/saintjeandangely\/wp-json\/wp\/v2\/comments?post=4631"}],"version-history":[{"count":5,"href":"https:\/\/catholiques17.fr\/saintjeandangely\/wp-json\/wp\/v2\/pages\/4631\/revisions"}],"predecessor-version":[{"id":6519,"href":"https:\/\/catholiques17.fr\/saintjeandangely\/wp-json\/wp\/v2\/pages\/4631\/revisions\/6519"}],"up":[{"embeddable":true,"href":"https:\/\/catholiques17.fr\/saintjeandangely\/wp-json\/wp\/v2\/pages\/5294"}],"wp:attachment":[{"href":"https:\/\/catholiques17.fr\/saintjeandangely\/wp-json\/wp\/v2\/media?parent=4631"}],"curies":[{"name":"wp","href":"https:\/\/api.w.org\/{rel}","templated":true}]}}

Aumônerie du Service Évangélique des Malades (SEM)

<figure class="wp-block-image size-full"><img loading="lazy" decoding="async" width="236" height="91" src="https://catholiques17.fr/saintjeandangely/wp-content/uploads/sites/18/2024/12/logo-Past-sante.jpg" alt="" class="wp-image-6511" /></figure>



<p class="has-black-color has-text-color has-link-color wp-elements-30770e4a008c0d303f979695857f2d1d">Au nom de la communauté paroissiale et sous la responsabilité de notre curé, des bénévoles se rendent attentifs aux personnes malades, jeunes ou non, handicapées, très âgées ou isolées. Ils les visitent régulièrement à domicile ou en maison de retraite (les Jardins de Mathis  à Saint-Julien de l’Escape et les jardins de Loulay), et cela quelles que soient leurs convictions ou leur foi, en réponse à JÉSUS dans L’ÉVANGILE :</p>



<p class="has-text-align-center has-black-color has-text-color has-link-color wp-elements-dee3d99f700dfcefce54274944bd21d4">«&nbsp;J’ÉTAIS MALADE ET VOUS M’AVEZ VISITÉ&nbsp;» (Matthieu 25,35)</p>



<p class="has-black-color has-text-color has-link-color wp-elements-cf5b0250c1939e12bc96090bb852c11e">Lors de nos visites fraternelles, nous sommes à l’écoute des personnes rencontrées. Avec certaines d&rsquo;entre elles, nous prions. Nous pouvons porter la communion à celles qui le souhaitent. Nous proposons également à certaines de recevoir le Sacrement de l&rsquo;Onction des Malades.<br>Comme membres de l’équipe d’aumônerie du S.E.M., nous nous rencontrons périodiquement, et, ensemble, nous partageons la Parole de Dieu, nous prions et nous approfondissons notre formation de visiteur.<br><strong>Nous comptons sur les membres de la communauté paroissiale pour nous soutenir dans la<br>prière et pour nous signaler toute personne atteinte dans sa santé, isolée, jeune ou âgée, voire très<br>âgée et qui souhaiterait être visitée. Que chacun soit attentif à son entourage, aux anciens paroissiens<br>qui ne participent plus aux messes…</strong><br>Notre équipe est reliée aux autres équipes S.E.M. du diocèse et à celle de l’Aumônerie de l’hôpital de Saint-Jean-d’Angély. Une formation initiale et un accompagnement sont proposés par la Pastorale Santé au niveau diocésain.</p>



<p class="has-black-color has-text-color has-link-color wp-elements-83c062a2ee97f0980171af0dcdae7aad">Vous pouvez nous contacter par l’intermédiaire du secrétariat de la Maison Paroissiale de Saint-Jean (05.46.59.01.24) ou auprès de<strong> Josette Augris (05.46.59.03.31) sur Saint-Jean-d’Angély ou de Mireille Gauvin (05.46.33.22.96) sur Loulay.</strong></p>

<p>Au nom de la communauté paroissiale et sous la responsabilité de notre curé, des bénévoles se rendent attentifs aux personnes malades, jeunes ou non, handicapées, très âgées ou isolées. Ils [&hellip;]</p>
