{"id":4614,"date":"2021-03-24T21:16:21","date_gmt":"2021-03-24T20:16:21","guid":{"rendered":"https:\/\/catholiques17.fr\/saint-angely\/?page_id=4614"},"modified":"2023-03-25T11:40:15","modified_gmt":"2023-03-25T10:40:15","slug":"le-mariage","status":"publish","type":"page","link":"https:\/\/catholiques17.fr\/saintjeandangely\/les-etapes-de-la-vie\/le-mariage\/","title":{"rendered":"Le mariage"},"content":{"rendered":"\n<p><strong>Vous avez d\u00e9cid\u00e9 de vous marier \u00e0 l&rsquo;\u00e9glise. <\/strong>Des couples de chr\u00e9tiens sont \u00e0 votre service en lien avec les pr\u00eatres pour vous aider \u00e0 le pr\u00e9parer.<\/p>\n\n\n\n<p>Coordination : Diacre <strong>Fr\u00e9d\u00e9ric Bessonnet <\/strong>T\u00e9l. 06 45 92 23 26<\/p>\n\n\n\n<p><strong>Pour en savoir plus sur le mariage &nbsp;cliquer &nbsp;sur le lien suivant :<\/strong><br><strong><a rel=\"noreferrer noopener\" href=\"http:\/\/www.eglise.catholique.fr\/approfondir-sa-foi\/la-celebration-de-la-foi\/les-sacrements\/le-mariage\/\" target=\"_blank\">http:\/\/www.eglise.catholique.fr\/approfondir-sa-foi\/la-celebration-de-la-foi\/les- sacrements\/le-mariage\/<\/a><\/strong><\/p>\n","protected":false},"excerpt":{"rendered":"<p>Vous avez d\u00e9cid\u00e9 de vous marier \u00e0 l&rsquo;\u00e9glise. Des couples de chr\u00e9tiens sont \u00e0 votre service en lien avec les pr\u00eatres pour vous aider \u00e0 le pr\u00e9parer. Coordination : Diacre [&hellip;]<\/p>\n","protected":false},"author":5,"featured_media":5151,"parent":4732,"menu_order":0,"comment_status":"closed","ping_status":"closed","template":"","meta":{"_et_pb_use_builder":"off","_et_pb_old_content":"<!-- wp:paragraph -->\n<p><strong>Vous d\u00e9sirez vous marier \u00e0 l\u2019Eglise<\/strong>\u00a0?\u00a0<strong>Des couples de chr\u00e9tiens sont \u00e0 votre service en lien avec les pr\u00eatres pour vous aider \u00e0 le pr\u00e9parer.<\/strong><\/p>\n<!-- \/wp:paragraph -->\n\n<!-- wp:paragraph -->\n<p><strong>Pour en savoir plus sur le mariage \u00a0cliquer \u00a0sur le lien suivant :<\/strong><br><strong><a rel=\"noreferrer noopener\" href=\"http:\/\/www.eglise.catholique.fr\/approfondir-sa-foi\/la-celebration-de-la-foi\/les-sacrements\/le-mariage\/\" target=\"_blank\">http:\/\/www.eglise.catholique.fr\/approfondir-sa-foi\/la-celebration-de-la-foi\/les- sacrements\/le-mariage\/<\/a><\/strong><\/p>\n<!-- \/wp:paragraph -->\n\n<!-- wp:image {\"id\":4615,\"sizeSlug\":\"large\",\"linkDestination\":\"none\"} -->\n<figure class=\"wp-block-image size-large\"><img src=\"https:\/\/catholiques17.fr\/saint-angely\/wp-content\/uploads\/sites\/18\/2021\/03\/image-3-1.png\" alt=\"\" class=\"wp-image-4615\"\/><\/figure>\n<!-- \/wp:image -->","_et_gb_content_width":"","footnotes":""},"class_list":["post-4614","page","type-page","status-publish","has-post-thumbnail","hentry"],"_links":{"self":[{"href":"https:\/\/catholiques17.fr\/saintjeandangely\/wp-json\/wp\/v2\/pages\/4614","targetHints":{"allow":["GET"]}}],"collection":[{"href":"https:\/\/catholiques17.fr\/saintjeandangely\/wp-json\/wp\/v2\/pages"}],"about":[{"href":"https:\/\/catholiques17.fr\/saintjeandangely\/wp-json\/wp\/v2\/types\/page"}],"author":[{"embeddable":true,"href":"https:\/\/catholiques17.fr\/saintjeandangely\/wp-json\/wp\/v2\/users\/5"}],"replies":[{"embeddable":true,"href":"https:\/\/catholiques17.fr\/saintjeandangely\/wp-json\/wp\/v2\/comments?post=4614"}],"version-history":[{"count":4,"href":"https:\/\/catholiques17.fr\/saintjeandangely\/wp-json\/wp\/v2\/pages\/4614\/revisions"}],"predecessor-version":[{"id":5324,"href":"https:\/\/catholiques17.fr\/saintjeandangely\/wp-json\/wp\/v2\/pages\/4614\/revisions\/5324"}],"up":[{"embeddable":true,"href":"https:\/\/catholiques17.fr\/saintjeandangely\/wp-json\/wp\/v2\/pages\/4732"}],"wp:featuredmedia":[{"embeddable":true,"href":"https:\/\/catholiques17.fr\/saintjeandangely\/wp-json\/wp\/v2\/media\/5151"}],"wp:attachment":[{"href":"https:\/\/catholiques17.fr\/saintjeandangely\/wp-json\/wp\/v2\/media?parent=4614"}],"curies":[{"name":"wp","href":"https:\/\/api.w.org\/{rel}","templated":true}]}}

<p><strong>Vous avez décidé de vous marier à l&rsquo;église. </strong>Des couples de chrétiens sont à votre service en lien avec les prêtres pour vous aider à le préparer.</p>



<p>Coordination : Diacre <strong>Frédéric Bessonnet </strong>Tél. 06 45 92 23 26</p>



<p><strong>Pour en savoir plus sur le mariage &nbsp;cliquer &nbsp;sur le lien suivant :</strong><br><strong><a rel="noreferrer noopener" href="http://www.eglise.catholique.fr/approfondir-sa-foi/la-celebration-de-la-foi/les-sacrements/le-mariage/" target="_blank">http://www.eglise.catholique.fr/approfondir-sa-foi/la-celebration-de-la-foi/les- sacrements/le-mariage/</a></strong></p>

<p>Vous avez décidé de vous marier à l&rsquo;église. Des couples de chrétiens sont à votre service en lien avec les prêtres pour vous aider à le préparer. Coordination : Diacre [&hellip;]</p>

<!-- wp:paragraph -->
<p><strong>Vous désirez vous marier à l’Eglise</strong> ? <strong>Des couples de chrétiens sont à votre service en lien avec les prêtres pour vous aider à le préparer.</strong></p>
<!-- /wp:paragraph -->

<!-- wp:paragraph -->
<p><strong>Pour en savoir plus sur le mariage  cliquer  sur le lien suivant :</strong><br><strong><a rel="noreferrer noopener" href="http://www.eglise.catholique.fr/approfondir-sa-foi/la-celebration-de-la-foi/les-sacrements/le-mariage/" target="_blank">http://www.eglise.catholique.fr/approfondir-sa-foi/la-celebration-de-la-foi/les- sacrements/le-mariage/</a></strong></p>
<!-- /wp:paragraph -->

<!-- wp:image {"id":4615,"sizeSlug":"large","linkDestination":"none"} -->
<figure class="wp-block-image size-large"><img src="https://catholiques17.fr/saint-angely/wp-content/uploads/sites/18/2021/03/image-3-1.png" alt="" class="wp-image-4615"/></figure>
<!-- /wp:image -->
