{"id":4611,"date":"2021-03-24T21:15:28","date_gmt":"2021-03-24T20:15:28","guid":{"rendered":"https:\/\/catholiques17.fr\/saint-angely\/?page_id=4611"},"modified":"2023-05-09T10:30:05","modified_gmt":"2023-05-09T08:30:05","slug":"le-bapteme","status":"publish","type":"page","link":"https:\/\/catholiques17.fr\/saintjeandangely\/les-etapes-de-la-vie\/le-bapteme\/","title":{"rendered":"Le bapt\u00eame"},"content":{"rendered":"[et_pb_section fb_built=\u00a0\u00bb1&Prime; admin_label=\u00a0\u00bbsection\u00a0\u00bb _builder_version=\u00a0\u00bb4.16&Prime; custom_padding=\u00a0\u00bb0px|||||\u00a0\u00bb global_colors_info=\u00a0\u00bb{}\u00a0\u00bb theme_builder_area=\u00a0\u00bbpost_content\u00a0\u00bb][et_pb_row _builder_version=\u00a0\u00bb4.17.6&Prime; _module_preset=\u00a0\u00bbdefault\u00a0\u00bb custom_padding=\u00a0\u00bb4px|||||\u00a0\u00bb global_colors_info=\u00a0\u00bb{}\u00a0\u00bb theme_builder_area=\u00a0\u00bbpost_content\u00a0\u00bb][et_pb_column type=\u00a0\u00bb4_4&Prime; _builder_version=\u00a0\u00bb4.17.6&Prime; _module_preset=\u00a0\u00bbdefault\u00a0\u00bb global_colors_info=\u00a0\u00bb{}\u00a0\u00bb theme_builder_area=\u00a0\u00bbpost_content\u00a0\u00bb][et_pb_image src=\u00a0\u00bbhttps:\/\/catholiques17.fr\/saintjeandangely\/wp-content\/uploads\/sites\/18\/2022\/11\/bapteme_1.jpg\u00a0\u00bb title_text=\u00a0\u00bbbapteme_1&Prime; align=\u00a0\u00bbcenter\u00a0\u00bb _builder_version=\u00a0\u00bb4.17.6&Prime; _module_preset=\u00a0\u00bbdefault\u00a0\u00bb animation_style=\u00a0\u00bbslide\u00a0\u00bb border_radii=\u00a0\u00bbon|20px|20px|20px|20px\u00a0\u00bb global_colors_info=\u00a0\u00bb{}\u00a0\u00bb theme_builder_area=\u00a0\u00bbpost_content\u00a0\u00bb][\/et_pb_image][\/et_pb_column][\/et_pb_row][et_pb_row _builder_version=\u00a0\u00bb4.17.6&Prime; _module_preset=\u00a0\u00bbdefault\u00a0\u00bb global_colors_info=\u00a0\u00bb{}\u00a0\u00bb theme_builder_area=\u00a0\u00bbpost_content\u00a0\u00bb][et_pb_column type=\u00a0\u00bb4_4&Prime; _builder_version=\u00a0\u00bb4.17.6&Prime; _module_preset=\u00a0\u00bbdefault\u00a0\u00bb global_colors_info=\u00a0\u00bb{}\u00a0\u00bb theme_builder_area=\u00a0\u00bbpost_content\u00a0\u00bb][et_pb_text _builder_version=\u00a0\u00bb4.17.6&Prime; _module_preset=\u00a0\u00bbdefault\u00a0\u00bb hover_enabled=\u00a0\u00bb0&Prime; inline_fonts=\u00a0\u00bbAclonica\u00a0\u00bb global_colors_info=\u00a0\u00bb{}\u00a0\u00bb theme_builder_area=\u00a0\u00bbpost_content\u00a0\u00bb sticky_enabled=\u00a0\u00bb0&Prime;]<h3><em><span style=\"font-family: inherit;font-weight: normal\"><strong>Bapt\u00eame des petits enfants :<\/strong><\/span><\/em><!-- \/wp:post-content --><\/h3>\n<p><!-- wp:paragraph --><\/p>\n<p>Vous demandez le bapt\u00eame de votre enfant, prenez contact avec le secr\u00e9tariat de la Maison Paroissiale, au moins trois mois avant la date que vous souhaitez pour la c\u00e9l\u00e9bration du bapt\u00eame. <strong><span style=\"text-decoration: underline\">Contact : Diacre G\u00e9rard Daug\u00e9<\/span><\/strong> T\u00e9l 06 38 55 99 78<\/p>\n<h3><em><span style=\"font-family: inherit;font-weight: normal\"><strong>Bapt\u00eame des adultes :<\/strong><\/span><\/em><\/h3>\n<p>&nbsp;<\/p>\n<p>Vous demandez le bapt\u00eame, prenez contact avec le secr\u00e9tariat de la Maison Paroissiale pour vous y pr\u00e9parer. Coordination : <strong>Mireille Porchet<\/strong> t\u00e9l 05 46 59 11 52<\/p>\n<p>Maison Paroissiale : 4, rue des Mar\u00e9chaux, 17400 Saint Jean d\u2019Ang\u00e9ly\u00a0\u00a0\u260f 05 46 59 01 24<\/p>\n<p><!-- \/wp:paragraph --><\/p>\n<p><!-- wp:paragraph --><\/p>\n<p><!-- wp:paragraph --><\/p>\n<p>Pour plus d\u2019informations sur ce sacrement, cliquez <strong><a href=\"http:\/\/www.eglise.catholique.fr\/approfondir-sa-foi\/la-celebration-de-la-foi\/les-sacrements\/le-bapteme\/\">ici<\/a><\/strong><\/p>[\/et_pb_text][\/et_pb_column][\/et_pb_row][\/et_pb_section]<!-- \/wp:paragraph -->","protected":false},"excerpt":{"rendered":"<p>Bapt\u00eame des petits enfants : Vous demandez le bapt\u00eame de votre enfant, prenez contact avec le secr\u00e9tariat de la Maison Paroissiale, au moins trois mois avant la date que vous [&hellip;]<\/p>\n","protected":false},"author":5,"featured_media":0,"parent":4732,"menu_order":1,"comment_status":"closed","ping_status":"closed","template":"","meta":{"_et_pb_use_builder":"on","_et_pb_old_content":"<!-- wp:paragraph -->\n<p><strong>Chers parents,<\/strong><\/p>\n<!-- \/wp:paragraph -->\n\n<!-- wp:paragraph -->\n<p><strong>Vous envisagez de faire baptiser votre enfant dans la communaut\u00e9 catholique.<\/strong>\u00a0<strong>Pr\u00e9voir le bapt\u00eame 3 mois \u00e0 l\u2019avance, et vous inscrire aupr\u00e8s du secr\u00e9tariat\u00a0de la maison paroissiale<\/strong>\u00a0:<\/p>\n<!-- \/wp:paragraph -->\n\n<!-- wp:paragraph -->\n<p><strong>4, rue des Mar\u00e9chaux, 17400 Saint Jean d\u2019Ang\u00e9ly\u00a0<\/strong>\u00a0\u260f\u00a0<strong>05 46 59 01 24<\/strong><\/p>\n<!-- \/wp:paragraph -->\n\n<!-- wp:paragraph -->\n<p><strong>Pour plus d\u2019information cliquez sur les liens suivants:<\/strong><a href=\"http:\/\/www.eglise.catholique.fr\/approfondir-sa-foi\/la-celebration-de-la-foi\/les-sacrements\/le-bapteme\/\"><strong>http:\/\/www.eglise.catholique.fr\/approfondir-sa-foi\/la-celebration-de-la-foi\/les-sacrements\/le-bapteme\/<\/strong><\/a><\/p>\n<!-- \/wp:paragraph -->\n\n<!-- wp:image {\"id\":4612,\"sizeSlug\":\"large\",\"linkDestination\":\"none\"} -->\n<figure class=\"wp-block-image size-large\"><img src=\"https:\/\/catholiques17.fr\/saint-angely\/wp-content\/uploads\/sites\/18\/2021\/03\/image-2-1.png\" alt=\"\" class=\"wp-image-4612\"\/><\/figure>\n<!-- \/wp:image -->","_et_gb_content_width":"","footnotes":""},"class_list":["post-4611","page","type-page","status-publish","hentry"],"_links":{"self":[{"href":"https:\/\/catholiques17.fr\/saintjeandangely\/wp-json\/wp\/v2\/pages\/4611","targetHints":{"allow":["GET"]}}],"collection":[{"href":"https:\/\/catholiques17.fr\/saintjeandangely\/wp-json\/wp\/v2\/pages"}],"about":[{"href":"https:\/\/catholiques17.fr\/saintjeandangely\/wp-json\/wp\/v2\/types\/page"}],"author":[{"embeddable":true,"href":"https:\/\/catholiques17.fr\/saintjeandangely\/wp-json\/wp\/v2\/users\/5"}],"replies":[{"embeddable":true,"href":"https:\/\/catholiques17.fr\/saintjeandangely\/wp-json\/wp\/v2\/comments?post=4611"}],"version-history":[{"count":10,"href":"https:\/\/catholiques17.fr\/saintjeandangely\/wp-json\/wp\/v2\/pages\/4611\/revisions"}],"predecessor-version":[{"id":5474,"href":"https:\/\/catholiques17.fr\/saintjeandangely\/wp-json\/wp\/v2\/pages\/4611\/revisions\/5474"}],"up":[{"embeddable":true,"href":"https:\/\/catholiques17.fr\/saintjeandangely\/wp-json\/wp\/v2\/pages\/4732"}],"wp:attachment":[{"href":"https:\/\/catholiques17.fr\/saintjeandangely\/wp-json\/wp\/v2\/media?parent=4611"}],"curies":[{"name":"wp","href":"https:\/\/api.w.org\/{rel}","templated":true}]}}

Le baptême

[et_pb_section fb_built= »1&Prime; admin_label= »section » _builder_version= »4.16&Prime; custom_padding= »0px||||| » global_colors_info= »{} » theme_builder_area= »post_content »][et_pb_row _builder_version= »4.17.6&Prime; _module_preset= »default » custom_padding= »4px||||| » global_colors_info= »{} » theme_builder_area= »post_content »][et_pb_column type= »4_4&Prime; _builder_version= »4.17.6&Prime; _module_preset= »default » global_colors_info= »{} » theme_builder_area= »post_content »][et_pb_image src= »https://catholiques17.fr/saintjeandangely/wp-content/uploads/sites/18/2022/11/bapteme_1.jpg » title_text= »bapteme_1&Prime; align= »center » _builder_version= »4.17.6&Prime; _module_preset= »default » animation_style= »slide » border_radii= »on|20px|20px|20px|20px » global_colors_info= »{} » theme_builder_area= »post_content »][/et_pb_image][/et_pb_column][/et_pb_row][et_pb_row _builder_version= »4.17.6&Prime; _module_preset= »default » global_colors_info= »{} » theme_builder_area= »post_content »][et_pb_column type= »4_4&Prime; _builder_version= »4.17.6&Prime; _module_preset= »default » global_colors_info= »{} » theme_builder_area= »post_content »][et_pb_text _builder_version= »4.17.6&Prime; _module_preset= »default » hover_enabled= »0&Prime; inline_fonts= »Aclonica » global_colors_info= »{} » theme_builder_area= »post_content » sticky_enabled= »0&Prime;]<h3><em><span style="font-family: inherit;font-weight: normal"><strong>Baptême des petits enfants :</strong></span></em><!-- /wp:post-content --></h3>
<p><!-- wp:paragraph --></p>
<p>Vous demandez le baptême de votre enfant, prenez contact avec le secrétariat de la Maison Paroissiale, au moins trois mois avant la date que vous souhaitez pour la célébration du baptême. <strong><span style="text-decoration: underline">Contact : Diacre Gérard Daugé</span></strong> Tél 06 38 55 99 78</p>
<h3><em><span style="font-family: inherit;font-weight: normal"><strong>Baptême des adultes :</strong></span></em></h3>
<p>&nbsp;</p>
<p>Vous demandez le baptême, prenez contact avec le secrétariat de la Maison Paroissiale pour vous y préparer. Coordination : <strong>Mireille Porchet</strong> tél 05 46 59 11 52</p>
<p>Maison Paroissiale : 4, rue des Maréchaux, 17400 Saint Jean d’Angély  ☏ 05 46 59 01 24</p>
<p><!-- /wp:paragraph --></p>
<p><!-- wp:paragraph --></p>
<p><!-- wp:paragraph --></p>
<p>Pour plus d’informations sur ce sacrement, cliquez <strong><a href="http://www.eglise.catholique.fr/approfondir-sa-foi/la-celebration-de-la-foi/les-sacrements/le-bapteme/">ici</a></strong></p>[/et_pb_text][/et_pb_column][/et_pb_row][/et_pb_section]<!-- /wp:paragraph -->

<p>Baptême des petits enfants : Vous demandez le baptême de votre enfant, prenez contact avec le secrétariat de la Maison Paroissiale, au moins trois mois avant la date que vous [&hellip;]</p>

<!-- wp:paragraph -->
<p><strong>Chers parents,</strong></p>
<!-- /wp:paragraph -->

<!-- wp:paragraph -->
<p><strong>Vous envisagez de faire baptiser votre enfant dans la communauté catholique.</strong> <strong>Prévoir le baptême 3 mois à l’avance, et vous inscrire auprès du secrétariat de la maison paroissiale</strong> :</p>
<!-- /wp:paragraph -->

<!-- wp:paragraph -->
<p><strong>4, rue des Maréchaux, 17400 Saint Jean d’Angély </strong> ☏ <strong>05 46 59 01 24</strong></p>
<!-- /wp:paragraph -->

<!-- wp:paragraph -->
<p><strong>Pour plus d’information cliquez sur les liens suivants:</strong><a href="http://www.eglise.catholique.fr/approfondir-sa-foi/la-celebration-de-la-foi/les-sacrements/le-bapteme/"><strong>http://www.eglise.catholique.fr/approfondir-sa-foi/la-celebration-de-la-foi/les-sacrements/le-bapteme/</strong></a></p>
<!-- /wp:paragraph -->

<!-- wp:image {"id":4612,"sizeSlug":"large","linkDestination":"none"} -->
<figure class="wp-block-image size-large"><img src="https://catholiques17.fr/saint-angely/wp-content/uploads/sites/18/2021/03/image-2-1.png" alt="" class="wp-image-4612"/></figure>
<!-- /wp:image -->
