{"id":14543,"date":"2026-09-04T14:36:33","date_gmt":"2026-09-04T12:36:33","guid":{"rendered":"https:\/\/catholiques17.fr\/saintes\/?post_type=tribe_events&#038;p=14543"},"modified":"2026-09-04T14:36:33","modified_gmt":"2026-09-04T12:36:33","slug":"reunion-de-preparation-a-la-journee-des-couples-se-preparant-au-mariage-pour-les-accompagnateurs-au-presbytere-st-pallais","status":"publish","type":"tribe_events","link":"https:\/\/catholiques17.fr\/saintes\/event\/reunion-de-preparation-a-la-journee-des-couples-se-preparant-au-mariage-pour-les-accompagnateurs-au-presbytere-st-pallais\/","title":{"rendered":"R\u00e9union de pr\u00e9paration \u00e0 la journ\u00e9e des couples se pr\u00e9parant au mariage pour les accompagnateurs, au presbyt\u00e8re St Pallais"},"content":{"rendered":"<p>R\u00e9union de pr\u00e9paration \u00e0 la journ\u00e9e des couples se pr\u00e9parant au<br \/>\nmariage (le 07\/02) pour les accompagnateurs, au presbyt\u00e8re St Pallais<\/p>\n","protected":false},"excerpt":{"rendered":"<p>R\u00e9union de pr\u00e9paration \u00e0 la journ\u00e9e des couples se pr\u00e9parant au mariage (le 07\/02) pour les accompagnateurs, au presbyt\u00e8re St Pallais<\/p>\n","protected":false},"author":9,"featured_media":0,"template":"","meta":{"_et_pb_use_builder":"","_et_pb_old_content":"","_et_gb_content_width":"","_tribe_events_status":"","_tribe_events_status_reason":"","footnotes":""},"tags":[],"tribe_events_cat":[],"class_list":["post-14543","tribe_events","type-tribe_events","status-publish","hentry"],"_links":{"self":[{"href":"https:\/\/catholiques17.fr\/saintes\/wp-json\/wp\/v2\/tribe_events\/14543","targetHints":{"allow":["GET"]}}],"collection":[{"href":"https:\/\/catholiques17.fr\/saintes\/wp-json\/wp\/v2\/tribe_events"}],"about":[{"href":"https:\/\/catholiques17.fr\/saintes\/wp-json\/wp\/v2\/types\/tribe_events"}],"author":[{"embeddable":true,"href":"https:\/\/catholiques17.fr\/saintes\/wp-json\/wp\/v2\/users\/9"}],"version-history":[{"count":1,"href":"https:\/\/catholiques17.fr\/saintes\/wp-json\/wp\/v2\/tribe_events\/14543\/revisions"}],"predecessor-version":[{"id":14544,"href":"https:\/\/catholiques17.fr\/saintes\/wp-json\/wp\/v2\/tribe_events\/14543\/revisions\/14544"}],"wp:attachment":[{"href":"https:\/\/catholiques17.fr\/saintes\/wp-json\/wp\/v2\/media?parent=14543"}],"wp:term":[{"taxonomy":"post_tag","embeddable":true,"href":"https:\/\/catholiques17.fr\/saintes\/wp-json\/wp\/v2\/tags?post=14543"},{"taxonomy":"tribe_events_cat","embeddable":true,"href":"https:\/\/catholiques17.fr\/saintes\/wp-json\/wp\/v2\/tribe_events_cat?post=14543"}],"curies":[{"name":"wp","href":"https:\/\/api.w.org\/{rel}","templated":true}]}}

Réunion de préparation à la journée des couples se préparant au mariage pour les accompagnateurs, au presbytère St Pallais

<p>Réunion de préparation à la journée des couples se préparant au<br />
mariage (le 07/02) pour les accompagnateurs, au presbytère St Pallais</p>

<p>Réunion de préparation à la journée des couples se préparant au mariage (le 07/02) pour les accompagnateurs, au presbytère St Pallais</p>
