{"id":14504,"date":"2026-09-02T13:21:17","date_gmt":"2026-09-02T11:21:17","guid":{"rendered":"https:\/\/catholiques17.fr\/saintes\/?post_type=tribe_events&#038;p=14504"},"modified":"2026-09-02T13:22:28","modified_gmt":"2026-09-02T11:22:28","slug":"concert-lyrique-les-quatre-fantasques-tiquent-pour-haiti","status":"publish","type":"tribe_events","link":"https:\/\/catholiques17.fr\/saintes\/event\/concert-lyrique-les-quatre-fantasques-tiquent-pour-haiti\/","title":{"rendered":"Concert Lyrique Les Quatre Fantasques\u2019 tiquent Pour Ha\u00efti"},"content":{"rendered":"<p><img loading=\"lazy\" decoding=\"async\" class=\"alignnone size-medium wp-image-14506\" src=\"https:\/\/catholiques17.fr\/saintes\/wp-content\/uploads\/sites\/3\/2026\/09\/flyer-concert-13-sept-2026_page-0001-212x300.jpg\" alt=\"\" width=\"212\" height=\"300\" \/><\/p>\n<p>Vous \u00eates convi\u00e9 \u00e0 un concert lyrique du groupe \u00ab\u00a0les 4 fantasques&rsquo; tiques\u00a0\u00bb, compos\u00e9 de Agn\u00e8s Fouch\u00e9, Dani\u00e8le Carbonnel alto, Gilles Gu\u00e9nard, baryton, et Guillaume Corti piano<\/p>\n<p>Le 13 Septembre 17h au temple de Saintes<\/p>\n<p>Le b\u00e9n\u00e9fice de ce concert sera int\u00e9gralement revers\u00e9 \u00e0 l&rsquo;Association Ass&rsquo;Hum Ha\u00efti, pour ses actions \u00e9ducatives sur place.<\/p>\n<p>&nbsp;<\/p>\n","protected":false},"excerpt":{"rendered":"<p>Vous \u00eates convi\u00e9 \u00e0 un concert lyrique du groupe \u00ab\u00a0les 4 fantasques&rsquo; tiques\u00a0\u00bb, compos\u00e9 de Agn\u00e8s Fouch\u00e9, Dani\u00e8le Carbonnel alto, Gilles Gu\u00e9nard, baryton, et Guillaume Corti piano Le 13 Septembre [&hellip;]<\/p>\n","protected":false},"author":9,"featured_media":14506,"template":"","meta":{"_et_pb_use_builder":"","_et_pb_old_content":"","_et_gb_content_width":"","_tribe_events_status":"","_tribe_events_status_reason":"","footnotes":""},"tags":[],"tribe_events_cat":[],"class_list":["post-14504","tribe_events","type-tribe_events","status-publish","has-post-thumbnail","hentry"],"_links":{"self":[{"href":"https:\/\/catholiques17.fr\/saintes\/wp-json\/wp\/v2\/tribe_events\/14504","targetHints":{"allow":["GET"]}}],"collection":[{"href":"https:\/\/catholiques17.fr\/saintes\/wp-json\/wp\/v2\/tribe_events"}],"about":[{"href":"https:\/\/catholiques17.fr\/saintes\/wp-json\/wp\/v2\/types\/tribe_events"}],"author":[{"embeddable":true,"href":"https:\/\/catholiques17.fr\/saintes\/wp-json\/wp\/v2\/users\/9"}],"version-history":[{"count":3,"href":"https:\/\/catholiques17.fr\/saintes\/wp-json\/wp\/v2\/tribe_events\/14504\/revisions"}],"predecessor-version":[{"id":14509,"href":"https:\/\/catholiques17.fr\/saintes\/wp-json\/wp\/v2\/tribe_events\/14504\/revisions\/14509"}],"wp:featuredmedia":[{"embeddable":true,"href":"https:\/\/catholiques17.fr\/saintes\/wp-json\/wp\/v2\/media\/14506"}],"wp:attachment":[{"href":"https:\/\/catholiques17.fr\/saintes\/wp-json\/wp\/v2\/media?parent=14504"}],"wp:term":[{"taxonomy":"post_tag","embeddable":true,"href":"https:\/\/catholiques17.fr\/saintes\/wp-json\/wp\/v2\/tags?post=14504"},{"taxonomy":"tribe_events_cat","embeddable":true,"href":"https:\/\/catholiques17.fr\/saintes\/wp-json\/wp\/v2\/tribe_events_cat?post=14504"}],"curies":[{"name":"wp","href":"https:\/\/api.w.org\/{rel}","templated":true}]}}

Concert Lyrique Les Quatre Fantasques’ tiquent Pour Haïti

<p><img loading="lazy" decoding="async" class="alignnone size-medium wp-image-14506" src="https://catholiques17.fr/saintes/wp-content/uploads/sites/3/2026/09/flyer-concert-13-sept-2026_page-0001-212x300.jpg" alt="" width="212" height="300" /></p>
<p>Vous êtes convié à un concert lyrique du groupe « les 4 fantasques&rsquo; tiques », composé de Agnès Fouché, Danièle Carbonnel alto, Gilles Guénard, baryton, et Guillaume Corti piano</p>
<p>Le 13 Septembre 17h au temple de Saintes</p>
<p>Le bénéfice de ce concert sera intégralement reversé à l&rsquo;Association Ass&rsquo;Hum Haïti, pour ses actions éducatives sur place.</p>
<p>&nbsp;</p>

<p>Vous êtes convié à un concert lyrique du groupe « les 4 fantasques&rsquo; tiques », composé de Agnès Fouché, Danièle Carbonnel alto, Gilles Guénard, baryton, et Guillaume Corti piano Le 13 Septembre [&hellip;]</p>
