{"id":14497,"date":"2026-08-30T12:00:31","date_gmt":"2026-08-30T10:00:31","guid":{"rendered":"https:\/\/catholiques17.fr\/saintes\/?post_type=tribe_events&#038;p=14497"},"modified":"2026-08-30T12:02:56","modified_gmt":"2026-08-30T10:02:56","slug":"echo-chretiens-17-propose-une-marche-venez-decouvrir-letonnante-histoire-de-notre-planete-et-du-monde-vivant","status":"publish","type":"tribe_events","link":"https:\/\/catholiques17.fr\/saintes\/event\/echo-chretiens-17-propose-une-marche-venez-decouvrir-letonnante-histoire-de-notre-planete-et-du-monde-vivant\/","title":{"rendered":"Echo Chr\u00e9tiens 17 propose une Marche : Venez d\u00e9couvrir l\u2019\u00e9tonnante histoire de notre plan\u00e8te et du monde vivant"},"content":{"rendered":"<p>Echo Chr\u00e9tiens 17, dans la mouvance de l&rsquo;encyclique Laudato\u2019si, <strong>propose une Marche du temps profond<\/strong><\/p>\n<p>Venez d\u00e9couvrir l\u2019\u00e9tonnante histoire de notre plan\u00e8te et du monde vivant dans un <strong>dialogue m\u00e9ditatif entre science et foi chr\u00e9tienne<\/strong>. Revivez en 3 heures les grandes \u00e9tapes des 4,6 milliards d\u2019ann\u00e9es de l\u2019histoire de la Terre. Chaque m\u00e8tre repr\u00e9sente 1 million d\u2019ann\u00e9es.<\/p>\n<p>Quand ? Le samedi 12 septembre, pendant le mois de la Cr\u00e9ation, de 9 h \u00e0 12 h.<\/p>\n<p>O\u00f9 ? \u00c0 Ecurat ( nous vous pr\u00e9ciserons le lieu de d\u00e9part par la suite) .<\/p>\n<p>Distance \u00e0 parcourir : 4,6 km.<\/p>\n<p>Pour qui ?\u00a0 Pour les paroissiens et ouvert \u00e0 tous. Nombre de places limit\u00e9.<\/p>\n<p>Avec qui ?\u00a0 Olivier Lecroart, animateur du mouvement International Laudato Si et membre d&rsquo;Eco Chr\u00e9tiens 17<\/p>\n<p>Pr\u00e9voir : une tenue adapt\u00e9e \u00e0 la m\u00e9t\u00e9o, un chapeau de soleil, de l\u2019eau.<\/p>\n<p>&nbsp;<\/p>\n<p>Renseignements et inscriptions\u00a0 aupr\u00e8s de :<\/p>\n<p>Olivier Lecroart\u00a0\u00a0\u00a0 t\u00e9l\u00a0 <strong>06 09 35 86 78\u00a0 <\/strong>ou courriel :\u00a0 <strong>familletolc@yahoo.fr. <\/strong><\/p>\n<p><strong>\u00a0\u00a0\u00a0\u00a0\u00a0\u00a0\u00a0\u00a0\u00a0\u00a0\u00a0\u00a0\u00a0\u00a0 <\/strong>R\u00e9ponse souhait\u00e9e avant le 5 septembre<\/p>\n","protected":false},"excerpt":{"rendered":"<p>Echo Chr\u00e9tiens 17, dans la mouvance de l&rsquo;encyclique Laudato\u2019si, propose une Marche du temps profond Venez d\u00e9couvrir l\u2019\u00e9tonnante histoire de notre plan\u00e8te et du monde vivant dans un dialogue m\u00e9ditatif [&hellip;]<\/p>\n","protected":false},"author":9,"featured_media":13058,"template":"","meta":{"_et_pb_use_builder":"","_et_pb_old_content":"","_et_gb_content_width":"","_tribe_events_status":"","_tribe_events_status_reason":"","footnotes":""},"tags":[],"tribe_events_cat":[],"class_list":["post-14497","tribe_events","type-tribe_events","status-publish","has-post-thumbnail","hentry"],"_links":{"self":[{"href":"https:\/\/catholiques17.fr\/saintes\/wp-json\/wp\/v2\/tribe_events\/14497","targetHints":{"allow":["GET"]}}],"collection":[{"href":"https:\/\/catholiques17.fr\/saintes\/wp-json\/wp\/v2\/tribe_events"}],"about":[{"href":"https:\/\/catholiques17.fr\/saintes\/wp-json\/wp\/v2\/types\/tribe_events"}],"author":[{"embeddable":true,"href":"https:\/\/catholiques17.fr\/saintes\/wp-json\/wp\/v2\/users\/9"}],"version-history":[{"count":1,"href":"https:\/\/catholiques17.fr\/saintes\/wp-json\/wp\/v2\/tribe_events\/14497\/revisions"}],"predecessor-version":[{"id":14499,"href":"https:\/\/catholiques17.fr\/saintes\/wp-json\/wp\/v2\/tribe_events\/14497\/revisions\/14499"}],"wp:featuredmedia":[{"embeddable":true,"href":"https:\/\/catholiques17.fr\/saintes\/wp-json\/wp\/v2\/media\/13058"}],"wp:attachment":[{"href":"https:\/\/catholiques17.fr\/saintes\/wp-json\/wp\/v2\/media?parent=14497"}],"wp:term":[{"taxonomy":"post_tag","embeddable":true,"href":"https:\/\/catholiques17.fr\/saintes\/wp-json\/wp\/v2\/tags?post=14497"},{"taxonomy":"tribe_events_cat","embeddable":true,"href":"https:\/\/catholiques17.fr\/saintes\/wp-json\/wp\/v2\/tribe_events_cat?post=14497"}],"curies":[{"name":"wp","href":"https:\/\/api.w.org\/{rel}","templated":true}]}}

Echo Chrétiens 17 propose une Marche : Venez découvrir l’étonnante histoire de notre planète et du monde vivant

<p>Echo Chrétiens 17, dans la mouvance de l&rsquo;encyclique Laudato’si, <strong>propose une Marche du temps profond</strong></p>
<p>Venez découvrir l’étonnante histoire de notre planète et du monde vivant dans un <strong>dialogue méditatif entre science et foi chrétienne</strong>. Revivez en 3 heures les grandes étapes des 4,6 milliards d’années de l’histoire de la Terre. Chaque mètre représente 1 million d’années.</p>
<p>Quand ? Le samedi 12 septembre, pendant le mois de la Création, de 9 h à 12 h.</p>
<p>Où ? À Ecurat ( nous vous préciserons le lieu de départ par la suite) .</p>
<p>Distance à parcourir : 4,6 km.</p>
<p>Pour qui ?  Pour les paroissiens et ouvert à tous. Nombre de places limité.</p>
<p>Avec qui ?  Olivier Lecroart, animateur du mouvement International Laudato Si et membre d&rsquo;Eco Chrétiens 17</p>
<p>Prévoir : une tenue adaptée à la météo, un chapeau de soleil, de l’eau.</p>
<p>&nbsp;</p>
<p>Renseignements et inscriptions  auprès de :</p>
<p>Olivier Lecroart    tél  <strong>06 09 35 86 78  </strong>ou courriel :  <strong>familletolc@yahoo.fr. </strong></p>
<p><strong>               </strong>Réponse souhaitée avant le 5 septembre</p>

<p>Echo Chrétiens 17, dans la mouvance de l&rsquo;encyclique Laudato’si, propose une Marche du temps profond Venez découvrir l’étonnante histoire de notre planète et du monde vivant dans un dialogue méditatif [&hellip;]</p>
