{"id":13921,"date":"2026-04-28T19:06:40","date_gmt":"2026-04-28T17:06:40","guid":{"rendered":"https:\/\/catholiques17.fr\/saintes\/?post_type=tribe_events&#038;p=13921"},"modified":"2026-04-28T19:06:40","modified_gmt":"2026-04-28T17:06:40","slug":"rencontre-oecumenique-chapelle-sainte-eustelle","status":"publish","type":"tribe_events","link":"https:\/\/catholiques17.fr\/saintes\/event\/rencontre-oecumenique-chapelle-sainte-eustelle\/","title":{"rendered":"Rencontre oecum\u00e9nique &#8211; Chapelle Sainte Eustelle"},"content":{"rendered":"<p>Rencontre \u0153cum\u00e9nique, \u00e0 la chapelle Ste Eustelle, le mardi 5 mai, de 18h30 \u00e0 20h<\/p>\n<p>Nous m\u00e9diterons la Parole de Dieu en Eph\u00e9siens 4, 7-13.<\/p>\n","protected":false},"excerpt":{"rendered":"<p>Rencontre \u0153cum\u00e9nique, \u00e0 la chapelle Ste Eustelle, le mardi 5 mai, de 18h30 \u00e0 20h Nous m\u00e9diterons la Parole de Dieu en Eph\u00e9siens 4, 7-13.<\/p>\n","protected":false},"author":9,"featured_media":0,"template":"","meta":{"_et_pb_use_builder":"","_et_pb_old_content":"","_et_gb_content_width":"","_tribe_events_status":"","_tribe_events_status_reason":"","footnotes":""},"tags":[],"tribe_events_cat":[],"class_list":["post-13921","tribe_events","type-tribe_events","status-publish","hentry"],"_links":{"self":[{"href":"https:\/\/catholiques17.fr\/saintes\/wp-json\/wp\/v2\/tribe_events\/13921","targetHints":{"allow":["GET"]}}],"collection":[{"href":"https:\/\/catholiques17.fr\/saintes\/wp-json\/wp\/v2\/tribe_events"}],"about":[{"href":"https:\/\/catholiques17.fr\/saintes\/wp-json\/wp\/v2\/types\/tribe_events"}],"author":[{"embeddable":true,"href":"https:\/\/catholiques17.fr\/saintes\/wp-json\/wp\/v2\/users\/9"}],"version-history":[{"count":1,"href":"https:\/\/catholiques17.fr\/saintes\/wp-json\/wp\/v2\/tribe_events\/13921\/revisions"}],"predecessor-version":[{"id":13922,"href":"https:\/\/catholiques17.fr\/saintes\/wp-json\/wp\/v2\/tribe_events\/13921\/revisions\/13922"}],"wp:attachment":[{"href":"https:\/\/catholiques17.fr\/saintes\/wp-json\/wp\/v2\/media?parent=13921"}],"wp:term":[{"taxonomy":"post_tag","embeddable":true,"href":"https:\/\/catholiques17.fr\/saintes\/wp-json\/wp\/v2\/tags?post=13921"},{"taxonomy":"tribe_events_cat","embeddable":true,"href":"https:\/\/catholiques17.fr\/saintes\/wp-json\/wp\/v2\/tribe_events_cat?post=13921"}],"curies":[{"name":"wp","href":"https:\/\/api.w.org\/{rel}","templated":true}]}}

Rencontre oecuménique &#8211; Chapelle Sainte Eustelle

<p>Rencontre œcuménique, à la chapelle Ste Eustelle, le mardi 5 mai, de 18h30 à 20h</p>
<p>Nous méditerons la Parole de Dieu en Ephésiens 4, 7-13.</p>

<p>Rencontre œcuménique, à la chapelle Ste Eustelle, le mardi 5 mai, de 18h30 à 20h Nous méditerons la Parole de Dieu en Ephésiens 4, 7-13.</p>
