{"id":13917,"date":"2026-04-24T12:35:31","date_gmt":"2026-04-24T10:35:31","guid":{"rendered":"https:\/\/catholiques17.fr\/saintes\/?post_type=tribe_events&#038;p=13917"},"modified":"2026-04-24T12:35:31","modified_gmt":"2026-04-24T10:35:31","slug":"soiree-proposee-par-le-chemin-ignatien","status":"publish","type":"tribe_events","link":"https:\/\/catholiques17.fr\/saintes\/event\/soiree-proposee-par-le-chemin-ignatien\/","title":{"rendered":"Soir\u00e9e propos\u00e9e par le Chemin Ignatien"},"content":{"rendered":"<p>Le Chemin Ignatien 17 propose une soir\u00e9e pour vivre la joie de la r\u00e9surrection et l\u2019attente de l\u2019Esprit-Saint<\/p>\n<p>Prier avec la Parole de Dieu et partager<\/p>\n<p>Inscription : 06.30.53.24.84 ou 06.76.05.60.10 ou chemin.ignatien17@gmail.com<\/p>\n","protected":false},"excerpt":{"rendered":"<p>Le Chemin Ignatien 17 propose une soir\u00e9e pour vivre la joie de la r\u00e9surrection et l\u2019attente de l\u2019Esprit-Saint Prier avec la Parole de Dieu et partager Inscription : 06.30.53.24.84 ou [&hellip;]<\/p>\n","protected":false},"author":9,"featured_media":0,"template":"","meta":{"_et_pb_use_builder":"","_et_pb_old_content":"","_et_gb_content_width":"","_tribe_events_status":"","_tribe_events_status_reason":"","footnotes":""},"tags":[],"tribe_events_cat":[],"class_list":["post-13917","tribe_events","type-tribe_events","status-publish","hentry"],"_links":{"self":[{"href":"https:\/\/catholiques17.fr\/saintes\/wp-json\/wp\/v2\/tribe_events\/13917","targetHints":{"allow":["GET"]}}],"collection":[{"href":"https:\/\/catholiques17.fr\/saintes\/wp-json\/wp\/v2\/tribe_events"}],"about":[{"href":"https:\/\/catholiques17.fr\/saintes\/wp-json\/wp\/v2\/types\/tribe_events"}],"author":[{"embeddable":true,"href":"https:\/\/catholiques17.fr\/saintes\/wp-json\/wp\/v2\/users\/9"}],"version-history":[{"count":1,"href":"https:\/\/catholiques17.fr\/saintes\/wp-json\/wp\/v2\/tribe_events\/13917\/revisions"}],"predecessor-version":[{"id":13918,"href":"https:\/\/catholiques17.fr\/saintes\/wp-json\/wp\/v2\/tribe_events\/13917\/revisions\/13918"}],"wp:attachment":[{"href":"https:\/\/catholiques17.fr\/saintes\/wp-json\/wp\/v2\/media?parent=13917"}],"wp:term":[{"taxonomy":"post_tag","embeddable":true,"href":"https:\/\/catholiques17.fr\/saintes\/wp-json\/wp\/v2\/tags?post=13917"},{"taxonomy":"tribe_events_cat","embeddable":true,"href":"https:\/\/catholiques17.fr\/saintes\/wp-json\/wp\/v2\/tribe_events_cat?post=13917"}],"curies":[{"name":"wp","href":"https:\/\/api.w.org\/{rel}","templated":true}]}}

Soirée proposée par le Chemin Ignatien

<p>Le Chemin Ignatien 17 propose une soirée pour vivre la joie de la résurrection et l’attente de l’Esprit-Saint</p>
<p>Prier avec la Parole de Dieu et partager</p>
<p>Inscription : 06.30.53.24.84 ou 06.76.05.60.10 ou chemin.ignatien17@gmail.com</p>

<p>Le Chemin Ignatien 17 propose une soirée pour vivre la joie de la résurrection et l’attente de l’Esprit-Saint Prier avec la Parole de Dieu et partager Inscription : 06.30.53.24.84 ou [&hellip;]</p>
