{"id":12886,"date":"2025-10-16T12:53:23","date_gmt":"2025-10-16T10:53:23","guid":{"rendered":"https:\/\/catholiques17.fr\/saintes\/?post_type=tribe_events&#038;p=12886"},"modified":"2025-10-16T12:53:23","modified_gmt":"2025-10-16T10:53:23","slug":"formation-biblique-proposee-par-le-pere-delage-histoire-de-laiques-pas-si-ordinaires-que-ca","status":"publish","type":"tribe_events","link":"https:\/\/catholiques17.fr\/saintes\/event\/formation-biblique-proposee-par-le-pere-delage-histoire-de-laiques-pas-si-ordinaires-que-ca\/","title":{"rendered":"Formation biblique propos\u00e9e par le p\u00e8re Delage : Histoire de la\u00efques pas si ordinaires que \u00e7a."},"content":{"rendered":"","protected":false},"excerpt":{"rendered":"","protected":false},"author":9,"featured_media":0,"template":"","meta":{"_et_pb_use_builder":"","_et_pb_old_content":"","_et_gb_content_width":"","_tribe_events_status":"","_tribe_events_status_reason":"","footnotes":""},"tags":[],"tribe_events_cat":[],"class_list":["post-12886","tribe_events","type-tribe_events","status-publish","hentry"],"_links":{"self":[{"href":"https:\/\/catholiques17.fr\/saintes\/wp-json\/wp\/v2\/tribe_events\/12886","targetHints":{"allow":["GET"]}}],"collection":[{"href":"https:\/\/catholiques17.fr\/saintes\/wp-json\/wp\/v2\/tribe_events"}],"about":[{"href":"https:\/\/catholiques17.fr\/saintes\/wp-json\/wp\/v2\/types\/tribe_events"}],"author":[{"embeddable":true,"href":"https:\/\/catholiques17.fr\/saintes\/wp-json\/wp\/v2\/users\/9"}],"version-history":[{"count":1,"href":"https:\/\/catholiques17.fr\/saintes\/wp-json\/wp\/v2\/tribe_events\/12886\/revisions"}],"predecessor-version":[{"id":12887,"href":"https:\/\/catholiques17.fr\/saintes\/wp-json\/wp\/v2\/tribe_events\/12886\/revisions\/12887"}],"wp:attachment":[{"href":"https:\/\/catholiques17.fr\/saintes\/wp-json\/wp\/v2\/media?parent=12886"}],"wp:term":[{"taxonomy":"post_tag","embeddable":true,"href":"https:\/\/catholiques17.fr\/saintes\/wp-json\/wp\/v2\/tags?post=12886"},{"taxonomy":"tribe_events_cat","embeddable":true,"href":"https:\/\/catholiques17.fr\/saintes\/wp-json\/wp\/v2\/tribe_events_cat?post=12886"}],"curies":[{"name":"wp","href":"https:\/\/api.w.org\/{rel}","templated":true}]}}

Formation biblique proposée par le père Delage : Histoire de laïques pas si ordinaires que ça.
