{"id":11578,"date":"2025-03-02T15:24:39","date_gmt":"2025-03-02T14:24:39","guid":{"rendered":"https:\/\/catholiques17.fr\/saintes\/?post_type=tribe_events&#038;p=11578"},"modified":"2025-03-04T08:50:31","modified_gmt":"2025-03-04T07:50:31","slug":"we-de-preparation-pour-les-jeunes-participants-au-jubile-des-jeunes-a-rome","status":"publish","type":"tribe_events","link":"https:\/\/catholiques17.fr\/saintes\/event\/we-de-preparation-pour-les-jeunes-participants-au-jubile-des-jeunes-a-rome\/","title":{"rendered":"WE de pr\u00e9paration pour les jeunes participants au jubil\u00e9 des jeunes \u00e0 Rome"},"content":{"rendered":"<p>A l&rsquo;occasion de l&rsquo;ann\u00e9e jubilaire, les jeunes sont invit\u00e9s \u00e0 participer au jubil\u00e9 des jeunes \u00e0 Rome du 26 juillet au 4 ao\u00fbt 2025.<\/p>\n<p>Pour s&rsquo;y pr\u00e9parer un WE est pr\u00e9vu \u00e0 Voiville les 15 et 16 mars prochain.<\/p>\n<p>Contact et inscription : jubiledesjeunes17@gmail.com<\/p>\n<p>pr\u00e9voir 35 \u20ac pour le WE ainsi que sa carte d&rsquo;identit\u00e9<\/p>\n","protected":false},"excerpt":{"rendered":"<p>A l&rsquo;occasion de l&rsquo;ann\u00e9e jubilaire, les jeunes sont invit\u00e9s \u00e0 participer au jubil\u00e9 des jeunes \u00e0 Rome du 26 juillet au 4 ao\u00fbt 2025. Pour s&rsquo;y pr\u00e9parer un WE est [&hellip;]<\/p>\n","protected":false},"author":9,"featured_media":11588,"template":"","meta":{"_et_pb_use_builder":"","_et_pb_old_content":"","_et_gb_content_width":"","_tribe_events_status":"","_tribe_events_status_reason":"","footnotes":""},"tags":[],"tribe_events_cat":[],"class_list":["post-11578","tribe_events","type-tribe_events","status-publish","has-post-thumbnail","hentry"],"_links":{"self":[{"href":"https:\/\/catholiques17.fr\/saintes\/wp-json\/wp\/v2\/tribe_events\/11578","targetHints":{"allow":["GET"]}}],"collection":[{"href":"https:\/\/catholiques17.fr\/saintes\/wp-json\/wp\/v2\/tribe_events"}],"about":[{"href":"https:\/\/catholiques17.fr\/saintes\/wp-json\/wp\/v2\/types\/tribe_events"}],"author":[{"embeddable":true,"href":"https:\/\/catholiques17.fr\/saintes\/wp-json\/wp\/v2\/users\/9"}],"version-history":[{"count":1,"href":"https:\/\/catholiques17.fr\/saintes\/wp-json\/wp\/v2\/tribe_events\/11578\/revisions"}],"predecessor-version":[{"id":11580,"href":"https:\/\/catholiques17.fr\/saintes\/wp-json\/wp\/v2\/tribe_events\/11578\/revisions\/11580"}],"wp:featuredmedia":[{"embeddable":true,"href":"https:\/\/catholiques17.fr\/saintes\/wp-json\/wp\/v2\/media\/11588"}],"wp:attachment":[{"href":"https:\/\/catholiques17.fr\/saintes\/wp-json\/wp\/v2\/media?parent=11578"}],"wp:term":[{"taxonomy":"post_tag","embeddable":true,"href":"https:\/\/catholiques17.fr\/saintes\/wp-json\/wp\/v2\/tags?post=11578"},{"taxonomy":"tribe_events_cat","embeddable":true,"href":"https:\/\/catholiques17.fr\/saintes\/wp-json\/wp\/v2\/tribe_events_cat?post=11578"}],"curies":[{"name":"wp","href":"https:\/\/api.w.org\/{rel}","templated":true}]}}

WE de préparation pour les jeunes participants au jubilé des jeunes à Rome

<p>A l&rsquo;occasion de l&rsquo;année jubilaire, les jeunes sont invités à participer au jubilé des jeunes à Rome du 26 juillet au 4 août 2025.</p>
<p>Pour s&rsquo;y préparer un WE est prévu à Voiville les 15 et 16 mars prochain.</p>
<p>Contact et inscription : jubiledesjeunes17@gmail.com</p>
<p>prévoir 35 € pour le WE ainsi que sa carte d&rsquo;identité</p>

<p>A l&rsquo;occasion de l&rsquo;année jubilaire, les jeunes sont invités à participer au jubilé des jeunes à Rome du 26 juillet au 4 août 2025. Pour s&rsquo;y préparer un WE est [&hellip;]</p>
