{"id":11541,"date":"2025-02-22T10:18:39","date_gmt":"2025-02-22T09:18:39","guid":{"rendered":"https:\/\/catholiques17.fr\/saintes\/?post_type=tribe_events&#038;p=11541"},"modified":"2025-03-30T20:26:00","modified_gmt":"2025-03-30T18:26:00","slug":"loto-de-careme","status":"publish","type":"tribe_events","link":"https:\/\/catholiques17.fr\/saintes\/event\/loto-de-careme\/","title":{"rendered":"Loto de car\u00eame"},"content":{"rendered":"<p>Le loto du car\u00eame est une soir\u00e9e conviviale o\u00f9 les participants sont invit\u00e9s \u00e0 jouer au loto tout en partageant un repas simple compos\u00e9 de riz et de pommes cuites.<br \/>\nParticipation 15\u20ac\u00a0:\u00a0incluant 3 cartons et le repas<br \/>\nLes lots sont offerts par les b\u00e9n\u00e9voles et tir\u00e9s au sort\u00a0:<br \/>\nDes services tels que de l\u2019aide, le partage d\u2019un talent (art floral-couture-cuisine-photographie), le pr\u00eat de mat\u00e9riel, ou encore du covoiturage.<br \/>\nLots offerts par l\u2019\u00e9quipe organisatrice: Participer aux repas les 28 juin ou 13 d\u00e9cembre et la sortie p\u00eache. Venez nombreux\u00a0! &amp;quot;<\/p>\n","protected":false},"excerpt":{"rendered":"<p>Le loto du car\u00eame est une soir\u00e9e conviviale o\u00f9 les participants sont invit\u00e9s \u00e0 jouer au loto tout en partageant un repas simple compos\u00e9 de riz et de pommes cuites. [&hellip;]<\/p>\n","protected":false},"author":9,"featured_media":0,"template":"","meta":{"_et_pb_use_builder":"","_et_pb_old_content":"","_et_gb_content_width":"","_tribe_events_status":"","_tribe_events_status_reason":"","footnotes":""},"tags":[],"tribe_events_cat":[],"class_list":["post-11541","tribe_events","type-tribe_events","status-publish","hentry"],"_links":{"self":[{"href":"https:\/\/catholiques17.fr\/saintes\/wp-json\/wp\/v2\/tribe_events\/11541","targetHints":{"allow":["GET"]}}],"collection":[{"href":"https:\/\/catholiques17.fr\/saintes\/wp-json\/wp\/v2\/tribe_events"}],"about":[{"href":"https:\/\/catholiques17.fr\/saintes\/wp-json\/wp\/v2\/types\/tribe_events"}],"author":[{"embeddable":true,"href":"https:\/\/catholiques17.fr\/saintes\/wp-json\/wp\/v2\/users\/9"}],"version-history":[{"count":1,"href":"https:\/\/catholiques17.fr\/saintes\/wp-json\/wp\/v2\/tribe_events\/11541\/revisions"}],"predecessor-version":[{"id":11542,"href":"https:\/\/catholiques17.fr\/saintes\/wp-json\/wp\/v2\/tribe_events\/11541\/revisions\/11542"}],"wp:attachment":[{"href":"https:\/\/catholiques17.fr\/saintes\/wp-json\/wp\/v2\/media?parent=11541"}],"wp:term":[{"taxonomy":"post_tag","embeddable":true,"href":"https:\/\/catholiques17.fr\/saintes\/wp-json\/wp\/v2\/tags?post=11541"},{"taxonomy":"tribe_events_cat","embeddable":true,"href":"https:\/\/catholiques17.fr\/saintes\/wp-json\/wp\/v2\/tribe_events_cat?post=11541"}],"curies":[{"name":"wp","href":"https:\/\/api.w.org\/{rel}","templated":true}]}}

Loto de carême

<p>Le loto du carême est une soirée conviviale où les participants sont invités à jouer au loto tout en partageant un repas simple composé de riz et de pommes cuites.<br />
Participation 15€ : incluant 3 cartons et le repas<br />
Les lots sont offerts par les bénévoles et tirés au sort :<br />
Des services tels que de l’aide, le partage d’un talent (art floral-couture-cuisine-photographie), le prêt de matériel, ou encore du covoiturage.<br />
Lots offerts par l’équipe organisatrice: Participer aux repas les 28 juin ou 13 décembre et la sortie pêche. Venez nombreux ! &amp;quot;</p>

<p>Le loto du carême est une soirée conviviale où les participants sont invités à jouer au loto tout en partageant un repas simple composé de riz et de pommes cuites. [&hellip;]</p>
