{"id":11269,"date":"2024-12-15T11:23:48","date_gmt":"2024-12-15T10:23:48","guid":{"rendered":"https:\/\/catholiques17.fr\/saintes\/?post_type=tribe_events&#038;p=11269"},"modified":"2024-12-15T11:23:48","modified_gmt":"2024-12-15T10:23:48","slug":"concert-a-leglise-de-chermignac","status":"publish","type":"tribe_events","link":"https:\/\/catholiques17.fr\/saintes\/event\/concert-a-leglise-de-chermignac\/","title":{"rendered":"Concert \u00e0 l&rsquo;\u00e9glise de Chermignac"},"content":{"rendered":"<p>Concert des chants de No\u00ebl du monde entier<\/p>\n","protected":false},"excerpt":{"rendered":"<p>Concert des chants de No\u00ebl du monde entier<\/p>\n","protected":false},"author":9,"featured_media":11270,"template":"","meta":{"_et_pb_use_builder":"","_et_pb_old_content":"","_et_gb_content_width":"","_tribe_events_status":"","_tribe_events_status_reason":"","footnotes":""},"tags":[],"tribe_events_cat":[],"class_list":["post-11269","tribe_events","type-tribe_events","status-publish","has-post-thumbnail","hentry"],"_links":{"self":[{"href":"https:\/\/catholiques17.fr\/saintes\/wp-json\/wp\/v2\/tribe_events\/11269","targetHints":{"allow":["GET"]}}],"collection":[{"href":"https:\/\/catholiques17.fr\/saintes\/wp-json\/wp\/v2\/tribe_events"}],"about":[{"href":"https:\/\/catholiques17.fr\/saintes\/wp-json\/wp\/v2\/types\/tribe_events"}],"author":[{"embeddable":true,"href":"https:\/\/catholiques17.fr\/saintes\/wp-json\/wp\/v2\/users\/9"}],"version-history":[{"count":1,"href":"https:\/\/catholiques17.fr\/saintes\/wp-json\/wp\/v2\/tribe_events\/11269\/revisions"}],"predecessor-version":[{"id":11271,"href":"https:\/\/catholiques17.fr\/saintes\/wp-json\/wp\/v2\/tribe_events\/11269\/revisions\/11271"}],"wp:featuredmedia":[{"embeddable":true,"href":"https:\/\/catholiques17.fr\/saintes\/wp-json\/wp\/v2\/media\/11270"}],"wp:attachment":[{"href":"https:\/\/catholiques17.fr\/saintes\/wp-json\/wp\/v2\/media?parent=11269"}],"wp:term":[{"taxonomy":"post_tag","embeddable":true,"href":"https:\/\/catholiques17.fr\/saintes\/wp-json\/wp\/v2\/tags?post=11269"},{"taxonomy":"tribe_events_cat","embeddable":true,"href":"https:\/\/catholiques17.fr\/saintes\/wp-json\/wp\/v2\/tribe_events_cat?post=11269"}],"curies":[{"name":"wp","href":"https:\/\/api.w.org\/{rel}","templated":true}]}}

Concert à l&rsquo;église de Chermignac

<p>Concert des chants de Noël du monde entier</p>
