{"id":11264,"date":"2024-12-14T11:12:30","date_gmt":"2024-12-14T10:12:30","guid":{"rendered":"https:\/\/catholiques17.fr\/saintes\/?post_type=tribe_events&#038;p=11264"},"modified":"2024-12-14T11:12:30","modified_gmt":"2024-12-14T10:12:30","slug":"celebration-oecumenique-pour-la-semaine-de-priere-pour-lunite-des-chretiens","status":"publish","type":"tribe_events","link":"https:\/\/catholiques17.fr\/saintes\/event\/celebration-oecumenique-pour-la-semaine-de-priere-pour-lunite-des-chretiens\/","title":{"rendered":"C\u00e9l\u00e9bration \u0152cum\u00e9nique pour la Semaine de Pri\u00e8re Pour l\u2019Unit\u00e9 des Chr\u00e9tiens"},"content":{"rendered":"<p style=\"font-weight: 400\"><strong>Samedi 18 janvier 2025 &#8211; 15h &#8211; au Temple de Saintes, cours R\u00e9verseaux : C\u00e9l\u00e9bration \u0152cum\u00e9nique pour la Semaine de Pri\u00e8re Pour l\u2019Unit\u00e9 des Chr\u00e9tiens.<\/strong><\/p>\n<p style=\"font-weight: 400\">Avec nos pr\u00eatres et pasteure, le groupe \u0153cum\u00e9nique animera la c\u00e9l\u00e9bration.<\/p>\n<p style=\"font-weight: 400\">Tout le peuple de Dieu est invit\u00e9 \u00e0 venir prier pour l\u2019Unit\u00e9 des Chr\u00e9tiens.<\/p>\n","protected":false},"excerpt":{"rendered":"<p>Samedi 18 janvier 2025 &#8211; 15h &#8211; au Temple de Saintes, cours R\u00e9verseaux : C\u00e9l\u00e9bration \u0152cum\u00e9nique pour la Semaine de Pri\u00e8re Pour l\u2019Unit\u00e9 des Chr\u00e9tiens. Avec nos pr\u00eatres et pasteure, [&hellip;]<\/p>\n","protected":false},"author":9,"featured_media":11265,"template":"","meta":{"_et_pb_use_builder":"","_et_pb_old_content":"","_et_gb_content_width":"","_tribe_events_status":"","_tribe_events_status_reason":"","footnotes":""},"tags":[],"tribe_events_cat":[],"class_list":["post-11264","tribe_events","type-tribe_events","status-publish","has-post-thumbnail","hentry"],"_links":{"self":[{"href":"https:\/\/catholiques17.fr\/saintes\/wp-json\/wp\/v2\/tribe_events\/11264","targetHints":{"allow":["GET"]}}],"collection":[{"href":"https:\/\/catholiques17.fr\/saintes\/wp-json\/wp\/v2\/tribe_events"}],"about":[{"href":"https:\/\/catholiques17.fr\/saintes\/wp-json\/wp\/v2\/types\/tribe_events"}],"author":[{"embeddable":true,"href":"https:\/\/catholiques17.fr\/saintes\/wp-json\/wp\/v2\/users\/9"}],"version-history":[{"count":1,"href":"https:\/\/catholiques17.fr\/saintes\/wp-json\/wp\/v2\/tribe_events\/11264\/revisions"}],"predecessor-version":[{"id":11266,"href":"https:\/\/catholiques17.fr\/saintes\/wp-json\/wp\/v2\/tribe_events\/11264\/revisions\/11266"}],"wp:featuredmedia":[{"embeddable":true,"href":"https:\/\/catholiques17.fr\/saintes\/wp-json\/wp\/v2\/media\/11265"}],"wp:attachment":[{"href":"https:\/\/catholiques17.fr\/saintes\/wp-json\/wp\/v2\/media?parent=11264"}],"wp:term":[{"taxonomy":"post_tag","embeddable":true,"href":"https:\/\/catholiques17.fr\/saintes\/wp-json\/wp\/v2\/tags?post=11264"},{"taxonomy":"tribe_events_cat","embeddable":true,"href":"https:\/\/catholiques17.fr\/saintes\/wp-json\/wp\/v2\/tribe_events_cat?post=11264"}],"curies":[{"name":"wp","href":"https:\/\/api.w.org\/{rel}","templated":true}]}}

Célébration Œcuménique pour la Semaine de Prière Pour l’Unité des Chrétiens

<p style="font-weight: 400"><strong>Samedi 18 janvier 2025 &#8211; 15h &#8211; au Temple de Saintes, cours Réverseaux : Célébration Œcuménique pour la Semaine de Prière Pour l’Unité des Chrétiens.</strong></p>
<p style="font-weight: 400">Avec nos prêtres et pasteure, le groupe œcuménique animera la célébration.</p>
<p style="font-weight: 400">Tout le peuple de Dieu est invité à venir prier pour l’Unité des Chrétiens.</p>

<p>Samedi 18 janvier 2025 &#8211; 15h &#8211; au Temple de Saintes, cours Réverseaux : Célébration Œcuménique pour la Semaine de Prière Pour l’Unité des Chrétiens. Avec nos prêtres et pasteure, [&hellip;]</p>
