{"id":11106,"date":"2024-11-18T10:52:06","date_gmt":"2024-11-18T09:52:06","guid":{"rendered":"https:\/\/catholiques17.fr\/saintes\/?post_type=tribe_events&#038;p=11106"},"modified":"2024-12-05T18:51:53","modified_gmt":"2024-12-05T17:51:53","slug":"11106","status":"publish","type":"tribe_events","link":"https:\/\/catholiques17.fr\/saintes\/event\/11106\/","title":{"rendered":"Groupe Oecum\u00e9nique"},"content":{"rendered":"<p class=\"m_-2458328345704063462MsoListParagraph\" style=\"text-align: left\" align=\"center\"><b><img loading=\"lazy\" decoding=\"async\" class=\"alignnone size-medium wp-image-11191\" src=\"https:\/\/catholiques17.fr\/saintes\/wp-content\/uploads\/sites\/3\/2024\/11\/la-nativite-212x300.png\" alt=\"\" width=\"212\" height=\"300\" \/>Visitation <\/b>chez nos s\u0153urs et fr\u00e8res\u00a0<b>protestants<\/b>.<u><\/u><u><\/u><\/p>\n<ul type=\"disc\">\n<li class=\"m_-2458328345704063462MsoListParagraph\">10h30\u00a0: Le groupe \u0153cum\u00e9nique effectuera une Visitation \u00e0 la communaut\u00e9 protestante, en participant au culte. (Exposition de cr\u00e8ches du monde au temple)<\/li>\n<li class=\"m_-2458328345704063462MsoListParagraph\">Midi\u00a0: Possibilit\u00e9 de repas partag\u00e9.<\/li>\n<li class=\"m_-2458328345704063462MsoListParagraph\">15h\u00a0: Conf\u00e9rence \u00ab\u00a0 La Nativit\u00e9 dans l\u2019Art\u00a0\u00bb par Corinne Dani\u00e9lan, pasteure. Conf\u00e9rence ouverte \u00e0 tous.<\/li>\n<\/ul>\n","protected":false},"excerpt":{"rendered":"<p>Visitation chez nos s\u0153urs et fr\u00e8res\u00a0protestants. 10h30\u00a0: Le groupe \u0153cum\u00e9nique effectuera une Visitation \u00e0 la communaut\u00e9 protestante, en participant au culte. (Exposition de cr\u00e8ches du monde au temple) Midi\u00a0: Possibilit\u00e9 [&hellip;]<\/p>\n","protected":false},"author":9,"featured_media":9345,"template":"","meta":{"_et_pb_use_builder":"","_et_pb_old_content":"","_et_gb_content_width":"","_tribe_events_status":"","_tribe_events_status_reason":"","footnotes":""},"tags":[],"tribe_events_cat":[],"class_list":["post-11106","tribe_events","type-tribe_events","status-publish","has-post-thumbnail","hentry"],"_links":{"self":[{"href":"https:\/\/catholiques17.fr\/saintes\/wp-json\/wp\/v2\/tribe_events\/11106","targetHints":{"allow":["GET"]}}],"collection":[{"href":"https:\/\/catholiques17.fr\/saintes\/wp-json\/wp\/v2\/tribe_events"}],"about":[{"href":"https:\/\/catholiques17.fr\/saintes\/wp-json\/wp\/v2\/types\/tribe_events"}],"author":[{"embeddable":true,"href":"https:\/\/catholiques17.fr\/saintes\/wp-json\/wp\/v2\/users\/9"}],"version-history":[{"count":3,"href":"https:\/\/catholiques17.fr\/saintes\/wp-json\/wp\/v2\/tribe_events\/11106\/revisions"}],"predecessor-version":[{"id":11192,"href":"https:\/\/catholiques17.fr\/saintes\/wp-json\/wp\/v2\/tribe_events\/11106\/revisions\/11192"}],"wp:featuredmedia":[{"embeddable":true,"href":"https:\/\/catholiques17.fr\/saintes\/wp-json\/wp\/v2\/media\/9345"}],"wp:attachment":[{"href":"https:\/\/catholiques17.fr\/saintes\/wp-json\/wp\/v2\/media?parent=11106"}],"wp:term":[{"taxonomy":"post_tag","embeddable":true,"href":"https:\/\/catholiques17.fr\/saintes\/wp-json\/wp\/v2\/tags?post=11106"},{"taxonomy":"tribe_events_cat","embeddable":true,"href":"https:\/\/catholiques17.fr\/saintes\/wp-json\/wp\/v2\/tribe_events_cat?post=11106"}],"curies":[{"name":"wp","href":"https:\/\/api.w.org\/{rel}","templated":true}]}}

Groupe Oecuménique

<p class="m_-2458328345704063462MsoListParagraph" style="text-align: left" align="center"><b><img loading="lazy" decoding="async" class="alignnone size-medium wp-image-11191" src="https://catholiques17.fr/saintes/wp-content/uploads/sites/3/2024/11/la-nativite-212x300.png" alt="" width="212" height="300" />Visitation </b>chez nos sœurs et frères <b>protestants</b>.<u></u><u></u></p>
<ul type="disc">
<li class="m_-2458328345704063462MsoListParagraph">10h30 : Le groupe œcuménique effectuera une Visitation à la communauté protestante, en participant au culte. (Exposition de crèches du monde au temple)</li>
<li class="m_-2458328345704063462MsoListParagraph">Midi : Possibilité de repas partagé.</li>
<li class="m_-2458328345704063462MsoListParagraph">15h : Conférence «  La Nativité dans l’Art » par Corinne Daniélan, pasteure. Conférence ouverte à tous.</li>
</ul>

<p>Visitation chez nos sœurs et frères protestants. 10h30 : Le groupe œcuménique effectuera une Visitation à la communauté protestante, en participant au culte. (Exposition de crèches du monde au temple) Midi : Possibilité [&hellip;]</p>
