{"id":11095,"date":"2024-11-14T19:11:10","date_gmt":"2024-11-14T18:11:10","guid":{"rendered":"https:\/\/catholiques17.fr\/saintes\/?post_type=tribe_events&#038;p=11095"},"modified":"2024-11-14T19:11:10","modified_gmt":"2024-11-14T18:11:10","slug":"halte-spi-proposee-par-le-chemin-ignatien-ancres-dans-lesperance","status":"publish","type":"tribe_events","link":"https:\/\/catholiques17.fr\/saintes\/event\/halte-spi-proposee-par-le-chemin-ignatien-ancres-dans-lesperance\/","title":{"rendered":"Halte Spi propos\u00e9e par le Chemin Ignatien : \u00ab\u00a0Ancr\u00e9s dans l&rsquo;ESPERANCE\u00a0\u00bb"},"content":{"rendered":"<p>Halte spirituelle propos\u00e9e par le\u00a0Chemin Ignatien 17 \u00e0 l\u2019occasion de l\u2019Avent,<\/p>\n<p>de 9h30 \u00e0 16h30 le 30 novembre \u00e0 la Maison Dioc\u00e9saine de Saintes<\/p>\n<p>&nbsp;<\/p>\n","protected":false},"excerpt":{"rendered":"<p>Halte spirituelle propos\u00e9e par le\u00a0Chemin Ignatien 17 \u00e0 l\u2019occasion de l\u2019Avent, de 9h30 \u00e0 16h30 le 30 novembre \u00e0 la Maison Dioc\u00e9saine de Saintes &nbsp;<\/p>\n","protected":false},"author":9,"featured_media":11097,"template":"","meta":{"_et_pb_use_builder":"","_et_pb_old_content":"","_et_gb_content_width":"","_tribe_events_status":"","_tribe_events_status_reason":"","footnotes":""},"tags":[],"tribe_events_cat":[],"class_list":["post-11095","tribe_events","type-tribe_events","status-publish","has-post-thumbnail","hentry"],"_links":{"self":[{"href":"https:\/\/catholiques17.fr\/saintes\/wp-json\/wp\/v2\/tribe_events\/11095","targetHints":{"allow":["GET"]}}],"collection":[{"href":"https:\/\/catholiques17.fr\/saintes\/wp-json\/wp\/v2\/tribe_events"}],"about":[{"href":"https:\/\/catholiques17.fr\/saintes\/wp-json\/wp\/v2\/types\/tribe_events"}],"author":[{"embeddable":true,"href":"https:\/\/catholiques17.fr\/saintes\/wp-json\/wp\/v2\/users\/9"}],"version-history":[{"count":1,"href":"https:\/\/catholiques17.fr\/saintes\/wp-json\/wp\/v2\/tribe_events\/11095\/revisions"}],"predecessor-version":[{"id":11098,"href":"https:\/\/catholiques17.fr\/saintes\/wp-json\/wp\/v2\/tribe_events\/11095\/revisions\/11098"}],"wp:featuredmedia":[{"embeddable":true,"href":"https:\/\/catholiques17.fr\/saintes\/wp-json\/wp\/v2\/media\/11097"}],"wp:attachment":[{"href":"https:\/\/catholiques17.fr\/saintes\/wp-json\/wp\/v2\/media?parent=11095"}],"wp:term":[{"taxonomy":"post_tag","embeddable":true,"href":"https:\/\/catholiques17.fr\/saintes\/wp-json\/wp\/v2\/tags?post=11095"},{"taxonomy":"tribe_events_cat","embeddable":true,"href":"https:\/\/catholiques17.fr\/saintes\/wp-json\/wp\/v2\/tribe_events_cat?post=11095"}],"curies":[{"name":"wp","href":"https:\/\/api.w.org\/{rel}","templated":true}]}}

Halte Spi proposée par le Chemin Ignatien : « Ancrés dans l&rsquo;ESPERANCE »

<p>Halte spirituelle proposée par le Chemin Ignatien 17 à l’occasion de l’Avent,</p>
<p>de 9h30 à 16h30 le 30 novembre à la Maison Diocésaine de Saintes</p>
<p>&nbsp;</p>

<p>Halte spirituelle proposée par le Chemin Ignatien 17 à l’occasion de l’Avent, de 9h30 à 16h30 le 30 novembre à la Maison Diocésaine de Saintes &nbsp;</p>
