{"id":11060,"date":"2024-11-12T19:44:15","date_gmt":"2024-11-12T18:44:15","guid":{"rendered":"https:\/\/catholiques17.fr\/saintes\/?post_type=tribe_events&#038;p=11060"},"modified":"2024-11-12T19:44:15","modified_gmt":"2024-11-12T18:44:15","slug":"rencontre-pour-preparer-le-temps-fort-de-lavent","status":"publish","type":"tribe_events","link":"https:\/\/catholiques17.fr\/saintes\/event\/rencontre-pour-preparer-le-temps-fort-de-lavent\/","title":{"rendered":"Rencontre pour pr\u00e9parer le Temps Fort de l&rsquo;AVENT"},"content":{"rendered":"<p>Rencontre pour pr\u00e9parer le TEMPS FORT de l&rsquo;AVENT du samedi 7 d\u00e9cembre \u00e0 partir de 15h \u00e0 la maison dioc\u00e9saine<\/p>\n","protected":false},"excerpt":{"rendered":"<p>Rencontre pour pr\u00e9parer le TEMPS FORT de l&rsquo;AVENT du samedi 7 d\u00e9cembre \u00e0 partir de 15h \u00e0 la maison dioc\u00e9saine<\/p>\n","protected":false},"author":9,"featured_media":0,"template":"","meta":{"_et_pb_use_builder":"","_et_pb_old_content":"","_et_gb_content_width":"","_tribe_events_status":"","_tribe_events_status_reason":"","footnotes":""},"tags":[],"tribe_events_cat":[],"class_list":["post-11060","tribe_events","type-tribe_events","status-publish","hentry"],"_links":{"self":[{"href":"https:\/\/catholiques17.fr\/saintes\/wp-json\/wp\/v2\/tribe_events\/11060","targetHints":{"allow":["GET"]}}],"collection":[{"href":"https:\/\/catholiques17.fr\/saintes\/wp-json\/wp\/v2\/tribe_events"}],"about":[{"href":"https:\/\/catholiques17.fr\/saintes\/wp-json\/wp\/v2\/types\/tribe_events"}],"author":[{"embeddable":true,"href":"https:\/\/catholiques17.fr\/saintes\/wp-json\/wp\/v2\/users\/9"}],"version-history":[{"count":1,"href":"https:\/\/catholiques17.fr\/saintes\/wp-json\/wp\/v2\/tribe_events\/11060\/revisions"}],"predecessor-version":[{"id":11061,"href":"https:\/\/catholiques17.fr\/saintes\/wp-json\/wp\/v2\/tribe_events\/11060\/revisions\/11061"}],"wp:attachment":[{"href":"https:\/\/catholiques17.fr\/saintes\/wp-json\/wp\/v2\/media?parent=11060"}],"wp:term":[{"taxonomy":"post_tag","embeddable":true,"href":"https:\/\/catholiques17.fr\/saintes\/wp-json\/wp\/v2\/tags?post=11060"},{"taxonomy":"tribe_events_cat","embeddable":true,"href":"https:\/\/catholiques17.fr\/saintes\/wp-json\/wp\/v2\/tribe_events_cat?post=11060"}],"curies":[{"name":"wp","href":"https:\/\/api.w.org\/{rel}","templated":true}]}}

Rencontre pour préparer le Temps Fort de l&rsquo;AVENT

<p>Rencontre pour préparer le TEMPS FORT de l&rsquo;AVENT du samedi 7 décembre à partir de 15h à la maison diocésaine</p>
