{"id":10620,"date":"2024-07-09T10:17:47","date_gmt":"2024-07-09T08:17:47","guid":{"rendered":"https:\/\/catholiques17.fr\/saintes\/?post_type=tribe_events&#038;p=10620"},"modified":"2025-05-28T10:34:18","modified_gmt":"2025-05-28T08:34:18","slug":"groupe-oecumenique-conference","status":"publish","type":"tribe_events","link":"https:\/\/catholiques17.fr\/saintes\/event\/groupe-oecumenique-conference\/","title":{"rendered":"Groupe Oecum\u00e9nique &#8211; conf\u00e9rence"},"content":{"rendered":"<p>Conf\u00e9rence au Temple de Saintes, salle Ir\u00e8ne Frachon, rue Pallu de la Barri\u00e8re.<\/p>\n<p><strong>Conf\u00e9rence d&rsquo;Annie Wellens :\u00a0<\/strong><strong>\u00a0\u00bb Le voyage d&rsquo;Eg\u00e9rie\u00a0\u00bb<\/strong><\/p>\n<p>Suivie d&rsquo;un repas partag\u00e9 ; chacun apporte un plat \u00e0 partager et ses couverts<\/p>\n","protected":false},"excerpt":{"rendered":"<p>Conf\u00e9rence au Temple de Saintes, salle Ir\u00e8ne Frachon, rue Pallu de la Barri\u00e8re. Conf\u00e9rence d&rsquo;Annie Wellens :\u00a0\u00a0\u00bb Le voyage d&rsquo;Eg\u00e9rie\u00a0\u00bb Suivie d&rsquo;un repas partag\u00e9 ; chacun apporte un plat \u00e0 [&hellip;]<\/p>\n","protected":false},"author":9,"featured_media":9345,"template":"","meta":{"_et_pb_use_builder":"","_et_pb_old_content":"","_et_gb_content_width":"","_tribe_events_status":"","_tribe_events_status_reason":"","footnotes":""},"tags":[],"tribe_events_cat":[],"class_list":["post-10620","tribe_events","type-tribe_events","status-publish","has-post-thumbnail","hentry"],"_links":{"self":[{"href":"https:\/\/catholiques17.fr\/saintes\/wp-json\/wp\/v2\/tribe_events\/10620","targetHints":{"allow":["GET"]}}],"collection":[{"href":"https:\/\/catholiques17.fr\/saintes\/wp-json\/wp\/v2\/tribe_events"}],"about":[{"href":"https:\/\/catholiques17.fr\/saintes\/wp-json\/wp\/v2\/types\/tribe_events"}],"author":[{"embeddable":true,"href":"https:\/\/catholiques17.fr\/saintes\/wp-json\/wp\/v2\/users\/9"}],"version-history":[{"count":3,"href":"https:\/\/catholiques17.fr\/saintes\/wp-json\/wp\/v2\/tribe_events\/10620\/revisions"}],"predecessor-version":[{"id":12082,"href":"https:\/\/catholiques17.fr\/saintes\/wp-json\/wp\/v2\/tribe_events\/10620\/revisions\/12082"}],"wp:featuredmedia":[{"embeddable":true,"href":"https:\/\/catholiques17.fr\/saintes\/wp-json\/wp\/v2\/media\/9345"}],"wp:attachment":[{"href":"https:\/\/catholiques17.fr\/saintes\/wp-json\/wp\/v2\/media?parent=10620"}],"wp:term":[{"taxonomy":"post_tag","embeddable":true,"href":"https:\/\/catholiques17.fr\/saintes\/wp-json\/wp\/v2\/tags?post=10620"},{"taxonomy":"tribe_events_cat","embeddable":true,"href":"https:\/\/catholiques17.fr\/saintes\/wp-json\/wp\/v2\/tribe_events_cat?post=10620"}],"curies":[{"name":"wp","href":"https:\/\/api.w.org\/{rel}","templated":true}]}}

Groupe Oecuménique &#8211; conférence

<p>Conférence au Temple de Saintes, salle Irène Frachon, rue Pallu de la Barrière.</p>
<p><strong>Conférence d&rsquo;Annie Wellens : </strong><strong> » Le voyage d&rsquo;Egérie »</strong></p>
<p>Suivie d&rsquo;un repas partagé ; chacun apporte un plat à partager et ses couverts</p>

<p>Conférence au Temple de Saintes, salle Irène Frachon, rue Pallu de la Barrière. Conférence d&rsquo;Annie Wellens :  » Le voyage d&rsquo;Egérie » Suivie d&rsquo;un repas partagé ; chacun apporte un plat à [&hellip;]</p>
