{"id":9454,"date":"2023-12-19T14:42:49","date_gmt":"2023-12-19T13:42:49","guid":{"rendered":"https:\/\/catholiques17.fr\/saintes\/?page_id=9454"},"modified":"2025-10-21T10:37:30","modified_gmt":"2025-10-21T08:37:30","slug":"groupe-oecumenique","status":"publish","type":"page","link":"https:\/\/catholiques17.fr\/saintes\/groupe-oecumenique\/","title":{"rendered":"\u0152cum\u00e9nisme"},"content":{"rendered":"<p>[et_pb_section fb_built=\u00a0\u00bb1&Prime; _builder_version=\u00a0\u00bb4.21.0&Prime; _module_preset=\u00a0\u00bbdefault\u00a0\u00bb global_colors_info=\u00a0\u00bb{}\u00a0\u00bb theme_builder_area=\u00a0\u00bbpost_content\u00a0\u00bb][et_pb_row _builder_version=\u00a0\u00bb4.21.0&Prime; _module_preset=\u00a0\u00bbdefault\u00a0\u00bb global_colors_info=\u00a0\u00bb{}\u00a0\u00bb theme_builder_area=\u00a0\u00bbpost_content\u00a0\u00bb][et_pb_column type=\u00a0\u00bb4_4&Prime; _builder_version=\u00a0\u00bb4.21.0&Prime; _module_preset=\u00a0\u00bbdefault\u00a0\u00bb global_colors_info=\u00a0\u00bb{}\u00a0\u00bb theme_builder_area=\u00a0\u00bbpost_content\u00a0\u00bb][et_pb_text _builder_version=\u00a0\u00bb4.21.0&Prime; _module_preset=\u00a0\u00bbdefault\u00a0\u00bb global_colors_info=\u00a0\u00bb{}\u00a0\u00bb theme_builder_area=\u00a0\u00bbpost_content\u00a0\u00bb custom_margin=\u00a0\u00bb||43px|||\u00a0\u00bb]<\/p>\n<h3 style=\"text-align: center\">\u00ab Il n\u2019y a rien de meilleur que l\u2019unit\u00e9 \u00bb (saint Ignace \u00e0 Polycarpe)<\/h3>\n<p>Le groupe \u0153cum\u00e9nique de Saintes et alentours existe depuis plus de 50 ans ; lieu de rencontre et de partage fraternel et spirituel o\u00f9 femmes et hommes de diff\u00e9rents communaut\u00e9s chr\u00e9tiennes de Saintes et alentours se rassemblent, soeurs et fr\u00e8res en Christ, enfant du m\u00eame P\u00e8re.<\/p>\n<p>Aujourd\u2019hui une trentaine de chr\u00e9tiens approfondissent l\u2019unit\u00e9 fondamentale de leur foi en J\u00e9sus-christ par des partages autour de la Parole de Dieu, des \u201cvisitations\u201d dans chacune de nos Eglises, des conf\u00e9rneces, des temps forts de c\u00e9l\u00e9brations.<\/p>\n<p>Les partages autour de la Parole de Dieu ont lieu des mardis de 18h \u00e0 19h30 \u00e0 la chapelle Sainte Eustelle, 6 rue de Chermignac \u00e0 Saintes.<\/p>\n<p>Nous nous retrouvons dans un esprit d\u2019ouverture, accompagn\u00e9s par la pasteure et les pr\u00eatres.<\/p>\n<p>En peuple de Dieu nous marchons tous ensemble vers un chemin d\u2019Unit\u00e9 pour nos Eglises.<\/p>\n<p>[\/et_pb_text][et_pb_divider _builder_version=\u00a0\u00bb4.27.4&Prime; _module_preset=\u00a0\u00bbdefault\u00a0\u00bb theme_builder_area=\u00a0\u00bbpost_content\u00a0\u00bb color=\u00a0\u00bb#F47A60&Prime; divider_weight=\u00a0\u00bb3px\u00a0\u00bb hover_enabled=\u00a0\u00bb0&Prime; sticky_enabled=\u00a0\u00bb0&Prime;][\/et_pb_divider][et_pb_text _builder_version=\u00a0\u00bb4.21.0&Prime; _module_preset=\u00a0\u00bbdefault\u00a0\u00bb global_colors_info=\u00a0\u00bb{}\u00a0\u00bb theme_builder_area=\u00a0\u00bbpost_content\u00a0\u00bb]<\/p>\n<p style=\"text-align: left\">La Semaine de pri\u00e8re pour l\u2019unit\u00e9 des chr\u00e9tiens, traditionnellement la troisi\u00e8me semaine de janvier, invite tous les membres des \u00c9glises \u00e0 prier pour que cesse la division entre chr\u00e9tiens. Depuis janvier 1939, dans sa forme actuelle, cette Semaine est une institution qui, bien qu\u2019ancienne, garde toute sa vitalit\u00e9, notamment l\u00e0 o\u00f9 de dynamiques groupes oecum\u00e9niques sont en place. Le th\u00e8me est pr\u00e9par\u00e9e chaque ann\u00e9e par une Commission internationale et interconfessionnelle \u00e9manant \u00e0 la fois du Conseil pontifical pour la promotion de l\u2019unit\u00e9 des chr\u00e9tiens et du Conseil oecum\u00e9nique des \u00c9glises.<\/p>\n<p style=\"text-align: left\">C\u2019est l\u2019occasion pour catholiques, protestants et orthodoxes de partager et d\u2019offrir les uns aux autres, et sans tenter de les masquer, les richesses de sa tradition.<br \/>Temple de l\u2019Eglise Protestante Unie de Saintes, 2 cours Reverseaux 17100 Saintes<\/p>\n<p style=\"text-align: left\">[\/et_pb_text][et_pb_cta title=\u00a0\u00bbContacts\u00a0\u00bb _builder_version=\u00a0\u00bb4.21.0&Prime; _module_preset=\u00a0\u00bbdefault\u00a0\u00bb global_colors_info=\u00a0\u00bb{}\u00a0\u00bb theme_builder_area=\u00a0\u00bbpost_content\u00a0\u00bb]<\/p>\n<h4>Anne Marie : jam43@orange.fr<\/h4>\n<h4>Dominique : dominique.oyhenart@wanadoo.fr<\/h4>\n<h4>M. Hugo ALEXANDRE, d\u00e9l\u00e9gu\u00e9 \u00e9piscopal \u00e0 l\u2019\u0153cum\u00e9nisme : resp.sablonceaux@gmail.com<\/h4>\n<p>[\/et_pb_cta][\/et_pb_column][\/et_pb_row][\/et_pb_section]<\/p>\n","protected":false},"excerpt":{"rendered":"<p>\u00ab Il n\u2019y a rien de meilleur que l\u2019unit\u00e9 \u00bb (saint Ignace \u00e0 Polycarpe) Le groupe \u0153cum\u00e9nique de Saintes et alentours existe depuis plus de 50 ans ; lieu de [&hellip;]<\/p>\n","protected":false},"author":41,"featured_media":9345,"parent":0,"menu_order":0,"comment_status":"closed","ping_status":"closed","template":"","meta":{"_et_pb_use_builder":"on","_et_pb_old_content":"","_et_gb_content_width":"","footnotes":""},"class_list":["post-9454","page","type-page","status-publish","has-post-thumbnail","hentry"],"_links":{"self":[{"href":"https:\/\/catholiques17.fr\/saintes\/wp-json\/wp\/v2\/pages\/9454","targetHints":{"allow":["GET"]}}],"collection":[{"href":"https:\/\/catholiques17.fr\/saintes\/wp-json\/wp\/v2\/pages"}],"about":[{"href":"https:\/\/catholiques17.fr\/saintes\/wp-json\/wp\/v2\/types\/page"}],"author":[{"embeddable":true,"href":"https:\/\/catholiques17.fr\/saintes\/wp-json\/wp\/v2\/users\/41"}],"replies":[{"embeddable":true,"href":"https:\/\/catholiques17.fr\/saintes\/wp-json\/wp\/v2\/comments?post=9454"}],"version-history":[{"count":12,"href":"https:\/\/catholiques17.fr\/saintes\/wp-json\/wp\/v2\/pages\/9454\/revisions"}],"predecessor-version":[{"id":12925,"href":"https:\/\/catholiques17.fr\/saintes\/wp-json\/wp\/v2\/pages\/9454\/revisions\/12925"}],"wp:featuredmedia":[{"embeddable":true,"href":"https:\/\/catholiques17.fr\/saintes\/wp-json\/wp\/v2\/media\/9345"}],"wp:attachment":[{"href":"https:\/\/catholiques17.fr\/saintes\/wp-json\/wp\/v2\/media?parent=9454"}],"curies":[{"name":"wp","href":"https:\/\/api.w.org\/{rel}","templated":true}]}}

Œcuménisme

<p>[et_pb_section fb_built= »1&Prime; _builder_version= »4.21.0&Prime; _module_preset= »default » global_colors_info= »{} » theme_builder_area= »post_content »][et_pb_row _builder_version= »4.21.0&Prime; _module_preset= »default » global_colors_info= »{} » theme_builder_area= »post_content »][et_pb_column type= »4_4&Prime; _builder_version= »4.21.0&Prime; _module_preset= »default » global_colors_info= »{} » theme_builder_area= »post_content »][et_pb_text _builder_version= »4.21.0&Prime; _module_preset= »default » global_colors_info= »{} » theme_builder_area= »post_content » custom_margin= »||43px||| »]</p>
<h3 style="text-align: center">« Il n’y a rien de meilleur que l’unité » (saint Ignace à Polycarpe)</h3>
<p>Le groupe œcuménique de Saintes et alentours existe depuis plus de 50 ans ; lieu de rencontre et de partage fraternel et spirituel où femmes et hommes de différents communautés chrétiennes de Saintes et alentours se rassemblent, soeurs et frères en Christ, enfant du même Père.</p>
<p>Aujourd’hui une trentaine de chrétiens approfondissent l’unité fondamentale de leur foi en Jésus-christ par des partages autour de la Parole de Dieu, des “visitations” dans chacune de nos Eglises, des conférneces, des temps forts de célébrations.</p>
<p>Les partages autour de la Parole de Dieu ont lieu des mardis de 18h à 19h30 à la chapelle Sainte Eustelle, 6 rue de Chermignac à Saintes.</p>
<p>Nous nous retrouvons dans un esprit d’ouverture, accompagnés par la pasteure et les prêtres.</p>
<p>En peuple de Dieu nous marchons tous ensemble vers un chemin d’Unité pour nos Eglises.</p>
<p>[/et_pb_text][et_pb_divider _builder_version= »4.27.4&Prime; _module_preset= »default » theme_builder_area= »post_content » color= »#F47A60&Prime; divider_weight= »3px » hover_enabled= »0&Prime; sticky_enabled= »0&Prime;][/et_pb_divider][et_pb_text _builder_version= »4.21.0&Prime; _module_preset= »default » global_colors_info= »{} » theme_builder_area= »post_content »]</p>
<p style="text-align: left">La Semaine de prière pour l’unité des chrétiens, traditionnellement la troisième semaine de janvier, invite tous les membres des Églises à prier pour que cesse la division entre chrétiens. Depuis janvier 1939, dans sa forme actuelle, cette Semaine est une institution qui, bien qu’ancienne, garde toute sa vitalité, notamment là où de dynamiques groupes oecuméniques sont en place. Le thème est préparée chaque année par une Commission internationale et interconfessionnelle émanant à la fois du Conseil pontifical pour la promotion de l’unité des chrétiens et du Conseil oecuménique des Églises.</p>
<p style="text-align: left">C’est l’occasion pour catholiques, protestants et orthodoxes de partager et d’offrir les uns aux autres, et sans tenter de les masquer, les richesses de sa tradition.<br />Temple de l’Eglise Protestante Unie de Saintes, 2 cours Reverseaux 17100 Saintes</p>
<p style="text-align: left">[/et_pb_text][et_pb_cta title= »Contacts » _builder_version= »4.21.0&Prime; _module_preset= »default » global_colors_info= »{} » theme_builder_area= »post_content »]</p>
<h4>Anne Marie : jam43@orange.fr</h4>
<h4>Dominique : dominique.oyhenart@wanadoo.fr</h4>
<h4>M. Hugo ALEXANDRE, délégué épiscopal à l’œcuménisme : resp.sablonceaux@gmail.com</h4>
<p>[/et_pb_cta][/et_pb_column][/et_pb_row][/et_pb_section]</p>

<p>« Il n’y a rien de meilleur que l’unité » (saint Ignace à Polycarpe) Le groupe œcuménique de Saintes et alentours existe depuis plus de 50 ans ; lieu de [&hellip;]</p>
