{"id":9104,"date":"2023-11-21T16:43:09","date_gmt":"2023-11-21T15:43:09","guid":{"rendered":"https:\/\/catholiques17.fr\/saintes\/?page_id=9104"},"modified":"2025-10-11T12:09:49","modified_gmt":"2025-10-11T10:09:49","slug":"homelies","status":"publish","type":"page","link":"https:\/\/catholiques17.fr\/saintes\/paroisse-rive-gauche\/homelies\/","title":{"rendered":"Hom\u00e9lies"},"content":{"rendered":"<p>[et_pb_section fb_built=\u00a0\u00bb1&Prime; _builder_version=\u00a0\u00bb4.21.0&Prime; _module_preset=\u00a0\u00bbdefault\u00a0\u00bb global_colors_info=\u00a0\u00bb{}\u00a0\u00bb theme_builder_area=\u00a0\u00bbpost_content\u00a0\u00bb][et_pb_row _builder_version=\u00a0\u00bb4.21.0&Prime; _module_preset=\u00a0\u00bbdefault\u00a0\u00bb global_colors_info=\u00a0\u00bb{}\u00a0\u00bb theme_builder_area=\u00a0\u00bbpost_content\u00a0\u00bb][et_pb_column type=\u00a0\u00bb4_4&Prime; _builder_version=\u00a0\u00bb4.21.0&Prime; _module_preset=\u00a0\u00bbdefault\u00a0\u00bb global_colors_info=\u00a0\u00bb{}\u00a0\u00bb theme_builder_area=\u00a0\u00bbpost_content\u00a0\u00bb][et_pb_image src=\u00a0\u00bbhttps:\/\/catholiques17.fr\/saintes\/wp-content\/uploads\/sites\/3\/2023\/11\/Ecriture.jpg\u00a0\u00bb title_text=\u00a0\u00bbEcriture\u00a0\u00bb _builder_version=\u00a0\u00bb4.21.0&Prime; _module_preset=\u00a0\u00bbdefault\u00a0\u00bb global_colors_info=\u00a0\u00bb{}\u00a0\u00bb theme_builder_area=\u00a0\u00bbpost_content\u00a0\u00bb][\/et_pb_image][\/et_pb_column][\/et_pb_row][et_pb_row _builder_version=\u00a0\u00bb4.21.0&Prime; _module_preset=\u00a0\u00bbdefault\u00a0\u00bb global_colors_info=\u00a0\u00bb{}\u00a0\u00bb theme_builder_area=\u00a0\u00bbpost_content\u00a0\u00bb][et_pb_column type=\u00a0\u00bb4_4&Prime; _builder_version=\u00a0\u00bb4.21.0&Prime; _module_preset=\u00a0\u00bbdefault\u00a0\u00bb global_colors_info=\u00a0\u00bb{}\u00a0\u00bb theme_builder_area=\u00a0\u00bbpost_content\u00a0\u00bb][et_pb_text _builder_version=\u00a0\u00bb4.27.4&Prime; _module_preset=\u00a0\u00bbdefault\u00a0\u00bb custom_padding=\u00a0\u00bb0px|||||\u00a0\u00bb hover_enabled=\u00a0\u00bb0&Prime; global_colors_info=\u00a0\u00bb{}\u00a0\u00bb theme_builder_area=\u00a0\u00bbpost_content\u00a0\u00bb sticky_enabled=\u00a0\u00bb0&Prime;]<\/p>\n<p><a href=\"https:\/\/catholiques17.fr\/saintes\/wp-content\/uploads\/sites\/3\/2025\/10\/28-septembre-2025.pdf\" target=\"_blank\" rel=\"noopener\"><span style=\"font-size: 14px;background-color: #ffffff\">28 septembre 2025 &#8211; rentr\u00e9e paroissiale &#8211; 26\u00e8me dim temps ordinaire<\/span><\/a><\/p>\n<p><a href=\"https:\/\/catholiques17.fr\/saintes\/wp-content\/uploads\/sites\/3\/2025\/09\/Homelie-21-septembre-2025.pdf\" target=\"_blank\" rel=\"noopener\"><span style=\"font-size: 14px;background-color: #ffffff\">\u00a021 septembre 2025 &#8211; 25\u00e8me dim du temps ordinaire ann\u00e9e C<\/span><\/a><\/p>\n<p><a href=\"https:\/\/catholiques17.fr\/saintes\/wp-content\/uploads\/sites\/3\/2025\/09\/Fete-de-la-Croix-Glorieuse.pdf\" target=\"_blank\" rel=\"noopener\"><span style=\"font-size: 14px;background-color: #ffffff\">\u00a013 septembre 2025 &#8211; f\u00eate de la croix glorieuse<\/span><\/a><\/p>\n<p><span style=\"font-size: 14px;background-color: #ffffff\"><a href=\"https:\/\/catholiques17.fr\/saintes\/wp-content\/uploads\/sites\/3\/2025\/07\/Homelie-29-juin-St-Pierre-et-St-Paul.pdf\">29 juin\u00a0 2025 &#8211; f\u00eate de Saint Pierre et Saint Paul<\/a><\/span><\/p>\n<p><span style=\"font-size: 14px;background-color: #ffffff\"><a href=\"https:\/\/catholiques17.fr\/saintes\/les-gestes-de-la-messe-nous-disent-quelque-chose\/\">2 mars 2025<\/a><\/span><\/p>\n<p><a href=\"https:\/\/catholiques17.fr\/saintes\/wp-content\/uploads\/sites\/3\/2024\/12\/Au-milieu-de-tous-les-bouleversements-du-monde.pdf\">Novembre 2024<\/a><\/p>\n<p><a href=\"https:\/\/catholiques17.fr\/saintes\/wp-content\/uploads\/sites\/3\/2024\/08\/Homelie-Dimanche-4-aout-2024.pdf\">Hom\u00e9lie 4 ao\u00fbt 2024<\/a><\/p>\n<p><a href=\"https:\/\/catholiques17.fr\/saintes\/wp-content\/uploads\/sites\/3\/2024\/04\/Homelie-Jeudi-4-avril-2024-soiree-des-benevoles-1.pdf\">Hom\u00e9lie 4 avril 2024 &#8211; Soir\u00e9e des b\u00e9n\u00e9voles<\/a><\/p>\n<p><a href=\"https:\/\/catholiques17.fr\/saintes\/wp-content\/uploads\/sites\/3\/2024\/04\/Paques-2024.pdf\">Hom\u00e9lie du 31 mars 2024 &#8211; P\u00e2ques<\/a><\/p>\n<p><a href=\"https:\/\/catholiques17.fr\/saintes\/wp-content\/uploads\/sites\/3\/2023\/11\/HOMELIE-DU-33eEme-DIMAMCHE-DU-TEMPS-ORDINAIRE.pdf\" target=\"_blank\" rel=\"noopener\">Hom\u00e9lie du 19 novembre 2023<\/a><\/p>\n<p>[\/et_pb_text][et_pb_text _builder_version=\u00a0\u00bb4.21.0&Prime; _module_preset=\u00a0\u00bbdefault\u00a0\u00bb global_colors_info=\u00a0\u00bb{}\u00a0\u00bb theme_builder_area=\u00a0\u00bbpost_content\u00a0\u00bb]<\/p>\n<p><a href=\"https:\/\/catholiques17.fr\/saintes\/wp-content\/uploads\/sites\/3\/2023\/11\/Etre-prevoyant-en-vue-du-Royaume-de-Dieu.pdf\" target=\"_blank\" rel=\"noopener\">Hom\u00e9lie du 12 novembre 2023<\/a><\/p>\n<p>[\/et_pb_text][et_pb_text _builder_version=\u00a0\u00bb4.21.0&Prime; _module_preset=\u00a0\u00bbdefault\u00a0\u00bb global_colors_info=\u00a0\u00bb{}\u00a0\u00bb theme_builder_area=\u00a0\u00bbpost_content\u00a0\u00bb]<\/p>\n<p><a href=\"https:\/\/catholiques17.fr\/saintes\/wp-content\/uploads\/sites\/3\/2023\/11\/Homelie-2-novembre.pdf\" target=\"_blank\" rel=\"noopener\">Hom\u00e9lie du 2 novembre 2023 &#8211; messe pour les d\u00e9funts<\/a><\/p>\n<p>[\/et_pb_text][et_pb_text _builder_version=\u00a0\u00bb4.21.0&Prime; _module_preset=\u00a0\u00bbdefault\u00a0\u00bb global_colors_info=\u00a0\u00bb{}\u00a0\u00bb theme_builder_area=\u00a0\u00bbpost_content\u00a0\u00bb]<\/p>\n<p><a href=\"https:\/\/catholiques17.fr\/saintes\/wp-content\/uploads\/sites\/3\/2023\/11\/1er-nov-2023-Toussaint.pdf\" target=\"_blank\" rel=\"noopener\">Hom\u00e9lie du 1er novembre 2023 &#8211; f\u00eate de la TOUSSAINT<\/a><\/p>\n<p>[\/et_pb_text][\/et_pb_column][\/et_pb_row][\/et_pb_section]<\/p>\n","protected":false},"excerpt":{"rendered":"<p>28 septembre 2025 &#8211; rentr\u00e9e paroissiale &#8211; 26\u00e8me dim temps ordinaire \u00a021 septembre 2025 &#8211; 25\u00e8me dim du temps ordinaire ann\u00e9e C \u00a013 septembre 2025 &#8211; f\u00eate de la croix [&hellip;]<\/p>\n","protected":false},"author":4,"featured_media":0,"parent":6858,"menu_order":0,"comment_status":"closed","ping_status":"closed","template":"","meta":{"_et_pb_use_builder":"on","_et_pb_old_content":"","_et_gb_content_width":"","footnotes":""},"class_list":["post-9104","page","type-page","status-publish","hentry"],"_links":{"self":[{"href":"https:\/\/catholiques17.fr\/saintes\/wp-json\/wp\/v2\/pages\/9104","targetHints":{"allow":["GET"]}}],"collection":[{"href":"https:\/\/catholiques17.fr\/saintes\/wp-json\/wp\/v2\/pages"}],"about":[{"href":"https:\/\/catholiques17.fr\/saintes\/wp-json\/wp\/v2\/types\/page"}],"author":[{"embeddable":true,"href":"https:\/\/catholiques17.fr\/saintes\/wp-json\/wp\/v2\/users\/4"}],"replies":[{"embeddable":true,"href":"https:\/\/catholiques17.fr\/saintes\/wp-json\/wp\/v2\/comments?post=9104"}],"version-history":[{"count":28,"href":"https:\/\/catholiques17.fr\/saintes\/wp-json\/wp\/v2\/pages\/9104\/revisions"}],"predecessor-version":[{"id":12872,"href":"https:\/\/catholiques17.fr\/saintes\/wp-json\/wp\/v2\/pages\/9104\/revisions\/12872"}],"up":[{"embeddable":true,"href":"https:\/\/catholiques17.fr\/saintes\/wp-json\/wp\/v2\/pages\/6858"}],"wp:attachment":[{"href":"https:\/\/catholiques17.fr\/saintes\/wp-json\/wp\/v2\/media?parent=9104"}],"curies":[{"name":"wp","href":"https:\/\/api.w.org\/{rel}","templated":true}]}}

Homélies

<p>[et_pb_section fb_built= »1&Prime; _builder_version= »4.21.0&Prime; _module_preset= »default » global_colors_info= »{} » theme_builder_area= »post_content »][et_pb_row _builder_version= »4.21.0&Prime; _module_preset= »default » global_colors_info= »{} » theme_builder_area= »post_content »][et_pb_column type= »4_4&Prime; _builder_version= »4.21.0&Prime; _module_preset= »default » global_colors_info= »{} » theme_builder_area= »post_content »][et_pb_image src= »https://catholiques17.fr/saintes/wp-content/uploads/sites/3/2023/11/Ecriture.jpg » title_text= »Ecriture » _builder_version= »4.21.0&Prime; _module_preset= »default » global_colors_info= »{} » theme_builder_area= »post_content »][/et_pb_image][/et_pb_column][/et_pb_row][et_pb_row _builder_version= »4.21.0&Prime; _module_preset= »default » global_colors_info= »{} » theme_builder_area= »post_content »][et_pb_column type= »4_4&Prime; _builder_version= »4.21.0&Prime; _module_preset= »default » global_colors_info= »{} » theme_builder_area= »post_content »][et_pb_text _builder_version= »4.27.4&Prime; _module_preset= »default » custom_padding= »0px||||| » hover_enabled= »0&Prime; global_colors_info= »{} » theme_builder_area= »post_content » sticky_enabled= »0&Prime;]</p>
<p><a href="https://catholiques17.fr/saintes/wp-content/uploads/sites/3/2025/10/28-septembre-2025.pdf" target="_blank" rel="noopener"><span style="font-size: 14px;background-color: #ffffff">28 septembre 2025 &#8211; rentrée paroissiale &#8211; 26ème dim temps ordinaire</span></a></p>
<p><a href="https://catholiques17.fr/saintes/wp-content/uploads/sites/3/2025/09/Homelie-21-septembre-2025.pdf" target="_blank" rel="noopener"><span style="font-size: 14px;background-color: #ffffff"> 21 septembre 2025 &#8211; 25ème dim du temps ordinaire année C</span></a></p>
<p><a href="https://catholiques17.fr/saintes/wp-content/uploads/sites/3/2025/09/Fete-de-la-Croix-Glorieuse.pdf" target="_blank" rel="noopener"><span style="font-size: 14px;background-color: #ffffff"> 13 septembre 2025 &#8211; fête de la croix glorieuse</span></a></p>
<p><span style="font-size: 14px;background-color: #ffffff"><a href="https://catholiques17.fr/saintes/wp-content/uploads/sites/3/2025/07/Homelie-29-juin-St-Pierre-et-St-Paul.pdf">29 juin  2025 &#8211; fête de Saint Pierre et Saint Paul</a></span></p>
<p><span style="font-size: 14px;background-color: #ffffff"><a href="https://catholiques17.fr/saintes/les-gestes-de-la-messe-nous-disent-quelque-chose/">2 mars 2025</a></span></p>
<p><a href="https://catholiques17.fr/saintes/wp-content/uploads/sites/3/2024/12/Au-milieu-de-tous-les-bouleversements-du-monde.pdf">Novembre 2024</a></p>
<p><a href="https://catholiques17.fr/saintes/wp-content/uploads/sites/3/2024/08/Homelie-Dimanche-4-aout-2024.pdf">Homélie 4 août 2024</a></p>
<p><a href="https://catholiques17.fr/saintes/wp-content/uploads/sites/3/2024/04/Homelie-Jeudi-4-avril-2024-soiree-des-benevoles-1.pdf">Homélie 4 avril 2024 &#8211; Soirée des bénévoles</a></p>
<p><a href="https://catholiques17.fr/saintes/wp-content/uploads/sites/3/2024/04/Paques-2024.pdf">Homélie du 31 mars 2024 &#8211; Pâques</a></p>
<p><a href="https://catholiques17.fr/saintes/wp-content/uploads/sites/3/2023/11/HOMELIE-DU-33eEme-DIMAMCHE-DU-TEMPS-ORDINAIRE.pdf" target="_blank" rel="noopener">Homélie du 19 novembre 2023</a></p>
<p>[/et_pb_text][et_pb_text _builder_version= »4.21.0&Prime; _module_preset= »default » global_colors_info= »{} » theme_builder_area= »post_content »]</p>
<p><a href="https://catholiques17.fr/saintes/wp-content/uploads/sites/3/2023/11/Etre-prevoyant-en-vue-du-Royaume-de-Dieu.pdf" target="_blank" rel="noopener">Homélie du 12 novembre 2023</a></p>
<p>[/et_pb_text][et_pb_text _builder_version= »4.21.0&Prime; _module_preset= »default » global_colors_info= »{} » theme_builder_area= »post_content »]</p>
<p><a href="https://catholiques17.fr/saintes/wp-content/uploads/sites/3/2023/11/Homelie-2-novembre.pdf" target="_blank" rel="noopener">Homélie du 2 novembre 2023 &#8211; messe pour les défunts</a></p>
<p>[/et_pb_text][et_pb_text _builder_version= »4.21.0&Prime; _module_preset= »default » global_colors_info= »{} » theme_builder_area= »post_content »]</p>
<p><a href="https://catholiques17.fr/saintes/wp-content/uploads/sites/3/2023/11/1er-nov-2023-Toussaint.pdf" target="_blank" rel="noopener">Homélie du 1er novembre 2023 &#8211; fête de la TOUSSAINT</a></p>
<p>[/et_pb_text][/et_pb_column][/et_pb_row][/et_pb_section]</p>

<p>28 septembre 2025 &#8211; rentrée paroissiale &#8211; 26ème dim temps ordinaire  21 septembre 2025 &#8211; 25ème dim du temps ordinaire année C  13 septembre 2025 &#8211; fête de la croix [&hellip;]</p>
