{"id":6939,"date":"2022-11-10T15:35:03","date_gmt":"2022-11-10T14:35:03","guid":{"rendered":"https:\/\/catholiques17.fr\/saintes\/?page_id=6939"},"modified":"2022-11-28T10:25:05","modified_gmt":"2022-11-28T09:25:05","slug":"nieul-les-saintes","status":"publish","type":"page","link":"https:\/\/catholiques17.fr\/saintes\/paroisse-rive-gauche\/nos-clochers-rg\/nieul-les-saintes\/","title":{"rendered":"Nieul les Saintes"},"content":{"rendered":"<p>[et_pb_section fb_built=\u00a0\u00bb1&Prime; _builder_version=\u00a0\u00bb4.17.6&Prime; _module_preset=\u00a0\u00bbdefault\u00a0\u00bb custom_padding=\u00a0\u00bb32px|||||\u00a0\u00bb global_colors_info=\u00a0\u00bb{}\u00a0\u00bb theme_builder_area=\u00a0\u00bbet_body_layout\u00a0\u00bb][et_pb_row _builder_version=\u00a0\u00bb4.17.6&Prime; _module_preset=\u00a0\u00bbdefault\u00a0\u00bb custom_padding=\u00a0\u00bb3px|||||\u00a0\u00bb global_colors_info=\u00a0\u00bb{}\u00a0\u00bb theme_builder_area=\u00a0\u00bbet_body_layout\u00a0\u00bb][et_pb_column type=\u00a0\u00bb4_4&Prime; _builder_version=\u00a0\u00bb4.17.6&Prime; _module_preset=\u00a0\u00bbdefault\u00a0\u00bb global_colors_info=\u00a0\u00bb{}\u00a0\u00bb theme_builder_area=\u00a0\u00bbet_body_layout\u00a0\u00bb][et_pb_image src=\u00a0\u00bbhttps:\/\/catholiques17.fr\/saintes\/wp-content\/uploads\/sites\/3\/2022\/11\/1-7.jpg\u00a0\u00bb title_text=\u00a0\u00bb1&Prime; align=\u00a0\u00bbcenter\u00a0\u00bb _builder_version=\u00a0\u00bb4.17.6&Prime; _module_preset=\u00a0\u00bbdefault\u00a0\u00bb animation_style=\u00a0\u00bbslide\u00a0\u00bb hover_enabled=\u00a0\u00bb0&Prime; border_radii=\u00a0\u00bbon|20px|20px|20px|20px\u00a0\u00bb global_colors_info=\u00a0\u00bb{}\u00a0\u00bb theme_builder_area=\u00a0\u00bbet_body_layout\u00a0\u00bb sticky_enabled=\u00a0\u00bb0&Prime;][\/et_pb_image][\/et_pb_column][\/et_pb_row][et_pb_row _builder_version=\u00a0\u00bb4.17.6&Prime; _module_preset=\u00a0\u00bbdefault\u00a0\u00bb global_colors_info=\u00a0\u00bb{}\u00a0\u00bb theme_builder_area=\u00a0\u00bbet_body_layout\u00a0\u00bb][et_pb_column type=\u00a0\u00bb4_4&Prime; _builder_version=\u00a0\u00bb4.17.6&Prime; _module_preset=\u00a0\u00bbdefault\u00a0\u00bb global_colors_info=\u00a0\u00bb{}\u00a0\u00bb theme_builder_area=\u00a0\u00bbet_body_layout\u00a0\u00bb][et_pb_text _builder_version=\u00a0\u00bb4.17.6&Prime; _module_preset=\u00a0\u00bbdefault\u00a0\u00bb hover_enabled=\u00a0\u00bb0&Prime; global_colors_info=\u00a0\u00bb{}\u00a0\u00bb theme_builder_area=\u00a0\u00bbet_body_layout\u00a0\u00bb sticky_enabled=\u00a0\u00bb0&Prime;]<\/p>\n<p><span>Le<\/span><strong><span>\u00a0<\/span><\/strong><span>plan de cette \u00e9glise du XIIe si\u00e8cle est classique, avec une nef unique sans transept.<\/span><br \/><span>Les deux chapelles lat\u00e9rales, qui semblent \u00eatre des bras de transept, sont des adjonctions n\u00e9o-romanes du XIXe si\u00e8cle tout comme la sacristie install\u00e9e derri\u00e8re le chevet. Le clocher octogonal a \u00e9t\u00e9 modifi\u00e9 au XVIIe si\u00e8cle.<\/span><br \/><span>Si la nef et le ch\u0153ur sont couverts d&rsquo;un berceau bris\u00e9, la trav\u00e9e sous clocher pr\u00e9sente, quant \u00e0 elle, une exceptionnelle coupole nerv\u00e9e qui est un compromis entre la coupole et la crois\u00e9e d&rsquo;ogive primitive.<\/span><br \/><span>Les chapiteaux int\u00e9rieurs sont \u00e0 rapprocher, par leurs th\u00e8mes fantastiques, de ceux de Saint-Georges des C\u00f4teaux.<\/span><br \/><span>On retiendra surtout les sculptures du portail roman remani\u00e9 au XVe si\u00e8cle, inscrit dans un avant-corps. Les chapiteaux et surtout la voussure sup\u00e9rieure du portail offrent une des pages les plus savoureuses de l&rsquo;art roman saintongeais. Sur la voussure, une interpr\u00e9tation na\u00efve des Vieillards de l&rsquo;Apocalypse, tels qu&rsquo;on peut aussi les voir \u00e0 l&rsquo;abbaye-aux-Dames de Saintes et \u00e0 l&rsquo;\u00e9glise d&rsquo;Aulnay, donne l&rsquo;impression d&rsquo;une sarabande par la repr\u00e9sentation maladroite de la position assise des Vieillards.<\/span><br \/><span>Dans les\u00a0<\/span><span class=\"bordure-pointillee\"><a target=\"_blank\" href=\"http:\/\/ch.lerolle.free.fr\/eglises17\/lexique.php#:~:text=%C3%A9coin%C3%A7on\" rel=\"noopener\">\u00e9coin\u00e7ons<\/a><\/span><span>\u00a0du portail, deux reliefs repr\u00e9sentent des lions qui d\u00e9vorent des personnages comme \u00e0 La Clisse et \u00e0 Saint-Sulpice-d&rsquo;Amoult.<\/span><\/p>\n<p><span>A l&rsquo;int\u00e9rieur, un beau tableau du peintre Bragny, dat\u00e9 de 1646, repr\u00e9sente Saint-Martin partageant son manteau.<\/span><br \/><span class=\"cyan gras\">St Martin:<\/span><span>\u00a0\u00a0\u00bb CE TABLEAU A ETE DONNE A L&rsquo;EGLISE DE NIEVILH PAR MONSIEUR MARYON LIEUTENAN DES CHIRURGIENS DE XAINTONGE. FAIT A XAINTES PAR BRAGNY 1656.\u00a0\u00bb<\/span><\/p>\n<p><span>Class\u00e9e monument historique le 21 janvier 1907<\/span><\/p>\n<p>[\/et_pb_text][\/et_pb_column][\/et_pb_row][et_pb_row column_structure=\u00a0\u00bb1_4,1_4,1_4,1_4&Prime; _builder_version=\u00a0\u00bb4.17.6&Prime; _module_preset=\u00a0\u00bbdefault\u00a0\u00bb global_colors_info=\u00a0\u00bb{}\u00a0\u00bb theme_builder_area=\u00a0\u00bbet_body_layout\u00a0\u00bb][et_pb_column type=\u00a0\u00bb1_4&Prime; _builder_version=\u00a0\u00bb4.17.6&Prime; _module_preset=\u00a0\u00bbdefault\u00a0\u00bb global_colors_info=\u00a0\u00bb{}\u00a0\u00bb theme_builder_area=\u00a0\u00bbet_body_layout\u00a0\u00bb][et_pb_image src=\u00a0\u00bbhttps:\/\/catholiques17.fr\/saintes\/wp-content\/uploads\/sites\/3\/2022\/11\/2-5.jpg\u00a0\u00bb title_text=\u00a0\u00bb2&Prime; show_in_lightbox=\u00a0\u00bbon\u00a0\u00bb _builder_version=\u00a0\u00bb4.17.6&Prime; _module_preset=\u00a0\u00bbdefault\u00a0\u00bb animation_style=\u00a0\u00bbslide\u00a0\u00bb hover_enabled=\u00a0\u00bb0&Prime; border_radii=\u00a0\u00bbon|20px|20px|20px|20px\u00a0\u00bb global_colors_info=\u00a0\u00bb{}\u00a0\u00bb theme_builder_area=\u00a0\u00bbet_body_layout\u00a0\u00bb sticky_enabled=\u00a0\u00bb0&Prime;][\/et_pb_image][\/et_pb_column][et_pb_column type=\u00a0\u00bb1_4&Prime; _builder_version=\u00a0\u00bb4.17.6&Prime; _module_preset=\u00a0\u00bbdefault\u00a0\u00bb global_colors_info=\u00a0\u00bb{}\u00a0\u00bb theme_builder_area=\u00a0\u00bbet_body_layout\u00a0\u00bb][et_pb_image src=\u00a0\u00bbhttps:\/\/catholiques17.fr\/saintes\/wp-content\/uploads\/sites\/3\/2022\/11\/3-6.jpg\u00a0\u00bb title_text=\u00a0\u00bb3&Prime; show_in_lightbox=\u00a0\u00bbon\u00a0\u00bb _builder_version=\u00a0\u00bb4.17.6&Prime; _module_preset=\u00a0\u00bbdefault\u00a0\u00bb animation_style=\u00a0\u00bbslide\u00a0\u00bb hover_enabled=\u00a0\u00bb0&Prime; border_radii=\u00a0\u00bbon|20px|20px|20px|20px\u00a0\u00bb global_colors_info=\u00a0\u00bb{}\u00a0\u00bb theme_builder_area=\u00a0\u00bbet_body_layout\u00a0\u00bb sticky_enabled=\u00a0\u00bb0&Prime;][\/et_pb_image][\/et_pb_column][et_pb_column type=\u00a0\u00bb1_4&Prime; _builder_version=\u00a0\u00bb4.17.6&Prime; _module_preset=\u00a0\u00bbdefault\u00a0\u00bb global_colors_info=\u00a0\u00bb{}\u00a0\u00bb theme_builder_area=\u00a0\u00bbet_body_layout\u00a0\u00bb][et_pb_image src=\u00a0\u00bbhttps:\/\/catholiques17.fr\/saintes\/wp-content\/uploads\/sites\/3\/2022\/11\/4-6.jpg\u00a0\u00bb title_text=\u00a0\u00bb4&Prime; show_in_lightbox=\u00a0\u00bbon\u00a0\u00bb _builder_version=\u00a0\u00bb4.17.6&Prime; _module_preset=\u00a0\u00bbdefault\u00a0\u00bb animation_style=\u00a0\u00bbslide\u00a0\u00bb hover_enabled=\u00a0\u00bb0&Prime; border_radii=\u00a0\u00bbon|20px|20px|20px|20px\u00a0\u00bb global_colors_info=\u00a0\u00bb{}\u00a0\u00bb theme_builder_area=\u00a0\u00bbet_body_layout\u00a0\u00bb sticky_enabled=\u00a0\u00bb0&Prime;][\/et_pb_image][\/et_pb_column][et_pb_column type=\u00a0\u00bb1_4&Prime; _builder_version=\u00a0\u00bb4.17.6&Prime; _module_preset=\u00a0\u00bbdefault\u00a0\u00bb global_colors_info=\u00a0\u00bb{}\u00a0\u00bb theme_builder_area=\u00a0\u00bbet_body_layout\u00a0\u00bb][et_pb_image src=\u00a0\u00bbhttps:\/\/catholiques17.fr\/saintes\/wp-content\/uploads\/sites\/3\/2022\/11\/5-5.jpg\u00a0\u00bb title_text=\u00a0\u00bb5&Prime; show_in_lightbox=\u00a0\u00bbon\u00a0\u00bb _builder_version=\u00a0\u00bb4.17.6&Prime; _module_preset=\u00a0\u00bbdefault\u00a0\u00bb animation_style=\u00a0\u00bbslide\u00a0\u00bb hover_enabled=\u00a0\u00bb0&Prime; border_radii=\u00a0\u00bbon|20px|20px|20px|20px\u00a0\u00bb global_colors_info=\u00a0\u00bb{}\u00a0\u00bb theme_builder_area=\u00a0\u00bbet_body_layout\u00a0\u00bb sticky_enabled=\u00a0\u00bb0&Prime;][\/et_pb_image][\/et_pb_column][\/et_pb_row][et_pb_row _builder_version=\u00a0\u00bb4.17.6&Prime; _module_preset=\u00a0\u00bbdefault\u00a0\u00bb theme_builder_area=\u00a0\u00bbet_body_layout\u00a0\u00bb column_structure=\u00a0\u00bb1_2,1_2&Prime;][et_pb_column _builder_version=\u00a0\u00bb4.17.6&Prime; _module_preset=\u00a0\u00bbdefault\u00a0\u00bb type=\u00a0\u00bb1_2&Prime; theme_builder_area=\u00a0\u00bbet_body_layout\u00a0\u00bb][et_pb_image src=\u00a0\u00bbhttps:\/\/catholiques17.fr\/saintes\/wp-content\/uploads\/sites\/3\/2022\/11\/7-1.jpg\u00a0\u00bb _builder_version=\u00a0\u00bb4.17.6&Prime; _module_preset=\u00a0\u00bbdefault\u00a0\u00bb theme_builder_area=\u00a0\u00bbet_body_layout\u00a0\u00bb title_text=\u00a0\u00bb7&Prime; hover_enabled=\u00a0\u00bb0&Prime; sticky_enabled=\u00a0\u00bb0&Prime; align=\u00a0\u00bbcenter\u00a0\u00bb][\/et_pb_image][\/et_pb_column][et_pb_column _builder_version=\u00a0\u00bb4.17.6&Prime; _module_preset=\u00a0\u00bbdefault\u00a0\u00bb type=\u00a0\u00bb1_2&Prime; theme_builder_area=\u00a0\u00bbet_body_layout\u00a0\u00bb][et_pb_image src=\u00a0\u00bbhttps:\/\/catholiques17.fr\/saintes\/wp-content\/uploads\/sites\/3\/2022\/11\/6-2.jpg\u00a0\u00bb _builder_version=\u00a0\u00bb4.17.6&Prime; _module_preset=\u00a0\u00bbdefault\u00a0\u00bb theme_builder_area=\u00a0\u00bbet_body_layout\u00a0\u00bb title_text=\u00a0\u00bb6&Prime; hover_enabled=\u00a0\u00bb0&Prime; sticky_enabled=\u00a0\u00bb0&Prime; align=\u00a0\u00bbcenter\u00a0\u00bb][\/et_pb_image][\/et_pb_column][\/et_pb_row][\/et_pb_section]<\/p>\n","protected":false},"excerpt":{"rendered":"<p>Le\u00a0plan de cette \u00e9glise du XIIe si\u00e8cle est classique, avec une nef unique sans transept.Les deux chapelles lat\u00e9rales, qui semblent \u00eatre des bras de transept, sont des adjonctions n\u00e9o-romanes du [&hellip;]<\/p>\n","protected":false},"author":4,"featured_media":0,"parent":6854,"menu_order":0,"comment_status":"closed","ping_status":"closed","template":"","meta":{"_et_pb_use_builder":"on","_et_pb_old_content":"<!-- wp:divi\/placeholder \/-->","_et_gb_content_width":"","footnotes":""},"class_list":["post-6939","page","type-page","status-publish","hentry"],"_links":{"self":[{"href":"https:\/\/catholiques17.fr\/saintes\/wp-json\/wp\/v2\/pages\/6939","targetHints":{"allow":["GET"]}}],"collection":[{"href":"https:\/\/catholiques17.fr\/saintes\/wp-json\/wp\/v2\/pages"}],"about":[{"href":"https:\/\/catholiques17.fr\/saintes\/wp-json\/wp\/v2\/types\/page"}],"author":[{"embeddable":true,"href":"https:\/\/catholiques17.fr\/saintes\/wp-json\/wp\/v2\/users\/4"}],"replies":[{"embeddable":true,"href":"https:\/\/catholiques17.fr\/saintes\/wp-json\/wp\/v2\/comments?post=6939"}],"version-history":[{"count":3,"href":"https:\/\/catholiques17.fr\/saintes\/wp-json\/wp\/v2\/pages\/6939\/revisions"}],"predecessor-version":[{"id":7390,"href":"https:\/\/catholiques17.fr\/saintes\/wp-json\/wp\/v2\/pages\/6939\/revisions\/7390"}],"up":[{"embeddable":true,"href":"https:\/\/catholiques17.fr\/saintes\/wp-json\/wp\/v2\/pages\/6854"}],"wp:attachment":[{"href":"https:\/\/catholiques17.fr\/saintes\/wp-json\/wp\/v2\/media?parent=6939"}],"curies":[{"name":"wp","href":"https:\/\/api.w.org\/{rel}","templated":true}]}}

<p>[et_pb_section fb_built= »1&Prime; _builder_version= »4.17.6&Prime; _module_preset= »default » custom_padding= »32px||||| » global_colors_info= »{} » theme_builder_area= »et_body_layout »][et_pb_row _builder_version= »4.17.6&Prime; _module_preset= »default » custom_padding= »3px||||| » global_colors_info= »{} » theme_builder_area= »et_body_layout »][et_pb_column type= »4_4&Prime; _builder_version= »4.17.6&Prime; _module_preset= »default » global_colors_info= »{} » theme_builder_area= »et_body_layout »][et_pb_image src= »https://catholiques17.fr/saintes/wp-content/uploads/sites/3/2022/11/1-7.jpg » title_text= »1&Prime; align= »center » _builder_version= »4.17.6&Prime; _module_preset= »default » animation_style= »slide » hover_enabled= »0&Prime; border_radii= »on|20px|20px|20px|20px » global_colors_info= »{} » theme_builder_area= »et_body_layout » sticky_enabled= »0&Prime;][/et_pb_image][/et_pb_column][/et_pb_row][et_pb_row _builder_version= »4.17.6&Prime; _module_preset= »default » global_colors_info= »{} » theme_builder_area= »et_body_layout »][et_pb_column type= »4_4&Prime; _builder_version= »4.17.6&Prime; _module_preset= »default » global_colors_info= »{} » theme_builder_area= »et_body_layout »][et_pb_text _builder_version= »4.17.6&Prime; _module_preset= »default » hover_enabled= »0&Prime; global_colors_info= »{} » theme_builder_area= »et_body_layout » sticky_enabled= »0&Prime;]</p>
<p><span>Le</span><strong><span> </span></strong><span>plan de cette église du XIIe siècle est classique, avec une nef unique sans transept.</span><br /><span>Les deux chapelles latérales, qui semblent être des bras de transept, sont des adjonctions néo-romanes du XIXe siècle tout comme la sacristie installée derrière le chevet. Le clocher octogonal a été modifié au XVIIe siècle.</span><br /><span>Si la nef et le chœur sont couverts d&rsquo;un berceau brisé, la travée sous clocher présente, quant à elle, une exceptionnelle coupole nervée qui est un compromis entre la coupole et la croisée d&rsquo;ogive primitive.</span><br /><span>Les chapiteaux intérieurs sont à rapprocher, par leurs thèmes fantastiques, de ceux de Saint-Georges des Côteaux.</span><br /><span>On retiendra surtout les sculptures du portail roman remanié au XVe siècle, inscrit dans un avant-corps. Les chapiteaux et surtout la voussure supérieure du portail offrent une des pages les plus savoureuses de l&rsquo;art roman saintongeais. Sur la voussure, une interprétation naïve des Vieillards de l&rsquo;Apocalypse, tels qu&rsquo;on peut aussi les voir à l&rsquo;abbaye-aux-Dames de Saintes et à l&rsquo;église d&rsquo;Aulnay, donne l&rsquo;impression d&rsquo;une sarabande par la représentation maladroite de la position assise des Vieillards.</span><br /><span>Dans les </span><span class="bordure-pointillee"><a target="_blank" href="http://ch.lerolle.free.fr/eglises17/lexique.php#:~:text=%C3%A9coin%C3%A7on" rel="noopener">écoinçons</a></span><span> du portail, deux reliefs représentent des lions qui dévorent des personnages comme à La Clisse et à Saint-Sulpice-d&rsquo;Amoult.</span></p>
<p><span>A l&rsquo;intérieur, un beau tableau du peintre Bragny, daté de 1646, représente Saint-Martin partageant son manteau.</span><br /><span class="cyan gras">St Martin:</span><span>  » CE TABLEAU A ETE DONNE A L&rsquo;EGLISE DE NIEVILH PAR MONSIEUR MARYON LIEUTENAN DES CHIRURGIENS DE XAINTONGE. FAIT A XAINTES PAR BRAGNY 1656. »</span></p>
<p><span>Classée monument historique le 21 janvier 1907</span></p>
<p>[/et_pb_text][/et_pb_column][/et_pb_row][et_pb_row column_structure= »1_4,1_4,1_4,1_4&Prime; _builder_version= »4.17.6&Prime; _module_preset= »default » global_colors_info= »{} » theme_builder_area= »et_body_layout »][et_pb_column type= »1_4&Prime; _builder_version= »4.17.6&Prime; _module_preset= »default » global_colors_info= »{} » theme_builder_area= »et_body_layout »][et_pb_image src= »https://catholiques17.fr/saintes/wp-content/uploads/sites/3/2022/11/2-5.jpg » title_text= »2&Prime; show_in_lightbox= »on » _builder_version= »4.17.6&Prime; _module_preset= »default » animation_style= »slide » hover_enabled= »0&Prime; border_radii= »on|20px|20px|20px|20px » global_colors_info= »{} » theme_builder_area= »et_body_layout » sticky_enabled= »0&Prime;][/et_pb_image][/et_pb_column][et_pb_column type= »1_4&Prime; _builder_version= »4.17.6&Prime; _module_preset= »default » global_colors_info= »{} » theme_builder_area= »et_body_layout »][et_pb_image src= »https://catholiques17.fr/saintes/wp-content/uploads/sites/3/2022/11/3-6.jpg » title_text= »3&Prime; show_in_lightbox= »on » _builder_version= »4.17.6&Prime; _module_preset= »default » animation_style= »slide » hover_enabled= »0&Prime; border_radii= »on|20px|20px|20px|20px » global_colors_info= »{} » theme_builder_area= »et_body_layout » sticky_enabled= »0&Prime;][/et_pb_image][/et_pb_column][et_pb_column type= »1_4&Prime; _builder_version= »4.17.6&Prime; _module_preset= »default » global_colors_info= »{} » theme_builder_area= »et_body_layout »][et_pb_image src= »https://catholiques17.fr/saintes/wp-content/uploads/sites/3/2022/11/4-6.jpg » title_text= »4&Prime; show_in_lightbox= »on » _builder_version= »4.17.6&Prime; _module_preset= »default » animation_style= »slide » hover_enabled= »0&Prime; border_radii= »on|20px|20px|20px|20px » global_colors_info= »{} » theme_builder_area= »et_body_layout » sticky_enabled= »0&Prime;][/et_pb_image][/et_pb_column][et_pb_column type= »1_4&Prime; _builder_version= »4.17.6&Prime; _module_preset= »default » global_colors_info= »{} » theme_builder_area= »et_body_layout »][et_pb_image src= »https://catholiques17.fr/saintes/wp-content/uploads/sites/3/2022/11/5-5.jpg » title_text= »5&Prime; show_in_lightbox= »on » _builder_version= »4.17.6&Prime; _module_preset= »default » animation_style= »slide » hover_enabled= »0&Prime; border_radii= »on|20px|20px|20px|20px » global_colors_info= »{} » theme_builder_area= »et_body_layout » sticky_enabled= »0&Prime;][/et_pb_image][/et_pb_column][/et_pb_row][et_pb_row _builder_version= »4.17.6&Prime; _module_preset= »default » theme_builder_area= »et_body_layout » column_structure= »1_2,1_2&Prime;][et_pb_column _builder_version= »4.17.6&Prime; _module_preset= »default » type= »1_2&Prime; theme_builder_area= »et_body_layout »][et_pb_image src= »https://catholiques17.fr/saintes/wp-content/uploads/sites/3/2022/11/7-1.jpg » _builder_version= »4.17.6&Prime; _module_preset= »default » theme_builder_area= »et_body_layout » title_text= »7&Prime; hover_enabled= »0&Prime; sticky_enabled= »0&Prime; align= »center »][/et_pb_image][/et_pb_column][et_pb_column _builder_version= »4.17.6&Prime; _module_preset= »default » type= »1_2&Prime; theme_builder_area= »et_body_layout »][et_pb_image src= »https://catholiques17.fr/saintes/wp-content/uploads/sites/3/2022/11/6-2.jpg » _builder_version= »4.17.6&Prime; _module_preset= »default » theme_builder_area= »et_body_layout » title_text= »6&Prime; hover_enabled= »0&Prime; sticky_enabled= »0&Prime; align= »center »][/et_pb_image][/et_pb_column][/et_pb_row][/et_pb_section]</p>

<p>Le plan de cette église du XIIe siècle est classique, avec une nef unique sans transept.Les deux chapelles latérales, qui semblent être des bras de transept, sont des adjonctions néo-romanes du [&hellip;]</p>
