{"id":6925,"date":"2022-11-10T15:33:17","date_gmt":"2022-11-10T14:33:17","guid":{"rendered":"https:\/\/catholiques17.fr\/saintes\/?page_id=6925"},"modified":"2022-11-12T19:31:33","modified_gmt":"2022-11-12T18:31:33","slug":"st-pallais-3","status":"publish","type":"page","link":"https:\/\/catholiques17.fr\/saintes\/paroisse-rive-droite\/nos-clochers-rd\/st-pallais-3\/","title":{"rendered":"St Pallais"},"content":{"rendered":"<p>[et_pb_section fb_built=\u00a0\u00bb1&Prime; _builder_version=\u00a0\u00bb4.17.6&Prime; _module_preset=\u00a0\u00bbdefault\u00a0\u00bb custom_padding=\u00a0\u00bb32px|||||\u00a0\u00bb global_colors_info=\u00a0\u00bb{}\u00a0\u00bb theme_builder_area=\u00a0\u00bbet_body_layout\u00a0\u00bb][et_pb_row _builder_version=\u00a0\u00bb4.17.6&Prime; _module_preset=\u00a0\u00bbdefault\u00a0\u00bb custom_padding=\u00a0\u00bb3px|||||\u00a0\u00bb global_colors_info=\u00a0\u00bb{}\u00a0\u00bb theme_builder_area=\u00a0\u00bbet_body_layout\u00a0\u00bb][et_pb_column type=\u00a0\u00bb4_4&Prime; _builder_version=\u00a0\u00bb4.17.6&Prime; _module_preset=\u00a0\u00bbdefault\u00a0\u00bb global_colors_info=\u00a0\u00bb{}\u00a0\u00bb theme_builder_area=\u00a0\u00bbet_body_layout\u00a0\u00bb][et_pb_image src=\u00a0\u00bbhttps:\/\/catholiques17.fr\/saintes\/wp-content\/uploads\/sites\/3\/2022\/11\/St-Pallais1.jpg\u00a0\u00bb title_text=\u00a0\u00bbSt Pallais1&Prime; align=\u00a0\u00bbcenter\u00a0\u00bb _builder_version=\u00a0\u00bb4.17.6&Prime; _module_preset=\u00a0\u00bbdefault\u00a0\u00bb animation_style=\u00a0\u00bbslide\u00a0\u00bb hover_enabled=\u00a0\u00bb0&Prime; border_radii=\u00a0\u00bbon|20px|20px|20px|20px\u00a0\u00bb global_colors_info=\u00a0\u00bb{}\u00a0\u00bb theme_builder_area=\u00a0\u00bbet_body_layout\u00a0\u00bb sticky_enabled=\u00a0\u00bb0&Prime;][\/et_pb_image][\/et_pb_column][\/et_pb_row][et_pb_row _builder_version=\u00a0\u00bb4.17.6&Prime; _module_preset=\u00a0\u00bbdefault\u00a0\u00bb global_colors_info=\u00a0\u00bb{}\u00a0\u00bb theme_builder_area=\u00a0\u00bbet_body_layout\u00a0\u00bb][et_pb_column type=\u00a0\u00bb4_4&Prime; _builder_version=\u00a0\u00bb4.17.6&Prime; _module_preset=\u00a0\u00bbdefault\u00a0\u00bb global_colors_info=\u00a0\u00bb{}\u00a0\u00bb theme_builder_area=\u00a0\u00bbet_body_layout\u00a0\u00bb][et_pb_text _builder_version=\u00a0\u00bb4.17.6&Prime; _module_preset=\u00a0\u00bbdefault\u00a0\u00bb hover_enabled=\u00a0\u00bb0&Prime; global_colors_info=\u00a0\u00bb{}\u00a0\u00bb theme_builder_area=\u00a0\u00bbet_body_layout\u00a0\u00bb sticky_enabled=\u00a0\u00bb0&Prime;]<\/p>\n<p><span class=\"cyan gras\">L\u2019\u00e9glise Saint-Palais<\/span><span>\u00a0est l&rsquo;h\u00e9riti\u00e8re du sanctuaire fun\u00e9raire de Saint Pallais, l&rsquo;\u00e9v\u00eaque de Saintes, Palladius<\/span><em>,<span>\u00a0<\/span><\/em><span>qui fut enterr\u00e9 au VIe si\u00e8cle dans la n\u00e9cropole antique du bord de la voie romaine menant au pont. La place Saint-Pallais \u00e9tait d&rsquo;ailleurs encore un cimeti\u00e8re jusqu\u2019au XVIIIe si\u00e8cle.<\/span><br \/><span>L\u2019\u00e9glise paroissiale du faubourg, d\u00e9pendait de l\u2019Abbaye-aux-Dames depuis la fondation de celle-ci en 1047, et c&rsquo;est l&rsquo;abbesse qui en nommait le cur\u00e9. L&rsquo;\u00e9difice actuel est issu de plusieurs phases de construction, du XIIe aux XVe si\u00e8cles.<\/span><br \/><span class=\"cyan gras\">Le clocher lat\u00e9ral<\/span><span>, dispos\u00e9 sur le bras nord du transept et dont il ne subsiste que la partie inf\u00e9rieure, pourrait \u00eatre du d\u00e9but du XIIe si\u00e8cle.<\/span><br \/><span class=\"cyan gras\">Les murs de la nef<\/span><span>\u00a0avaient \u00e9t\u00e9 construits apr\u00e8s 1150 pour recevoir une vo\u00fbte en bernacle, comme en t\u00e9moignent les colonnes \u00e0 chapiteaux romans encore en place \u00e0 l&rsquo;int\u00e9rieur. Mais on adapta ces murs \u00e0 un couvrement \u00e0 deux grandes crois\u00e9es d&rsquo;ogives, en les .surhaussant et en abandonnant une colonne sur deux, sans doute \u00e0 la fin du si\u00e8cle. De petits culs-de-lampe furent ajout\u00e9s pour recevoir 1es retomb\u00e9es des nervures. Le ch\u0153ur rectangulaire fut construit sans doute dans le prolongement de ce chantier, au d\u00e9but du XIIIe si\u00e8cle. L\u00e0, les murs et leurs supports ont \u00e9t\u00e9 con\u00e7us d\u00e8s l&rsquo;origine pour s&rsquo;adapter au vo\u00fbtement gothique.<\/span><br \/><span>Enfin, au XVe si\u00e8cle, une grande baie flamboyante fut ouverte au chevet, tandis que les murs, et en particulier la fa\u00e7ade, \u00e9taient \u00e9paul\u00e9s par de lourds contreforts. Le portail, malheureusement mutil\u00e9, est un t\u00e9moin de l&rsquo;art de transition entre sculpture romane et gothique.<\/span><\/p>\n<p>[\/et_pb_text][\/et_pb_column][\/et_pb_row][et_pb_row column_structure=\u00a0\u00bb1_4,1_4,1_4,1_4&Prime; _builder_version=\u00a0\u00bb4.17.6&Prime; _module_preset=\u00a0\u00bbdefault\u00a0\u00bb global_colors_info=\u00a0\u00bb{}\u00a0\u00bb theme_builder_area=\u00a0\u00bbet_body_layout\u00a0\u00bb][et_pb_column type=\u00a0\u00bb1_4&Prime; _builder_version=\u00a0\u00bb4.17.6&Prime; _module_preset=\u00a0\u00bbdefault\u00a0\u00bb global_colors_info=\u00a0\u00bb{}\u00a0\u00bb theme_builder_area=\u00a0\u00bbet_body_layout\u00a0\u00bb][et_pb_image src=\u00a0\u00bbhttps:\/\/catholiques17.fr\/saintes\/wp-content\/uploads\/sites\/3\/2022\/11\/S-pallais2.jpg\u00a0\u00bb title_text=\u00a0\u00bbS pallais2&Prime; show_in_lightbox=\u00a0\u00bbon\u00a0\u00bb _builder_version=\u00a0\u00bb4.17.6&Prime; _module_preset=\u00a0\u00bbdefault\u00a0\u00bb animation_style=\u00a0\u00bbslide\u00a0\u00bb hover_enabled=\u00a0\u00bb0&Prime; border_radii=\u00a0\u00bbon|20px|20px|20px|20px\u00a0\u00bb global_colors_info=\u00a0\u00bb{}\u00a0\u00bb theme_builder_area=\u00a0\u00bbet_body_layout\u00a0\u00bb sticky_enabled=\u00a0\u00bb0&Prime;][\/et_pb_image][\/et_pb_column][et_pb_column type=\u00a0\u00bb1_4&Prime; _builder_version=\u00a0\u00bb4.17.6&Prime; _module_preset=\u00a0\u00bbdefault\u00a0\u00bb global_colors_info=\u00a0\u00bb{}\u00a0\u00bb theme_builder_area=\u00a0\u00bbet_body_layout\u00a0\u00bb][et_pb_image src=\u00a0\u00bbhttps:\/\/catholiques17.fr\/saintes\/wp-content\/uploads\/sites\/3\/2022\/11\/St-pallais3.jpg\u00a0\u00bb title_text=\u00a0\u00bbSt pallais3&Prime; show_in_lightbox=\u00a0\u00bbon\u00a0\u00bb _builder_version=\u00a0\u00bb4.17.6&Prime; _module_preset=\u00a0\u00bbdefault\u00a0\u00bb animation_style=\u00a0\u00bbslide\u00a0\u00bb hover_enabled=\u00a0\u00bb0&Prime; border_radii=\u00a0\u00bbon|20px|20px|20px|20px\u00a0\u00bb global_colors_info=\u00a0\u00bb{}\u00a0\u00bb theme_builder_area=\u00a0\u00bbet_body_layout\u00a0\u00bb sticky_enabled=\u00a0\u00bb0&Prime;][\/et_pb_image][\/et_pb_column][et_pb_column type=\u00a0\u00bb1_4&Prime; _builder_version=\u00a0\u00bb4.17.6&Prime; _module_preset=\u00a0\u00bbdefault\u00a0\u00bb global_colors_info=\u00a0\u00bb{}\u00a0\u00bb theme_builder_area=\u00a0\u00bbet_body_layout\u00a0\u00bb][et_pb_image src=\u00a0\u00bbhttps:\/\/catholiques17.fr\/saintes\/wp-content\/uploads\/sites\/3\/2022\/11\/St-pallais4.jpg\u00a0\u00bb title_text=\u00a0\u00bbSt pallais4&Prime; show_in_lightbox=\u00a0\u00bbon\u00a0\u00bb _builder_version=\u00a0\u00bb4.17.6&Prime; _module_preset=\u00a0\u00bbdefault\u00a0\u00bb animation_style=\u00a0\u00bbslide\u00a0\u00bb hover_enabled=\u00a0\u00bb0&Prime; border_radii=\u00a0\u00bbon|20px|20px|20px|20px\u00a0\u00bb global_colors_info=\u00a0\u00bb{}\u00a0\u00bb theme_builder_area=\u00a0\u00bbet_body_layout\u00a0\u00bb sticky_enabled=\u00a0\u00bb0&Prime;][\/et_pb_image][\/et_pb_column][et_pb_column type=\u00a0\u00bb1_4&Prime; _builder_version=\u00a0\u00bb4.17.6&Prime; _module_preset=\u00a0\u00bbdefault\u00a0\u00bb global_colors_info=\u00a0\u00bb{}\u00a0\u00bb theme_builder_area=\u00a0\u00bbet_body_layout\u00a0\u00bb][et_pb_image src=\u00a0\u00bbhttps:\/\/catholiques17.fr\/saintes\/wp-content\/uploads\/sites\/3\/2022\/11\/St-pallais5.jpg\u00a0\u00bb title_text=\u00a0\u00bbSt pallais5&Prime; show_in_lightbox=\u00a0\u00bbon\u00a0\u00bb _builder_version=\u00a0\u00bb4.17.6&Prime; _module_preset=\u00a0\u00bbdefault\u00a0\u00bb animation_style=\u00a0\u00bbslide\u00a0\u00bb hover_enabled=\u00a0\u00bb0&Prime; border_radii=\u00a0\u00bbon|20px|20px|20px|20px\u00a0\u00bb global_colors_info=\u00a0\u00bb{}\u00a0\u00bb theme_builder_area=\u00a0\u00bbet_body_layout\u00a0\u00bb sticky_enabled=\u00a0\u00bb0&Prime;][\/et_pb_image][\/et_pb_column][\/et_pb_row][\/et_pb_section]<\/p>\n","protected":false},"excerpt":{"rendered":"<p>L\u2019\u00e9glise Saint-Palais\u00a0est l&rsquo;h\u00e9riti\u00e8re du sanctuaire fun\u00e9raire de Saint Pallais, l&rsquo;\u00e9v\u00eaque de Saintes, Palladius,\u00a0qui fut enterr\u00e9 au VIe si\u00e8cle dans la n\u00e9cropole antique du bord de la voie romaine menant au [&hellip;]<\/p>\n","protected":false},"author":4,"featured_media":0,"parent":6852,"menu_order":0,"comment_status":"closed","ping_status":"closed","template":"","meta":{"_et_pb_use_builder":"on","_et_pb_old_content":"<!-- wp:divi\/placeholder \/-->","_et_gb_content_width":"","footnotes":""},"class_list":["post-6925","page","type-page","status-publish","hentry"],"_links":{"self":[{"href":"https:\/\/catholiques17.fr\/saintes\/wp-json\/wp\/v2\/pages\/6925","targetHints":{"allow":["GET"]}}],"collection":[{"href":"https:\/\/catholiques17.fr\/saintes\/wp-json\/wp\/v2\/pages"}],"about":[{"href":"https:\/\/catholiques17.fr\/saintes\/wp-json\/wp\/v2\/types\/page"}],"author":[{"embeddable":true,"href":"https:\/\/catholiques17.fr\/saintes\/wp-json\/wp\/v2\/users\/4"}],"replies":[{"embeddable":true,"href":"https:\/\/catholiques17.fr\/saintes\/wp-json\/wp\/v2\/comments?post=6925"}],"version-history":[{"count":3,"href":"https:\/\/catholiques17.fr\/saintes\/wp-json\/wp\/v2\/pages\/6925\/revisions"}],"predecessor-version":[{"id":7170,"href":"https:\/\/catholiques17.fr\/saintes\/wp-json\/wp\/v2\/pages\/6925\/revisions\/7170"}],"up":[{"embeddable":true,"href":"https:\/\/catholiques17.fr\/saintes\/wp-json\/wp\/v2\/pages\/6852"}],"wp:attachment":[{"href":"https:\/\/catholiques17.fr\/saintes\/wp-json\/wp\/v2\/media?parent=6925"}],"curies":[{"name":"wp","href":"https:\/\/api.w.org\/{rel}","templated":true}]}}

<p>[et_pb_section fb_built= »1&Prime; _builder_version= »4.17.6&Prime; _module_preset= »default » custom_padding= »32px||||| » global_colors_info= »{} » theme_builder_area= »et_body_layout »][et_pb_row _builder_version= »4.17.6&Prime; _module_preset= »default » custom_padding= »3px||||| » global_colors_info= »{} » theme_builder_area= »et_body_layout »][et_pb_column type= »4_4&Prime; _builder_version= »4.17.6&Prime; _module_preset= »default » global_colors_info= »{} » theme_builder_area= »et_body_layout »][et_pb_image src= »https://catholiques17.fr/saintes/wp-content/uploads/sites/3/2022/11/St-Pallais1.jpg » title_text= »St Pallais1&Prime; align= »center » _builder_version= »4.17.6&Prime; _module_preset= »default » animation_style= »slide » hover_enabled= »0&Prime; border_radii= »on|20px|20px|20px|20px » global_colors_info= »{} » theme_builder_area= »et_body_layout » sticky_enabled= »0&Prime;][/et_pb_image][/et_pb_column][/et_pb_row][et_pb_row _builder_version= »4.17.6&Prime; _module_preset= »default » global_colors_info= »{} » theme_builder_area= »et_body_layout »][et_pb_column type= »4_4&Prime; _builder_version= »4.17.6&Prime; _module_preset= »default » global_colors_info= »{} » theme_builder_area= »et_body_layout »][et_pb_text _builder_version= »4.17.6&Prime; _module_preset= »default » hover_enabled= »0&Prime; global_colors_info= »{} » theme_builder_area= »et_body_layout » sticky_enabled= »0&Prime;]</p>
<p><span class="cyan gras">L’église Saint-Palais</span><span> est l&rsquo;héritière du sanctuaire funéraire de Saint Pallais, l&rsquo;évêque de Saintes, Palladius</span><em>,<span> </span></em><span>qui fut enterré au VIe siècle dans la nécropole antique du bord de la voie romaine menant au pont. La place Saint-Pallais était d&rsquo;ailleurs encore un cimetière jusqu’au XVIIIe siècle.</span><br /><span>L’église paroissiale du faubourg, dépendait de l’Abbaye-aux-Dames depuis la fondation de celle-ci en 1047, et c&rsquo;est l&rsquo;abbesse qui en nommait le curé. L&rsquo;édifice actuel est issu de plusieurs phases de construction, du XIIe aux XVe siècles.</span><br /><span class="cyan gras">Le clocher latéral</span><span>, disposé sur le bras nord du transept et dont il ne subsiste que la partie inférieure, pourrait être du début du XIIe siècle.</span><br /><span class="cyan gras">Les murs de la nef</span><span> avaient été construits après 1150 pour recevoir une voûte en bernacle, comme en témoignent les colonnes à chapiteaux romans encore en place à l&rsquo;intérieur. Mais on adapta ces murs à un couvrement à deux grandes croisées d&rsquo;ogives, en les .surhaussant et en abandonnant une colonne sur deux, sans doute à la fin du siècle. De petits culs-de-lampe furent ajoutés pour recevoir 1es retombées des nervures. Le chœur rectangulaire fut construit sans doute dans le prolongement de ce chantier, au début du XIIIe siècle. Là, les murs et leurs supports ont été conçus dès l&rsquo;origine pour s&rsquo;adapter au voûtement gothique.</span><br /><span>Enfin, au XVe siècle, une grande baie flamboyante fut ouverte au chevet, tandis que les murs, et en particulier la façade, étaient épaulés par de lourds contreforts. Le portail, malheureusement mutilé, est un témoin de l&rsquo;art de transition entre sculpture romane et gothique.</span></p>
<p>[/et_pb_text][/et_pb_column][/et_pb_row][et_pb_row column_structure= »1_4,1_4,1_4,1_4&Prime; _builder_version= »4.17.6&Prime; _module_preset= »default » global_colors_info= »{} » theme_builder_area= »et_body_layout »][et_pb_column type= »1_4&Prime; _builder_version= »4.17.6&Prime; _module_preset= »default » global_colors_info= »{} » theme_builder_area= »et_body_layout »][et_pb_image src= »https://catholiques17.fr/saintes/wp-content/uploads/sites/3/2022/11/S-pallais2.jpg » title_text= »S pallais2&Prime; show_in_lightbox= »on » _builder_version= »4.17.6&Prime; _module_preset= »default » animation_style= »slide » hover_enabled= »0&Prime; border_radii= »on|20px|20px|20px|20px » global_colors_info= »{} » theme_builder_area= »et_body_layout » sticky_enabled= »0&Prime;][/et_pb_image][/et_pb_column][et_pb_column type= »1_4&Prime; _builder_version= »4.17.6&Prime; _module_preset= »default » global_colors_info= »{} » theme_builder_area= »et_body_layout »][et_pb_image src= »https://catholiques17.fr/saintes/wp-content/uploads/sites/3/2022/11/St-pallais3.jpg » title_text= »St pallais3&Prime; show_in_lightbox= »on » _builder_version= »4.17.6&Prime; _module_preset= »default » animation_style= »slide » hover_enabled= »0&Prime; border_radii= »on|20px|20px|20px|20px » global_colors_info= »{} » theme_builder_area= »et_body_layout » sticky_enabled= »0&Prime;][/et_pb_image][/et_pb_column][et_pb_column type= »1_4&Prime; _builder_version= »4.17.6&Prime; _module_preset= »default » global_colors_info= »{} » theme_builder_area= »et_body_layout »][et_pb_image src= »https://catholiques17.fr/saintes/wp-content/uploads/sites/3/2022/11/St-pallais4.jpg » title_text= »St pallais4&Prime; show_in_lightbox= »on » _builder_version= »4.17.6&Prime; _module_preset= »default » animation_style= »slide » hover_enabled= »0&Prime; border_radii= »on|20px|20px|20px|20px » global_colors_info= »{} » theme_builder_area= »et_body_layout » sticky_enabled= »0&Prime;][/et_pb_image][/et_pb_column][et_pb_column type= »1_4&Prime; _builder_version= »4.17.6&Prime; _module_preset= »default » global_colors_info= »{} » theme_builder_area= »et_body_layout »][et_pb_image src= »https://catholiques17.fr/saintes/wp-content/uploads/sites/3/2022/11/St-pallais5.jpg » title_text= »St pallais5&Prime; show_in_lightbox= »on » _builder_version= »4.17.6&Prime; _module_preset= »default » animation_style= »slide » hover_enabled= »0&Prime; border_radii= »on|20px|20px|20px|20px » global_colors_info= »{} » theme_builder_area= »et_body_layout » sticky_enabled= »0&Prime;][/et_pb_image][/et_pb_column][/et_pb_row][/et_pb_section]</p>

<p>L’église Saint-Palais est l&rsquo;héritière du sanctuaire funéraire de Saint Pallais, l&rsquo;évêque de Saintes, Palladius, qui fut enterré au VIe siècle dans la nécropole antique du bord de la voie romaine menant au [&hellip;]</p>
