{"id":6919,"date":"2022-11-10T15:32:26","date_gmt":"2022-11-10T14:32:26","guid":{"rendered":"https:\/\/catholiques17.fr\/saintes\/?page_id=6919"},"modified":"2022-11-12T19:17:39","modified_gmt":"2022-11-12T18:17:39","slug":"fontcouverte","status":"publish","type":"page","link":"https:\/\/catholiques17.fr\/saintes\/paroisse-rive-droite\/nos-clochers-rd\/fontcouverte\/","title":{"rendered":"Fontcouverte"},"content":{"rendered":"<p>[et_pb_section fb_built=\u00a0\u00bb1&Prime; _builder_version=\u00a0\u00bb4.17.6&Prime; _module_preset=\u00a0\u00bbdefault\u00a0\u00bb custom_padding=\u00a0\u00bb32px|||||\u00a0\u00bb global_colors_info=\u00a0\u00bb{}\u00a0\u00bb theme_builder_area=\u00a0\u00bbet_body_layout\u00a0\u00bb][et_pb_row _builder_version=\u00a0\u00bb4.17.6&Prime; _module_preset=\u00a0\u00bbdefault\u00a0\u00bb custom_padding=\u00a0\u00bb3px|||||\u00a0\u00bb global_colors_info=\u00a0\u00bb{}\u00a0\u00bb theme_builder_area=\u00a0\u00bbet_body_layout\u00a0\u00bb][et_pb_column type=\u00a0\u00bb4_4&Prime; _builder_version=\u00a0\u00bb4.17.6&Prime; _module_preset=\u00a0\u00bbdefault\u00a0\u00bb global_colors_info=\u00a0\u00bb{}\u00a0\u00bb theme_builder_area=\u00a0\u00bbet_body_layout\u00a0\u00bb][et_pb_image src=\u00a0\u00bbhttps:\/\/catholiques17.fr\/saintes\/wp-content\/uploads\/sites\/3\/2022\/11\/Fontcouverte1.jpg\u00a0\u00bb title_text=\u00a0\u00bbFontcouverte1&Prime; align=\u00a0\u00bbcenter\u00a0\u00bb _builder_version=\u00a0\u00bb4.17.6&Prime; _module_preset=\u00a0\u00bbdefault\u00a0\u00bb animation_style=\u00a0\u00bbslide\u00a0\u00bb hover_enabled=\u00a0\u00bb0&Prime; border_radii=\u00a0\u00bbon|20px|20px|20px|20px\u00a0\u00bb global_colors_info=\u00a0\u00bb{}\u00a0\u00bb theme_builder_area=\u00a0\u00bbet_body_layout\u00a0\u00bb sticky_enabled=\u00a0\u00bb0&Prime;][\/et_pb_image][\/et_pb_column][\/et_pb_row][et_pb_row _builder_version=\u00a0\u00bb4.17.6&Prime; _module_preset=\u00a0\u00bbdefault\u00a0\u00bb global_colors_info=\u00a0\u00bb{}\u00a0\u00bb theme_builder_area=\u00a0\u00bbet_body_layout\u00a0\u00bb][et_pb_column type=\u00a0\u00bb4_4&Prime; _builder_version=\u00a0\u00bb4.17.6&Prime; _module_preset=\u00a0\u00bbdefault\u00a0\u00bb global_colors_info=\u00a0\u00bb{}\u00a0\u00bb theme_builder_area=\u00a0\u00bbet_body_layout\u00a0\u00bb][et_pb_text _builder_version=\u00a0\u00bb4.17.6&Prime; _module_preset=\u00a0\u00bbdefault\u00a0\u00bb hover_enabled=\u00a0\u00bb0&Prime; global_colors_info=\u00a0\u00bb{}\u00a0\u00bb theme_builder_area=\u00a0\u00bbet_body_layout\u00a0\u00bb sticky_enabled=\u00a0\u00bb0&Prime;]<\/p>\n<p><span>L\u2019\u00e9glise Saint-Vivien est du XIIe si\u00e8cle.<\/span><br \/><span>Cette \u00e9glise, b\u00e2tie \u00e0 flanc de coteau, date du d\u00e9but du XIIe si\u00e8cle.<\/span><br \/><span>Le portail est compos\u00e9 de cinq voussures dont une seule poss\u00e8de quelques ornementations de feuillage et triangles oppos\u00e9s. Les murs lat\u00e9raux proviennent d\u2019un \u00e9difice ant\u00e9rieur.<\/span><br \/><span>Le clocher a \u00e9t\u00e9 construit vers 1730.<\/span><\/p>\n<p>[\/et_pb_text][\/et_pb_column][\/et_pb_row][et_pb_row _builder_version=\u00a0\u00bb4.17.6&Prime; _module_preset=\u00a0\u00bbdefault\u00a0\u00bb theme_builder_area=\u00a0\u00bbet_body_layout\u00a0\u00bb][et_pb_column _builder_version=\u00a0\u00bb4.17.6&Prime; _module_preset=\u00a0\u00bbdefault\u00a0\u00bb type=\u00a0\u00bb4_4&Prime; theme_builder_area=\u00a0\u00bbet_body_layout\u00a0\u00bb][et_pb_image src=\u00a0\u00bbhttps:\/\/catholiques17.fr\/saintes\/wp-content\/uploads\/sites\/3\/2022\/11\/Fontcouverte2.jpg\u00a0\u00bb _builder_version=\u00a0\u00bb4.17.6&Prime; _module_preset=\u00a0\u00bbdefault\u00a0\u00bb theme_builder_area=\u00a0\u00bbet_body_layout\u00a0\u00bb title_text=\u00a0\u00bbFontcouverte2&Prime; align=\u00a0\u00bbcenter\u00a0\u00bb border_radii=\u00a0\u00bbon|10px|10px|10px|10px\u00a0\u00bb animation_style=\u00a0\u00bbslide\u00a0\u00bb hover_enabled=\u00a0\u00bb0&Prime; sticky_enabled=\u00a0\u00bb0&Prime;][\/et_pb_image][\/et_pb_column][\/et_pb_row][\/et_pb_section]<\/p>\n","protected":false},"excerpt":{"rendered":"<p>L\u2019\u00e9glise Saint-Vivien est du XIIe si\u00e8cle.Cette \u00e9glise, b\u00e2tie \u00e0 flanc de coteau, date du d\u00e9but du XIIe si\u00e8cle.Le portail est compos\u00e9 de cinq voussures dont une seule poss\u00e8de quelques ornementations [&hellip;]<\/p>\n","protected":false},"author":4,"featured_media":0,"parent":6852,"menu_order":0,"comment_status":"closed","ping_status":"closed","template":"","meta":{"_et_pb_use_builder":"on","_et_pb_old_content":"","_et_gb_content_width":"","footnotes":""},"class_list":["post-6919","page","type-page","status-publish","hentry"],"_links":{"self":[{"href":"https:\/\/catholiques17.fr\/saintes\/wp-json\/wp\/v2\/pages\/6919","targetHints":{"allow":["GET"]}}],"collection":[{"href":"https:\/\/catholiques17.fr\/saintes\/wp-json\/wp\/v2\/pages"}],"about":[{"href":"https:\/\/catholiques17.fr\/saintes\/wp-json\/wp\/v2\/types\/page"}],"author":[{"embeddable":true,"href":"https:\/\/catholiques17.fr\/saintes\/wp-json\/wp\/v2\/users\/4"}],"replies":[{"embeddable":true,"href":"https:\/\/catholiques17.fr\/saintes\/wp-json\/wp\/v2\/comments?post=6919"}],"version-history":[{"count":2,"href":"https:\/\/catholiques17.fr\/saintes\/wp-json\/wp\/v2\/pages\/6919\/revisions"}],"predecessor-version":[{"id":7159,"href":"https:\/\/catholiques17.fr\/saintes\/wp-json\/wp\/v2\/pages\/6919\/revisions\/7159"}],"up":[{"embeddable":true,"href":"https:\/\/catholiques17.fr\/saintes\/wp-json\/wp\/v2\/pages\/6852"}],"wp:attachment":[{"href":"https:\/\/catholiques17.fr\/saintes\/wp-json\/wp\/v2\/media?parent=6919"}],"curies":[{"name":"wp","href":"https:\/\/api.w.org\/{rel}","templated":true}]}}

<p>[et_pb_section fb_built= »1&Prime; _builder_version= »4.17.6&Prime; _module_preset= »default » custom_padding= »32px||||| » global_colors_info= »{} » theme_builder_area= »et_body_layout »][et_pb_row _builder_version= »4.17.6&Prime; _module_preset= »default » custom_padding= »3px||||| » global_colors_info= »{} » theme_builder_area= »et_body_layout »][et_pb_column type= »4_4&Prime; _builder_version= »4.17.6&Prime; _module_preset= »default » global_colors_info= »{} » theme_builder_area= »et_body_layout »][et_pb_image src= »https://catholiques17.fr/saintes/wp-content/uploads/sites/3/2022/11/Fontcouverte1.jpg » title_text= »Fontcouverte1&Prime; align= »center » _builder_version= »4.17.6&Prime; _module_preset= »default » animation_style= »slide » hover_enabled= »0&Prime; border_radii= »on|20px|20px|20px|20px » global_colors_info= »{} » theme_builder_area= »et_body_layout » sticky_enabled= »0&Prime;][/et_pb_image][/et_pb_column][/et_pb_row][et_pb_row _builder_version= »4.17.6&Prime; _module_preset= »default » global_colors_info= »{} » theme_builder_area= »et_body_layout »][et_pb_column type= »4_4&Prime; _builder_version= »4.17.6&Prime; _module_preset= »default » global_colors_info= »{} » theme_builder_area= »et_body_layout »][et_pb_text _builder_version= »4.17.6&Prime; _module_preset= »default » hover_enabled= »0&Prime; global_colors_info= »{} » theme_builder_area= »et_body_layout » sticky_enabled= »0&Prime;]</p>
<p><span>L’église Saint-Vivien est du XIIe siècle.</span><br /><span>Cette église, bâtie à flanc de coteau, date du début du XIIe siècle.</span><br /><span>Le portail est composé de cinq voussures dont une seule possède quelques ornementations de feuillage et triangles opposés. Les murs latéraux proviennent d’un édifice antérieur.</span><br /><span>Le clocher a été construit vers 1730.</span></p>
<p>[/et_pb_text][/et_pb_column][/et_pb_row][et_pb_row _builder_version= »4.17.6&Prime; _module_preset= »default » theme_builder_area= »et_body_layout »][et_pb_column _builder_version= »4.17.6&Prime; _module_preset= »default » type= »4_4&Prime; theme_builder_area= »et_body_layout »][et_pb_image src= »https://catholiques17.fr/saintes/wp-content/uploads/sites/3/2022/11/Fontcouverte2.jpg » _builder_version= »4.17.6&Prime; _module_preset= »default » theme_builder_area= »et_body_layout » title_text= »Fontcouverte2&Prime; align= »center » border_radii= »on|10px|10px|10px|10px » animation_style= »slide » hover_enabled= »0&Prime; sticky_enabled= »0&Prime;][/et_pb_image][/et_pb_column][/et_pb_row][/et_pb_section]</p>

<p>L’église Saint-Vivien est du XIIe siècle.Cette église, bâtie à flanc de coteau, date du début du XIIe siècle.Le portail est composé de cinq voussures dont une seule possède quelques ornementations [&hellip;]</p>
