{"id":6891,"date":"2022-11-10T15:01:12","date_gmt":"2022-11-10T14:01:12","guid":{"rendered":"https:\/\/catholiques17.fr\/saintes\/?page_id=6891"},"modified":"2025-10-07T10:52:18","modified_gmt":"2025-10-07T08:52:18","slug":"jeunes-pros","status":"publish","type":"page","link":"https:\/\/catholiques17.fr\/saintes\/enfants-jeunes\/jeunes-pros\/","title":{"rendered":"Jeunes pros"},"content":{"rendered":"<p>[et_pb_section fb_built=\u00a0\u00bb1&Prime; _builder_version=\u00a0\u00bb4.17.6&Prime; _module_preset=\u00a0\u00bbdefault\u00a0\u00bb global_colors_info=\u00a0\u00bb{}\u00a0\u00bb theme_builder_area=\u00a0\u00bbpost_content\u00a0\u00bb][et_pb_row _builder_version=\u00a0\u00bb4.17.6&Prime; _module_preset=\u00a0\u00bbdefault\u00a0\u00bb global_colors_info=\u00a0\u00bb{}\u00a0\u00bb theme_builder_area=\u00a0\u00bbpost_content\u00a0\u00bb custom_padding=\u00a0\u00bb0px|||||\u00a0\u00bb][et_pb_column type=\u00a0\u00bb4_4&Prime; _builder_version=\u00a0\u00bb4.17.6&Prime; _module_preset=\u00a0\u00bbdefault\u00a0\u00bb global_colors_info=\u00a0\u00bb{}\u00a0\u00bb theme_builder_area=\u00a0\u00bbpost_content\u00a0\u00bb][et_pb_image src=\u00a0\u00bbhttps:\/\/catholiques17.fr\/saintes\/wp-content\/uploads\/sites\/3\/2022\/11\/JP-Saintes.jpg\u00a0\u00bb title_text=\u00a0\u00bbJP Saintes\u00a0\u00bb align=\u00a0\u00bbcenter\u00a0\u00bb _builder_version=\u00a0\u00bb4.17.6&Prime; _module_preset=\u00a0\u00bbdefault\u00a0\u00bb animation_style=\u00a0\u00bbslide\u00a0\u00bb border_radii=\u00a0\u00bbon|20px|20px|20px|20px\u00a0\u00bb global_colors_info=\u00a0\u00bb{}\u00a0\u00bb theme_builder_area=\u00a0\u00bbpost_content\u00a0\u00bb][\/et_pb_image][\/et_pb_column][\/et_pb_row][et_pb_row _builder_version=\u00a0\u00bb4.17.6&Prime; _module_preset=\u00a0\u00bbdefault\u00a0\u00bb global_colors_info=\u00a0\u00bb{}\u00a0\u00bb theme_builder_area=\u00a0\u00bbpost_content\u00a0\u00bb][et_pb_column type=\u00a0\u00bb4_4&Prime; _builder_version=\u00a0\u00bb4.17.6&Prime; _module_preset=\u00a0\u00bbdefault\u00a0\u00bb global_colors_info=\u00a0\u00bb{}\u00a0\u00bb theme_builder_area=\u00a0\u00bbpost_content\u00a0\u00bb][et_pb_text _builder_version=\u00a0\u00bb4.17.6&Prime; _module_preset=\u00a0\u00bbdefault\u00a0\u00bb global_colors_info=\u00a0\u00bb{}\u00a0\u00bb theme_builder_area=\u00a0\u00bbpost_content\u00a0\u00bb]<\/p>\n<p><strong>Un groupe de jeunes pro pour vous ?<\/strong><\/p>\n<p>Que vous soyez entr\u00e9s depuis peu dans la vie active ou plus longtemps, que vous souhaitiez<span>\u00a0<\/span><strong>approfondir votre foi, nous vous invitons \u00e0 nous rejoindre.<\/strong><\/p>\n<p>Vous avez entre <strong>18\u00a0et 35 ans<\/strong><span>\u00a0<\/span>et vous ressentez ce besoin<span>\u00a0<\/span><strong>d\u2019enrichir votre vie chr\u00e9tienne<\/strong>, de d\u00e9couvrir la foi ou bien de la re-d\u00e9couvrir, mais aussi peut \u00eatre de tout simplement\u00a0<strong>rencontrer<\/strong><span>\u00a0<\/span>d\u2019autres jeunes partageant la m\u00eame Foi Catholique avec qui vous pourrez partager vos questionnements et vos joies.<\/p>\n<p><span>Ces rencontres nous permettent d&rsquo;approfondir notre foi en lien avec notre vie personnelle et professionnelle.<\/span><\/p>\n<p><strong>Vous \u00eates les bienvenus !<\/strong><\/p>\n<p><a href=\"https:\/\/www.facebook.com\/profile.php?id=100080108959465\" id=\"m_-1234213136662959054LPlnk774405\" target=\"_blank\" data-saferedirecturl=\"https:\/\/www.google.com\/url?q=https:\/\/www.facebook.com\/profile.php?id%3D100080108959465&amp;source=gmail&amp;ust=1668360177095000&amp;usg=AOvVaw0GNnywCwe5erqhjW4i_ArM\" rel=\"noopener\">https:\/\/www.facebook.com\/profile.php?id=100080108959465<\/a><\/p>\n<p>[\/et_pb_text][\/et_pb_column][\/et_pb_row][et_pb_row _builder_version=\u00a0\u00bb4.17.6&Prime; _module_preset=\u00a0\u00bbdefault\u00a0\u00bb global_colors_info=\u00a0\u00bb{}\u00a0\u00bb theme_builder_area=\u00a0\u00bbpost_content\u00a0\u00bb][et_pb_column type=\u00a0\u00bb4_4&Prime; _builder_version=\u00a0\u00bb4.17.6&Prime; _module_preset=\u00a0\u00bbdefault\u00a0\u00bb global_colors_info=\u00a0\u00bb{}\u00a0\u00bb theme_builder_area=\u00a0\u00bbpost_content\u00a0\u00bb][et_pb_text _builder_version=\u00a0\u00bb4.17.6&Prime; _module_preset=\u00a0\u00bbdefault\u00a0\u00bb global_colors_info=\u00a0\u00bb{}\u00a0\u00bb theme_builder_area=\u00a0\u00bbpost_content\u00a0\u00bb]<\/p>\n<p style=\"text-align: center\"><strong>Saintes\/Royan<\/strong><span>\u00a0\u2013 Alexandre Vigi\u00e9 \u2013 06 87 44 81 60 \/\u00a0 <\/span><span><a href=\"mailto:ajbmv22@hotmail.fr\" target=\"_blank\" rel=\"noopener\">ajbmv22@hotmail.fr<\/a><\/span><\/p>\n<p>[\/et_pb_text][\/et_pb_column][\/et_pb_row][\/et_pb_section]<\/p>\n","protected":false},"excerpt":{"rendered":"<p>Un groupe de jeunes pro pour vous ? Que vous soyez entr\u00e9s depuis peu dans la vie active ou plus longtemps, que vous souhaitiez\u00a0approfondir votre foi, nous vous invitons \u00e0 [&hellip;]<\/p>\n","protected":false},"author":4,"featured_media":0,"parent":6893,"menu_order":0,"comment_status":"closed","ping_status":"closed","template":"","meta":{"_et_pb_use_builder":"on","_et_pb_old_content":"","_et_gb_content_width":"","footnotes":""},"class_list":["post-6891","page","type-page","status-publish","hentry"],"_links":{"self":[{"href":"https:\/\/catholiques17.fr\/saintes\/wp-json\/wp\/v2\/pages\/6891","targetHints":{"allow":["GET"]}}],"collection":[{"href":"https:\/\/catholiques17.fr\/saintes\/wp-json\/wp\/v2\/pages"}],"about":[{"href":"https:\/\/catholiques17.fr\/saintes\/wp-json\/wp\/v2\/types\/page"}],"author":[{"embeddable":true,"href":"https:\/\/catholiques17.fr\/saintes\/wp-json\/wp\/v2\/users\/4"}],"replies":[{"embeddable":true,"href":"https:\/\/catholiques17.fr\/saintes\/wp-json\/wp\/v2\/comments?post=6891"}],"version-history":[{"count":13,"href":"https:\/\/catholiques17.fr\/saintes\/wp-json\/wp\/v2\/pages\/6891\/revisions"}],"predecessor-version":[{"id":12823,"href":"https:\/\/catholiques17.fr\/saintes\/wp-json\/wp\/v2\/pages\/6891\/revisions\/12823"}],"up":[{"embeddable":true,"href":"https:\/\/catholiques17.fr\/saintes\/wp-json\/wp\/v2\/pages\/6893"}],"wp:attachment":[{"href":"https:\/\/catholiques17.fr\/saintes\/wp-json\/wp\/v2\/media?parent=6891"}],"curies":[{"name":"wp","href":"https:\/\/api.w.org\/{rel}","templated":true}]}}

<p>[et_pb_section fb_built= »1&Prime; _builder_version= »4.17.6&Prime; _module_preset= »default » global_colors_info= »{} » theme_builder_area= »post_content »][et_pb_row _builder_version= »4.17.6&Prime; _module_preset= »default » global_colors_info= »{} » theme_builder_area= »post_content » custom_padding= »0px||||| »][et_pb_column type= »4_4&Prime; _builder_version= »4.17.6&Prime; _module_preset= »default » global_colors_info= »{} » theme_builder_area= »post_content »][et_pb_image src= »https://catholiques17.fr/saintes/wp-content/uploads/sites/3/2022/11/JP-Saintes.jpg » title_text= »JP Saintes » align= »center » _builder_version= »4.17.6&Prime; _module_preset= »default » animation_style= »slide » border_radii= »on|20px|20px|20px|20px » global_colors_info= »{} » theme_builder_area= »post_content »][/et_pb_image][/et_pb_column][/et_pb_row][et_pb_row _builder_version= »4.17.6&Prime; _module_preset= »default » global_colors_info= »{} » theme_builder_area= »post_content »][et_pb_column type= »4_4&Prime; _builder_version= »4.17.6&Prime; _module_preset= »default » global_colors_info= »{} » theme_builder_area= »post_content »][et_pb_text _builder_version= »4.17.6&Prime; _module_preset= »default » global_colors_info= »{} » theme_builder_area= »post_content »]</p>
<p><strong>Un groupe de jeunes pro pour vous ?</strong></p>
<p>Que vous soyez entrés depuis peu dans la vie active ou plus longtemps, que vous souhaitiez<span> </span><strong>approfondir votre foi, nous vous invitons à nous rejoindre.</strong></p>
<p>Vous avez entre <strong>18 et 35 ans</strong><span> </span>et vous ressentez ce besoin<span> </span><strong>d’enrichir votre vie chrétienne</strong>, de découvrir la foi ou bien de la re-découvrir, mais aussi peut être de tout simplement <strong>rencontrer</strong><span> </span>d’autres jeunes partageant la même Foi Catholique avec qui vous pourrez partager vos questionnements et vos joies.</p>
<p><span>Ces rencontres nous permettent d&rsquo;approfondir notre foi en lien avec notre vie personnelle et professionnelle.</span></p>
<p><strong>Vous êtes les bienvenus !</strong></p>
<p><a href="https://www.facebook.com/profile.php?id=100080108959465" id="m_-1234213136662959054LPlnk774405" target="_blank" data-saferedirecturl="https://www.google.com/url?q=https://www.facebook.com/profile.php?id%3D100080108959465&amp;source=gmail&amp;ust=1668360177095000&amp;usg=AOvVaw0GNnywCwe5erqhjW4i_ArM" rel="noopener">https://www.facebook.com/profile.php?id=100080108959465</a></p>
<p>[/et_pb_text][/et_pb_column][/et_pb_row][et_pb_row _builder_version= »4.17.6&Prime; _module_preset= »default » global_colors_info= »{} » theme_builder_area= »post_content »][et_pb_column type= »4_4&Prime; _builder_version= »4.17.6&Prime; _module_preset= »default » global_colors_info= »{} » theme_builder_area= »post_content »][et_pb_text _builder_version= »4.17.6&Prime; _module_preset= »default » global_colors_info= »{} » theme_builder_area= »post_content »]</p>
<p style="text-align: center"><strong>Saintes/Royan</strong><span> – Alexandre Vigié – 06 87 44 81 60 /  </span><span><a href="mailto:ajbmv22@hotmail.fr" target="_blank" rel="noopener">ajbmv22@hotmail.fr</a></span></p>
<p>[/et_pb_text][/et_pb_column][/et_pb_row][/et_pb_section]</p>

<p>Un groupe de jeunes pro pour vous ? Que vous soyez entrés depuis peu dans la vie active ou plus longtemps, que vous souhaitiez approfondir votre foi, nous vous invitons à [&hellip;]</p>
