{"id":6846,"date":"2022-11-10T14:23:53","date_gmt":"2022-11-10T13:23:53","guid":{"rendered":"https:\/\/catholiques17.fr\/saintes\/?page_id=6846"},"modified":"2025-12-23T14:54:43","modified_gmt":"2025-12-23T13:54:43","slug":"conseil-pastoral-rg","status":"publish","type":"page","link":"https:\/\/catholiques17.fr\/saintes\/paroisse-rive-gauche\/conseil-pastoral-rg\/","title":{"rendered":"Conseil paroissial RG"},"content":{"rendered":"<p>[et_pb_section fb_built=\u00a0\u00bb1&Prime; _builder_version=\u00a0\u00bb4.17.6&Prime; _module_preset=\u00a0\u00bbdefault\u00a0\u00bb global_colors_info=\u00a0\u00bb{}\u00a0\u00bb][et_pb_row _builder_version=\u00a0\u00bb4.17.6&Prime; _module_preset=\u00a0\u00bbdefault\u00a0\u00bb global_colors_info=\u00a0\u00bb{}\u00a0\u00bb][et_pb_column type=\u00a0\u00bb4_4&Prime; _builder_version=\u00a0\u00bb4.17.6&Prime; _module_preset=\u00a0\u00bbdefault\u00a0\u00bb global_colors_info=\u00a0\u00bb{}\u00a0\u00bb][et_pb_text _builder_version=\u00a0\u00bb4.21.0&Prime; _module_preset=\u00a0\u00bbdefault\u00a0\u00bb global_colors_info=\u00a0\u00bb{}\u00a0\u00bb]<\/p>\n<p style=\"text-align: center\"><strong><span>Le conseil paroissial assiste le cur\u00e9 et l\u2019\u00e9quipe pastorale dans leur mission de gouvernance.<\/span><\/strong><\/p>\n<p>[\/et_pb_text][\/et_pb_column][\/et_pb_row][et_pb_row _builder_version=\u00a0\u00bb4.17.6&Prime; _module_preset=\u00a0\u00bbdefault\u00a0\u00bb global_colors_info=\u00a0\u00bb{}\u00a0\u00bb][et_pb_column type=\u00a0\u00bb4_4&Prime; _builder_version=\u00a0\u00bb4.17.6&Prime; _module_preset=\u00a0\u00bbdefault\u00a0\u00bb global_colors_info=\u00a0\u00bb{}\u00a0\u00bb][et_pb_text _builder_version=\u00a0\u00bb4.27.4&Prime; _module_preset=\u00a0\u00bbdefault\u00a0\u00bb global_colors_info=\u00a0\u00bb{}\u00a0\u00bb]<\/p>\n<p style=\"text-align: center\"><strong>Cur\u00e9 :<\/strong><\/p>\n<p style=\"text-align: center\">P\u00e8re Bertrand Monnard<\/p>\n<p style=\"text-align: center\"><strong>Vicaires <em>:<\/em><\/strong><\/p>\n<p style=\"text-align: center\">P\u00e8re Jean-J\u00e9r\u00f4me TRAN VAN TIEN<\/p>\n<p style=\"text-align: center\">P\u00e8re Pierre-Paul GENCE RADAMASOA<\/p>\n<p style=\"text-align: center\">P\u00e8re Martin CHAUVET<\/p>\n<p style=\"text-align: center\"><strong>Diacres\u00a0: <\/strong><\/p>\n<p style=\"text-align: center\">Jean-Louis MOUNIER<\/p>\n<p style=\"text-align: center\">Th\u00e9ophile LWAMBA<\/p>\n<p style=\"text-align: center\"><strong>Membres\u00a0:<\/strong><\/p>\n<p style=\"text-align: center\">Jo\u00ebl BOTTON<\/p>\n<p style=\"text-align: center\">Fabienne DRIEU LA ROCHELLE<\/p>\n<p style=\"text-align: center\">Nad\u00e8ge BOULDOIRES<\/p>\n<p style=\"text-align: center\">Sophie GRENIER<\/p>\n<p style=\"text-align: center\">Matthieu TERCINIER<\/p>\n<p style=\"text-align: center\">Isabelle de KERROS<\/p>\n<p style=\"text-align: center\">Sophie ARNAULD<\/p>\n<p style=\"text-align: center\">S\u0153ur MARIE REN\u00c9E<\/p>\n<p style=\"text-align: center\">Daniel FOURTIER<\/p>\n<p style=\"text-align: center\">Marie B\u00e9atrice VIGNAUD<\/p>\n<p style=\"text-align: center\">Ladislas de COURCELLES<\/p>\n<p style=\"text-align: center\">\n<p>[\/et_pb_text][\/et_pb_column][\/et_pb_row][\/et_pb_section]<\/p>\n","protected":false},"excerpt":{"rendered":"<p>Le conseil paroissial assiste le cur\u00e9 et l\u2019\u00e9quipe pastorale dans leur mission de gouvernance.Cur\u00e9 : P\u00e8re Bertrand Monnard Vicaires : P\u00e8re Jean-J\u00e9r\u00f4me TRAN VAN TIEN P\u00e8re Pierre-Paul GENCE RADAMASOA P\u00e8re [&hellip;]<\/p>\n","protected":false},"author":4,"featured_media":0,"parent":6858,"menu_order":0,"comment_status":"closed","ping_status":"closed","template":"","meta":{"_et_pb_use_builder":"on","_et_pb_old_content":"","_et_gb_content_width":"","footnotes":""},"class_list":["post-6846","page","type-page","status-publish","hentry"],"_links":{"self":[{"href":"https:\/\/catholiques17.fr\/saintes\/wp-json\/wp\/v2\/pages\/6846","targetHints":{"allow":["GET"]}}],"collection":[{"href":"https:\/\/catholiques17.fr\/saintes\/wp-json\/wp\/v2\/pages"}],"about":[{"href":"https:\/\/catholiques17.fr\/saintes\/wp-json\/wp\/v2\/types\/page"}],"author":[{"embeddable":true,"href":"https:\/\/catholiques17.fr\/saintes\/wp-json\/wp\/v2\/users\/4"}],"replies":[{"embeddable":true,"href":"https:\/\/catholiques17.fr\/saintes\/wp-json\/wp\/v2\/comments?post=6846"}],"version-history":[{"count":14,"href":"https:\/\/catholiques17.fr\/saintes\/wp-json\/wp\/v2\/pages\/6846\/revisions"}],"predecessor-version":[{"id":13262,"href":"https:\/\/catholiques17.fr\/saintes\/wp-json\/wp\/v2\/pages\/6846\/revisions\/13262"}],"up":[{"embeddable":true,"href":"https:\/\/catholiques17.fr\/saintes\/wp-json\/wp\/v2\/pages\/6858"}],"wp:attachment":[{"href":"https:\/\/catholiques17.fr\/saintes\/wp-json\/wp\/v2\/media?parent=6846"}],"curies":[{"name":"wp","href":"https:\/\/api.w.org\/{rel}","templated":true}]}}