{"id":564,"date":"2019-09-23T10:42:04","date_gmt":"2019-09-23T08:42:04","guid":{"rendered":"https:\/\/catholiques17.fr\/saintes\/?page_id=564"},"modified":"2023-06-30T09:06:07","modified_gmt":"2023-06-30T07:06:07","slug":"marie-eustelle-harpain","status":"publish","type":"page","link":"https:\/\/catholiques17.fr\/saintes\/marie-eustelle-harpain\/","title":{"rendered":"Marie-Eustelle Harpain"},"content":{"rendered":"[et_pb_section fb_built=\u00a0\u00bb1&Prime; admin_label=\u00a0\u00bbsection\u00a0\u00bb _builder_version=\u00a0\u00bb4.16&Prime; global_colors_info=\u00a0\u00bb{}\u00a0\u00bb theme_builder_area=\u00a0\u00bbpost_content\u00a0\u00bb][et_pb_row admin_label=\u00a0\u00bbrow\u00a0\u00bb _builder_version=\u00a0\u00bb4.16&Prime; background_size=\u00a0\u00bbinitial\u00a0\u00bb background_position=\u00a0\u00bbtop_left\u00a0\u00bb background_repeat=\u00a0\u00bbrepeat\u00a0\u00bb global_colors_info=\u00a0\u00bb{}\u00a0\u00bb theme_builder_area=\u00a0\u00bbpost_content\u00a0\u00bb][et_pb_column type=\u00a0\u00bb4_4&Prime; _builder_version=\u00a0\u00bb4.16&Prime; custom_padding=\u00a0\u00bb|||\u00a0\u00bb global_colors_info=\u00a0\u00bb{}\u00a0\u00bb custom_padding__hover=\u00a0\u00bb|||\u00a0\u00bb theme_builder_area=\u00a0\u00bbpost_content\u00a0\u00bb][et_pb_text admin_label=\u00a0\u00bbText\u00a0\u00bb _builder_version=\u00a0\u00bb4.16&Prime; background_size=\u00a0\u00bbinitial\u00a0\u00bb background_position=\u00a0\u00bbtop_left\u00a0\u00bb background_repeat=\u00a0\u00bbrepeat\u00a0\u00bb global_colors_info=\u00a0\u00bb{}\u00a0\u00bb theme_builder_area=\u00a0\u00bbpost_content\u00a0\u00bb]\n<div class=\"wp-block-image\"><figure class=\"aligncenter is-resized\"><img loading=\"lazy\" decoding=\"async\" src=\"https:\/\/catholiques17.fr\/saintes\/wp-content\/uploads\/sites\/3\/2019\/10\/Marie-Eustelle-Harpain.jpg.jpg\" alt=\"\" class=\"wp-image-962\" width=\"506\" height=\"950\" \/><figcaption><strong><em>1814 &#8211; 1842<\/em><\/strong><\/figcaption><\/figure><\/div>\n\n\n\n<p class=\"has-drop-cap has-small-font-size\"> <em>Celle que la ville de Saintes appelait <\/em><strong><em>\u00ab\u00a0l&rsquo;Ange de l&rsquo;Eucharistie\u00a0\u00bb<\/em><\/strong><em> naquit le <\/em><strong><em>19 avril 1814<\/em><\/strong><em> au faubourg saint Pallais. A dix ans, elle sait lire et \u00e9crire; tient de sa m\u00e8re le go\u00fbt de la pi\u00e9t\u00e9, et se montre adroite aux travaux de couture.<br>  En 1826, Marie-Eustelle fait sa premi\u00e8re communion, avec cette ferveur qui tend vers la perfection. \u00ab\u00a0Une intelligence lumineuse, une \u00e2me tendre, sensible, compatissante, le tout rehauss\u00e9 par les gr\u00e2ces de son visage, faisait de cette humble fille une nature d&rsquo;\u00e9lite\u00a0\u00bb, qui conn\u00fbt \u00e0 l&rsquo;adolescence un certain rel\u00e2chement spirituel.<br>   En 1829, une conversion totale lui fait rompre avec les attitudes du monde. Aux railleries et pers\u00e9cutions, elle oppose fermet\u00e9 et douceur.<br>   En 1836, essai de vie religieuse infructueux et court: Dieu la veut pour Lui mais dans le monde, couturi\u00e8re et ling\u00e8re. Sa d\u00e9votion eucharistique s&rsquo;affirme. <br>   En 1839, on la charge de l&rsquo;entretien des linges et ornements de l&rsquo;\u00e9glise paroissiale; admise \u00e0 la communion fr\u00e9quente, puis quotidienne, sa pi\u00e9t\u00e9 devient s\u00e9raphique.<br>Elle se lie par les v\u0153ux religieux, et accorde merveilleusement ses occupations avec une oraison incessante. L&rsquo;\u00e9v\u00eaque de La Rochelle, Monseigneur Villecourt, contr\u00f4le et confirme sa voie d\u2019\u00e2me. Par ob\u00e9issance, elle \u00e9crit le r\u00e9cit des gr\u00e2ces re\u00e7ues, qui restera inachev\u00e9.<br>   Les ardeurs eucharistiques ayant us\u00e9 ses forces, elle s&rsquo;endort dans le Seigneur <\/em><strong><em>le 29 juin 1842<\/em><\/strong><em>, en la F\u00eate des saints Ap\u00f4tres Pierre et Paul.<br>   Le Cardinal Villecourt fit recueillir ses \u00e9crits.<br>Par les soins de Monseigneur Eyssautier, \u00e9v\u00eaque de La Rochelle et Saintes, sa cause de b\u00e9atification a \u00e9t\u00e9 introduite \u00e0 Rome au d\u00e9but du si\u00e8cle dernier.<br>   Cette cause, longtemps en sommeil, est reprise aujourd&rsquo;hui&#8230;.<\/em><br><em>Son corps repose dans l&rsquo;\u00e9glise St Pallais, dans la chapelle du St Sacrement.<\/em><\/p>\n\n\n\n<p class=\"has-background has-cyan-bluish-gray-background-color\"><strong>Pri\u00e8re \u00e0 Marie-Eustelle HARPAIN<\/strong><br>   <em>Humble vierge, dont la courte existence se consuma d&rsquo;Amour au pied du Tabernacle, Marie-Eustelle, aie compassion des mis\u00e8res de notre temps.<br>    Vois ces \u00e9glises ferm\u00e9es, ces paroisses sans pr\u00eatre, les lieux saints profan\u00e9s, les \u00e2mes perdues !<br>     Toi qui \u00e9tais tout accueil aux \u00e2mes avides d&rsquo;entretiens spirituels, penche-toi sur les corps malades qui sont destin\u00e9s \u00e0 devenir temples de l&rsquo;Esprit.<br>     Que reprenant vie, une faim provenant de l\u2019\u00e2me, les oriente vers J\u00e9sus-Hostie, pour sa Gloire et notre b\u00e9atitude.    AMEN.<\/em><\/p>\n[\/et_pb_text][\/et_pb_column][\/et_pb_row][et_pb_row _builder_version=\u00a0\u00bb4.17.6&Prime; _module_preset=\u00a0\u00bbdefault\u00a0\u00bb global_colors_info=\u00a0\u00bb{}\u00a0\u00bb theme_builder_area=\u00a0\u00bbpost_content\u00a0\u00bb locked=\u00a0\u00bboff\u00a0\u00bb][et_pb_column type=\u00a0\u00bb4_4&Prime; _builder_version=\u00a0\u00bb4.17.6&Prime; _module_preset=\u00a0\u00bbdefault\u00a0\u00bb global_colors_info=\u00a0\u00bb{}\u00a0\u00bb theme_builder_area=\u00a0\u00bbpost_content\u00a0\u00bb][et_pb_cta title=\u00a0\u00bbUn site Internet sur Marie-Eustelle Harpain\u00a0\u00bb button_url=\u00a0\u00bbhttps:\/\/catholiques17.fr\/marie-eustelle\/\u00a0\u00bb button_text=\u00a0\u00bbVisiter le nouveau site\u00a0\u00bb _builder_version=\u00a0\u00bb4.17.6&Prime; _module_preset=\u00a0\u00bbdefault\u00a0\u00bb background_color=\u00a0\u00bb#D62C22&Prime; global_colors_info=\u00a0\u00bb{}\u00a0\u00bb theme_builder_area=\u00a0\u00bbpost_content\u00a0\u00bb]<p>A la demande de Mgr Colomb, une petite \u00e9quipe travaille \u00e0 la cause de b\u00e9atification de Marie-Eustelle Harpain. Un site a \u00e9t\u00e9 ouvert pour faire conna\u00eetre sa vie et sa spiritualit\u00e9.<\/p>[\/et_pb_cta][et_pb_cta button_text=\u00a0\u00bbClics\u00a0\u00bb _builder_version=\u00a0\u00bb4.17.6&Prime; _module_preset=\u00a0\u00bbdefault\u00a0\u00bb global_colors_info=\u00a0\u00bb{}\u00a0\u00bb theme_builder_area=\u00a0\u00bbpost_content\u00a0\u00bb]<p>&nbsp;<\/p>\n<h2>\u00ab Tout pour J\u00e9sus ! \u00bb<\/h2>\n<p>Mon Dieu,<\/p>\n<p>nous te rendons gr\u00e2ce de nous avoir donn\u00e9 Marie-Eustelle Harpain, l\u2019Ange de l\u2019Eucharistie,<\/p>\n<p>pour \u00e9veiller en nous l\u2019amour du Christ<\/p>\n<p>et nous guider vers Lui dans la communion et l\u2019adoration.<\/p>\n<p>\u00d4 J\u00e9sus, que son t\u00e9moignage rayonne sur notre monde, qu\u2019il fasse grandir en nous le d\u00e9sir de devenir \u00ab de vrais adorateurs en esprit et en v\u00e9rit\u00e9 \u00bb. (Jn 4,23)<\/p>\n<p>Esprit-Saint, soutiens et \u00e9claire les d\u00e9marches de sa cause afin que l\u2019Eglise lui accorde bient\u00f4t l\u2019aur\u00e9ole des bienheureux.<\/p>\n<p>Vierge Marie, toi qu\u2019elle a si souvent invoqu\u00e9e, nous te confions nos c\u0153urs pour qu\u2019ils se laissent enseigner et se tournent vers J\u00e9sus.<\/p>\n<p>Seigneur, nous Te demandons par l\u2019intercession de Marie-Eustelle et selon Ta volont\u00e9, de nous accorder la gr\u00e2ce de rendez-vous quotidiens dans la pri\u00e8re et le t\u00e9moignage de notre foi en toi.<\/p>\n<p>Amen<\/p>[\/et_pb_cta][\/et_pb_column][\/et_pb_row][\/et_pb_section]","protected":false},"excerpt":{"rendered":"<p>1814 &#8211; 1842 Celle que la ville de Saintes appelait \u00ab\u00a0l&rsquo;Ange de l&rsquo;Eucharistie\u00a0\u00bb naquit le 19 avril 1814 au faubourg saint Pallais. A dix ans, elle sait lire et \u00e9crire; [&hellip;]<\/p>\n","protected":false},"author":1,"featured_media":0,"parent":0,"menu_order":0,"comment_status":"closed","ping_status":"closed","template":"","meta":{"_et_pb_use_builder":"on","_et_pb_old_content":"<!-- wp:image {\"id\":962,\"align\":\"center\",\"width\":506,\"height\":950} -->\n<div class=\"wp-block-image\"><figure class=\"aligncenter is-resized\"><img src=\"https:\/\/catholiques17.fr\/saintes\/wp-content\/uploads\/sites\/3\/2019\/10\/Marie-Eustelle-Harpain.jpg.jpg\" alt=\"\" class=\"wp-image-962\" width=\"506\" height=\"950\" \/><figcaption><strong><em>1814 - 1842<\/em><\/strong><\/figcaption><\/figure><\/div>\n<!-- \/wp:image -->\n\n<!-- wp:paragraph {\"dropCap\":true,\"fontSize\":\"small\"} -->\n<p class=\"has-drop-cap has-small-font-size\"> <em>Celle que la ville de Saintes appelait <\/em><strong><em>\"l'Ange de l'Eucharistie\"<\/em><\/strong><em> naquit le <\/em><strong><em>19 avril 1814<\/em><\/strong><em> au faubourg saint Pallais. A dix ans, elle sait lire et \u00e9crire; tient de sa m\u00e8re le go\u00fbt de la pi\u00e9t\u00e9, et se montre adroite aux travaux de couture.<br>  En 1826, Marie-Eustelle fait sa premi\u00e8re communion, avec cette ferveur qui tend vers la perfection. \"Une intelligence lumineuse, une \u00e2me tendre, sensible, compatissante, le tout rehauss\u00e9 par les gr\u00e2ces de son visage, faisait de cette humble fille une nature d'\u00e9lite\", qui conn\u00fbt \u00e0 l'adolescence un certain rel\u00e2chement spirituel.<br>   En 1829, une conversion totale lui fait rompre avec les attitudes du monde. Aux railleries et pers\u00e9cutions, elle oppose fermet\u00e9 et douceur.<br>   En 1836, essai de vie religieuse infructueux et court: Dieu la veut pour Lui mais dans le monde, couturi\u00e8re et ling\u00e8re. Sa d\u00e9votion eucharistique s'affirme. <br>   En 1839, on la charge de l'entretien des linges et ornements de l'\u00e9glise paroissiale; admise \u00e0 la communion fr\u00e9quente, puis quotidienne, sa pi\u00e9t\u00e9 devient s\u00e9raphique.<br>Elle se lie par les v\u0153ux religieux, et accorde merveilleusement ses occupations avec une oraison incessante. L'\u00e9v\u00eaque de La Rochelle, Monseigneur Villecourt, contr\u00f4le et confirme sa voie d\u2019\u00e2me. Par ob\u00e9issance, elle \u00e9crit le r\u00e9cit des gr\u00e2ces re\u00e7ues, qui restera inachev\u00e9.<br>   Les ardeurs eucharistiques ayant us\u00e9 ses forces, elle s'endort dans le Seigneur <\/em><strong><em>le 29 juin 1842<\/em><\/strong><em>, en la F\u00eate des saints Ap\u00f4tres Pierre et Paul.<br>   Le Cardinal Villecourt fit recueillir ses \u00e9crits.<br>Par les soins de Monseigneur Eyssautier, \u00e9v\u00eaque de La Rochelle et Saintes, sa cause de b\u00e9atification a \u00e9t\u00e9 introduite \u00e0 Rome au d\u00e9but du si\u00e8cle dernier.<br>   Cette cause, longtemps en sommeil, est reprise aujourd'hui....<\/em><br><em>Son corps repose dans l'\u00e9glise St Pallais, dans la chapelle du St Sacrement.<\/em><\/p>\n<!-- \/wp:paragraph -->\n\n<!-- wp:paragraph {\"backgroundColor\":\"cyan-bluish-gray\"} -->\n<p class=\"has-background has-cyan-bluish-gray-background-color\"><strong>Pri\u00e8re \u00e0 Marie-Eustelle HARPAIN<\/strong><br>   <em>Humble vierge, dont la courte existence se consuma d'Amour au pied du Tabernacle, Marie-Eustelle, aie compassion des mis\u00e8res de notre temps.<br>    Vois ces \u00e9glises ferm\u00e9es, ces paroisses sans pr\u00eatre, les lieux saints profan\u00e9s, les \u00e2mes perdues !<br>     Toi qui \u00e9tais tout accueil aux \u00e2mes avides d'entretiens spirituels, penche-toi sur les corps malades qui sont destin\u00e9s \u00e0 devenir temples de l'Esprit.<br>     Que reprenant vie, une faim provenant de l\u2019\u00e2me, les oriente vers J\u00e9sus-Hostie, pour sa Gloire et notre b\u00e9atitude.    AMEN.<\/em><\/p>\n<!-- \/wp:paragraph -->","_et_gb_content_width":"","footnotes":""},"class_list":["post-564","page","type-page","status-publish","hentry"],"_links":{"self":[{"href":"https:\/\/catholiques17.fr\/saintes\/wp-json\/wp\/v2\/pages\/564","targetHints":{"allow":["GET"]}}],"collection":[{"href":"https:\/\/catholiques17.fr\/saintes\/wp-json\/wp\/v2\/pages"}],"about":[{"href":"https:\/\/catholiques17.fr\/saintes\/wp-json\/wp\/v2\/types\/page"}],"author":[{"embeddable":true,"href":"https:\/\/catholiques17.fr\/saintes\/wp-json\/wp\/v2\/users\/1"}],"replies":[{"embeddable":true,"href":"https:\/\/catholiques17.fr\/saintes\/wp-json\/wp\/v2\/comments?post=564"}],"version-history":[{"count":2,"href":"https:\/\/catholiques17.fr\/saintes\/wp-json\/wp\/v2\/pages\/564\/revisions"}],"predecessor-version":[{"id":8520,"href":"https:\/\/catholiques17.fr\/saintes\/wp-json\/wp\/v2\/pages\/564\/revisions\/8520"}],"wp:attachment":[{"href":"https:\/\/catholiques17.fr\/saintes\/wp-json\/wp\/v2\/media?parent=564"}],"curies":[{"name":"wp","href":"https:\/\/api.w.org\/{rel}","templated":true}]}}

[et_pb_section fb_built= »1&Prime; admin_label= »section » _builder_version= »4.16&Prime; global_colors_info= »{} » theme_builder_area= »post_content »][et_pb_row admin_label= »row » _builder_version= »4.16&Prime; background_size= »initial » background_position= »top_left » background_repeat= »repeat » global_colors_info= »{} » theme_builder_area= »post_content »][et_pb_column type= »4_4&Prime; _builder_version= »4.16&Prime; custom_padding= »||| » global_colors_info= »{} » custom_padding__hover= »||| » theme_builder_area= »post_content »][et_pb_text admin_label= »Text » _builder_version= »4.16&Prime; background_size= »initial » background_position= »top_left » background_repeat= »repeat » global_colors_info= »{} » theme_builder_area= »post_content »]
<div class="wp-block-image"><figure class="aligncenter is-resized"><img loading="lazy" decoding="async" src="https://catholiques17.fr/saintes/wp-content/uploads/sites/3/2019/10/Marie-Eustelle-Harpain.jpg.jpg" alt="" class="wp-image-962" width="506" height="950" /><figcaption><strong><em>1814 &#8211; 1842</em></strong></figcaption></figure></div>



<p class="has-drop-cap has-small-font-size"> <em>Celle que la ville de Saintes appelait </em><strong><em>« l&rsquo;Ange de l&rsquo;Eucharistie »</em></strong><em> naquit le </em><strong><em>19 avril 1814</em></strong><em> au faubourg saint Pallais. A dix ans, elle sait lire et écrire; tient de sa mère le goût de la piété, et se montre adroite aux travaux de couture.<br>  En 1826, Marie-Eustelle fait sa première communion, avec cette ferveur qui tend vers la perfection. « Une intelligence lumineuse, une âme tendre, sensible, compatissante, le tout rehaussé par les grâces de son visage, faisait de cette humble fille une nature d&rsquo;élite », qui connût à l&rsquo;adolescence un certain relâchement spirituel.<br>   En 1829, une conversion totale lui fait rompre avec les attitudes du monde. Aux railleries et persécutions, elle oppose fermeté et douceur.<br>   En 1836, essai de vie religieuse infructueux et court: Dieu la veut pour Lui mais dans le monde, couturière et lingère. Sa dévotion eucharistique s&rsquo;affirme. <br>   En 1839, on la charge de l&rsquo;entretien des linges et ornements de l&rsquo;église paroissiale; admise à la communion fréquente, puis quotidienne, sa piété devient séraphique.<br>Elle se lie par les vœux religieux, et accorde merveilleusement ses occupations avec une oraison incessante. L&rsquo;évêque de La Rochelle, Monseigneur Villecourt, contrôle et confirme sa voie d’âme. Par obéissance, elle écrit le récit des grâces reçues, qui restera inachevé.<br>   Les ardeurs eucharistiques ayant usé ses forces, elle s&rsquo;endort dans le Seigneur </em><strong><em>le 29 juin 1842</em></strong><em>, en la Fête des saints Apôtres Pierre et Paul.<br>   Le Cardinal Villecourt fit recueillir ses écrits.<br>Par les soins de Monseigneur Eyssautier, évêque de La Rochelle et Saintes, sa cause de béatification a été introduite à Rome au début du siècle dernier.<br>   Cette cause, longtemps en sommeil, est reprise aujourd&rsquo;hui&#8230;.</em><br><em>Son corps repose dans l&rsquo;église St Pallais, dans la chapelle du St Sacrement.</em></p>



<p class="has-background has-cyan-bluish-gray-background-color"><strong>Prière à Marie-Eustelle HARPAIN</strong><br>   <em>Humble vierge, dont la courte existence se consuma d&rsquo;Amour au pied du Tabernacle, Marie-Eustelle, aie compassion des misères de notre temps.<br>    Vois ces églises fermées, ces paroisses sans prêtre, les lieux saints profanés, les âmes perdues !<br>     Toi qui étais tout accueil aux âmes avides d&rsquo;entretiens spirituels, penche-toi sur les corps malades qui sont destinés à devenir temples de l&rsquo;Esprit.<br>     Que reprenant vie, une faim provenant de l’âme, les oriente vers Jésus-Hostie, pour sa Gloire et notre béatitude.    AMEN.</em></p>
[/et_pb_text][/et_pb_column][/et_pb_row][et_pb_row _builder_version= »4.17.6&Prime; _module_preset= »default » global_colors_info= »{} » theme_builder_area= »post_content » locked= »off »][et_pb_column type= »4_4&Prime; _builder_version= »4.17.6&Prime; _module_preset= »default » global_colors_info= »{} » theme_builder_area= »post_content »][et_pb_cta title= »Un site Internet sur Marie-Eustelle Harpain » button_url= »https://catholiques17.fr/marie-eustelle/ » button_text= »Visiter le nouveau site » _builder_version= »4.17.6&Prime; _module_preset= »default » background_color= »#D62C22&Prime; global_colors_info= »{} » theme_builder_area= »post_content »]<p>A la demande de Mgr Colomb, une petite équipe travaille à la cause de béatification de Marie-Eustelle Harpain. Un site a été ouvert pour faire connaître sa vie et sa spiritualité.</p>[/et_pb_cta][et_pb_cta button_text= »Clics » _builder_version= »4.17.6&Prime; _module_preset= »default » global_colors_info= »{} » theme_builder_area= »post_content »]<p>&nbsp;</p>
<h2>« Tout pour Jésus ! »</h2>
<p>Mon Dieu,</p>
<p>nous te rendons grâce de nous avoir donné Marie-Eustelle Harpain, l’Ange de l’Eucharistie,</p>
<p>pour éveiller en nous l’amour du Christ</p>
<p>et nous guider vers Lui dans la communion et l’adoration.</p>
<p>Ô Jésus, que son témoignage rayonne sur notre monde, qu’il fasse grandir en nous le désir de devenir « de vrais adorateurs en esprit et en vérité ». (Jn 4,23)</p>
<p>Esprit-Saint, soutiens et éclaire les démarches de sa cause afin que l’Eglise lui accorde bientôt l’auréole des bienheureux.</p>
<p>Vierge Marie, toi qu’elle a si souvent invoquée, nous te confions nos cœurs pour qu’ils se laissent enseigner et se tournent vers Jésus.</p>
<p>Seigneur, nous Te demandons par l’intercession de Marie-Eustelle et selon Ta volonté, de nous accorder la grâce de rendez-vous quotidiens dans la prière et le témoignage de notre foi en toi.</p>
<p>Amen</p>[/et_pb_cta][/et_pb_column][/et_pb_row][/et_pb_section]

<p>1814 &#8211; 1842 Celle que la ville de Saintes appelait « l&rsquo;Ange de l&rsquo;Eucharistie » naquit le 19 avril 1814 au faubourg saint Pallais. A dix ans, elle sait lire et écrire; [&hellip;]</p>

<!-- wp:image {"id":962,"align":"center","width":506,"height":950} -->
<div class="wp-block-image"><figure class="aligncenter is-resized"><img src="https://catholiques17.fr/saintes/wp-content/uploads/sites/3/2019/10/Marie-Eustelle-Harpain.jpg.jpg" alt="" class="wp-image-962" width="506" height="950" /><figcaption><strong><em>1814 - 1842</em></strong></figcaption></figure></div>
<!-- /wp:image -->

<!-- wp:paragraph {"dropCap":true,"fontSize":"small"} -->
<p class="has-drop-cap has-small-font-size"> <em>Celle que la ville de Saintes appelait </em><strong><em>"l'Ange de l'Eucharistie"</em></strong><em> naquit le </em><strong><em>19 avril 1814</em></strong><em> au faubourg saint Pallais. A dix ans, elle sait lire et écrire; tient de sa mère le goût de la piété, et se montre adroite aux travaux de couture.<br>  En 1826, Marie-Eustelle fait sa première communion, avec cette ferveur qui tend vers la perfection. "Une intelligence lumineuse, une âme tendre, sensible, compatissante, le tout rehaussé par les grâces de son visage, faisait de cette humble fille une nature d'élite", qui connût à l'adolescence un certain relâchement spirituel.<br>   En 1829, une conversion totale lui fait rompre avec les attitudes du monde. Aux railleries et persécutions, elle oppose fermeté et douceur.<br>   En 1836, essai de vie religieuse infructueux et court: Dieu la veut pour Lui mais dans le monde, couturière et lingère. Sa dévotion eucharistique s'affirme. <br>   En 1839, on la charge de l'entretien des linges et ornements de l'église paroissiale; admise à la communion fréquente, puis quotidienne, sa piété devient séraphique.<br>Elle se lie par les vœux religieux, et accorde merveilleusement ses occupations avec une oraison incessante. L'évêque de La Rochelle, Monseigneur Villecourt, contrôle et confirme sa voie d’âme. Par obéissance, elle écrit le récit des grâces reçues, qui restera inachevé.<br>   Les ardeurs eucharistiques ayant usé ses forces, elle s'endort dans le Seigneur </em><strong><em>le 29 juin 1842</em></strong><em>, en la Fête des saints Apôtres Pierre et Paul.<br>   Le Cardinal Villecourt fit recueillir ses écrits.<br>Par les soins de Monseigneur Eyssautier, évêque de La Rochelle et Saintes, sa cause de béatification a été introduite à Rome au début du siècle dernier.<br>   Cette cause, longtemps en sommeil, est reprise aujourd'hui....</em><br><em>Son corps repose dans l'église St Pallais, dans la chapelle du St Sacrement.</em></p>
<!-- /wp:paragraph -->

<!-- wp:paragraph {"backgroundColor":"cyan-bluish-gray"} -->
<p class="has-background has-cyan-bluish-gray-background-color"><strong>Prière à Marie-Eustelle HARPAIN</strong><br>   <em>Humble vierge, dont la courte existence se consuma d'Amour au pied du Tabernacle, Marie-Eustelle, aie compassion des misères de notre temps.<br>    Vois ces églises fermées, ces paroisses sans prêtre, les lieux saints profanés, les âmes perdues !<br>     Toi qui étais tout accueil aux âmes avides d'entretiens spirituels, penche-toi sur les corps malades qui sont destinés à devenir temples de l'Esprit.<br>     Que reprenant vie, une faim provenant de l’âme, les oriente vers Jésus-Hostie, pour sa Gloire et notre béatitude.    AMEN.</em></p>
<!-- /wp:paragraph -->
